[INFO] cloning repository https://github.com/Retamogordo/mockwork-site
[INFO] running `Command { std: "git" "-c" "credential.helper=" "-c" "credential.helper=/workspace/cargo-home/bin/git-credential-null" "clone" "--bare" "https://github.com/Retamogordo/mockwork-site" "/workspace/cache/git-repos/https%3A%2F%2Fgithub.com%2FRetamogordo%2Fmockwork-site", kill_on_drop: false }`
[INFO] [stderr] Cloning into bare repository '/workspace/cache/git-repos/https%3A%2F%2Fgithub.com%2FRetamogordo%2Fmockwork-site'...
[INFO] running `Command { std: "git" "rev-parse" "HEAD", kill_on_drop: false }`
[INFO] [stdout] 7cb4dd9e1181ef74842508c7ee6bb30e0591ee76
[INFO] checking Retamogordo/mockwork-site against beta-2021-10-15 for beta-1.56-3
[INFO] running `Command { std: "git" "clone" "/workspace/cache/git-repos/https%3A%2F%2Fgithub.com%2FRetamogordo%2Fmockwork-site" "/workspace/builds/worker-112/source", kill_on_drop: false }`
[INFO] [stderr] Cloning into '/workspace/builds/worker-112/source'...
[INFO] [stderr] done.
[INFO] validating manifest of git repo https://github.com/Retamogordo/mockwork-site on toolchain beta-2021-10-15
[INFO] running `Command { std: "/workspace/cargo-home/bin/cargo" "+beta-2021-10-15" "metadata" "--manifest-path" "Cargo.toml" "--no-deps", kill_on_drop: false }`
[INFO] started tweaking git repo https://github.com/Retamogordo/mockwork-site
[INFO] finished tweaking git repo https://github.com/Retamogordo/mockwork-site
[INFO] tweaked toml for git repo https://github.com/Retamogordo/mockwork-site written to /workspace/builds/worker-112/source/Cargo.toml
[INFO] crate git repo https://github.com/Retamogordo/mockwork-site already has a lockfile, it will not be regenerated
[INFO] running `Command { std: "/workspace/cargo-home/bin/cargo" "+beta-2021-10-15" "fetch" "--manifest-path" "Cargo.toml", kill_on_drop: false }`
[INFO] [stderr]     Blocking waiting for file lock on package cache
[INFO] [stderr]     Blocking waiting for file lock on package cache
[INFO] running `Command { std: "docker" "create" "-v" "/var/lib/crater-agent-workspace/builds/worker-112/target:/opt/rustwide/target:rw,Z" "-v" "/var/lib/crater-agent-workspace/builds/worker-112/source:/opt/rustwide/workdir:ro,Z" "-v" "/var/lib/crater-agent-workspace/cargo-home:/opt/rustwide/cargo-home:ro,Z" "-v" "/var/lib/crater-agent-workspace/rustup-home:/opt/rustwide/rustup-home:ro,Z" "-e" "SOURCE_DIR=/opt/rustwide/workdir" "-e" "CARGO_TARGET_DIR=/opt/rustwide/target" "-e" "CARGO_HOME=/opt/rustwide/cargo-home" "-e" "RUSTUP_HOME=/opt/rustwide/rustup-home" "-w" "/opt/rustwide/workdir" "-m" "1610612736" "--user" "0:0" "--network" "none" "ghcr.io/rust-lang/crates-build-env/linux@sha256:a89201d6b5b9fd45c15d5952ece0a0129e7e80cb26ec023fd59cf09bc26f1604" "/opt/rustwide/cargo-home/bin/cargo" "+beta-2021-10-15" "metadata" "--no-deps" "--format-version=1", kill_on_drop: false }`
[INFO] [stdout] b841debd03e2fd1f84d7a954100be528d3fdda3dee5d8087527ad016420726fd
[INFO] running `Command { std: "docker" "start" "-a" "b841debd03e2fd1f84d7a954100be528d3fdda3dee5d8087527ad016420726fd", kill_on_drop: false }`
[INFO] running `Command { std: "docker" "inspect" "b841debd03e2fd1f84d7a954100be528d3fdda3dee5d8087527ad016420726fd", kill_on_drop: false }`
[INFO] running `Command { std: "docker" "rm" "-f" "b841debd03e2fd1f84d7a954100be528d3fdda3dee5d8087527ad016420726fd", kill_on_drop: false }`
[INFO] [stdout] b841debd03e2fd1f84d7a954100be528d3fdda3dee5d8087527ad016420726fd
[INFO] running `Command { std: "docker" "create" "-v" "/var/lib/crater-agent-workspace/builds/worker-112/target:/opt/rustwide/target:rw,Z" "-v" "/var/lib/crater-agent-workspace/builds/worker-112/source:/opt/rustwide/workdir:ro,Z" "-v" "/var/lib/crater-agent-workspace/cargo-home:/opt/rustwide/cargo-home:ro,Z" "-v" "/var/lib/crater-agent-workspace/rustup-home:/opt/rustwide/rustup-home:ro,Z" "-e" "SOURCE_DIR=/opt/rustwide/workdir" "-e" "CARGO_TARGET_DIR=/opt/rustwide/target" "-e" "CARGO_INCREMENTAL=0" "-e" "RUST_BACKTRACE=full" "-e" "RUSTFLAGS=--cap-lints=warn" "-e" "CARGO_HOME=/opt/rustwide/cargo-home" "-e" "RUSTUP_HOME=/opt/rustwide/rustup-home" "-w" "/opt/rustwide/workdir" "-m" "1610612736" "--user" "0:0" "--network" "none" "ghcr.io/rust-lang/crates-build-env/linux@sha256:a89201d6b5b9fd45c15d5952ece0a0129e7e80cb26ec023fd59cf09bc26f1604" "/opt/rustwide/cargo-home/bin/cargo" "+beta-2021-10-15" "check" "--frozen" "--all" "--all-targets" "--message-format=json", kill_on_drop: false }`
[INFO] [stdout] 8543f006d74c57d40535c0143389407d5911d0495b35cbc65fd30ce28188b497
[INFO] running `Command { std: "docker" "start" "-a" "8543f006d74c57d40535c0143389407d5911d0495b35cbc65fd30ce28188b497", kill_on_drop: false }`
[INFO] [stderr]     Blocking waiting for file lock on package cache
[INFO] [stderr]    Compiling proc-macro2 v1.0.28
[INFO] [stderr]    Compiling unicode-xid v0.2.2
[INFO] [stderr]    Compiling syn v1.0.73
[INFO] [stderr]    Compiling autocfg v1.0.1
[INFO] [stderr]    Compiling libc v0.2.97
[INFO] [stderr]     Checking cfg-if v1.0.0
[INFO] [stderr]    Compiling futures-core v0.3.15
[INFO] [stderr]    Compiling memchr v2.4.0
[INFO] [stderr]    Compiling version_check v0.9.3
[INFO] [stderr]     Checking pin-project-lite v0.2.7
[INFO] [stderr]     Checking futures-io v0.3.15
[INFO] [stderr]    Compiling log v0.4.14
[INFO] [stderr]     Checking slab v0.4.3
[INFO] [stderr]     Checking cache-padded v1.1.1
[INFO] [stderr]     Checking event-listener v2.5.1
[INFO] [stderr]     Checking parking v2.0.0
[INFO] [stderr]     Checking waker-fn v1.1.0
[INFO] [stderr]     Checking fastrand v1.4.1
[INFO] [stderr]    Compiling proc-macro-hack v0.5.19
[INFO] [stderr]    Compiling proc-macro-nested v0.1.7
[INFO] [stderr]    Compiling futures-channel v0.3.15
[INFO] [stderr]    Compiling futures-task v0.3.15
[INFO] [stderr]     Checking once_cell v1.8.0
[INFO] [stderr]     Checking futures-sink v0.3.15
[INFO] [stderr]     Checking async-task v4.0.3
[INFO] [stderr]    Compiling serde_derive v1.0.126
[INFO] [stderr]     Checking pin-utils v0.1.0
[INFO] [stderr]    Compiling serde v1.0.126
[INFO] [stderr]    Compiling crossbeam-utils v0.8.5
[INFO] [stderr]    Compiling ryu v1.0.5
[INFO] [stderr]     Checking atomic-waker v1.0.0
[INFO] [stderr]     Checking hashbrown v0.11.2
[INFO] [stderr]     Checking unicode-width v0.1.8
[INFO] [stderr]    Compiling unicode-segmentation v1.7.1
[INFO] [stderr]    Compiling serde_json v1.0.64
[INFO] [stderr]     Checking ppv-lite86 v0.2.10
[INFO] [stderr]     Checking fixedbitset v0.2.0
[INFO] [stderr]     Checking itoa v0.4.7
[INFO] [stderr]     Checking futures-timer v3.0.2
[INFO] [stderr]     Checking strum v0.18.0
[INFO] [stderr]     Checking instant v0.1.9
[INFO] [stderr]     Checking async-mutex v1.4.0
[INFO] [stderr]     Checking async-lock v2.4.0
[INFO] [stderr]     Checking concurrent-queue v1.2.2
[INFO] [stderr]     Checking textwrap v0.11.0
[INFO] [stderr]    Compiling heck v0.3.3
[INFO] [stderr]    Compiling num-traits v0.2.14
[INFO] [stderr]    Compiling futures-macro v0.3.15
[INFO] [stderr]    Compiling futures-util v0.3.15
[INFO] [stderr]    Compiling num-integer v0.1.44
[INFO] [stderr]    Compiling indexmap v1.7.0
[INFO] [stderr]    Compiling value-bag v1.0.0-alpha.7
[INFO] [stderr]     Checking async-channel v1.6.1
[INFO] [stderr]     Checking petgraph v0.5.1
[INFO] [stderr]    Compiling quote v1.0.9
[INFO] [stderr]     Checking futures-lite v1.12.0
[INFO] [stderr]     Checking atty v0.2.14
[INFO] [stderr]     Checking socket2 v0.4.0
[INFO] [stderr]     Checking getrandom v0.2.3
[INFO] [stderr]     Checking num_cpus v1.13.0
[INFO] [stderr]     Checking time v0.1.43
[INFO] [stderr]     Checking colored v1.9.3
[INFO] [stderr]     Checking clap v2.33.3
[INFO] [stderr]     Checking colored v2.0.0
[INFO] [stderr]     Checking rand_core v0.6.3
[INFO] [stderr]     Checking chrono v0.4.19
[INFO] [stderr]     Checking rand_chacha v0.3.1
[INFO] [stderr]     Checking blocking v1.0.2
[INFO] [stderr]     Checking async-executor v1.4.1
[INFO] [stderr]     Checking rand v0.8.4
[INFO] [stderr]    Compiling ctor v0.1.20
[INFO] [stderr]    Compiling async-attributes v1.1.2
[INFO] [stderr]    Compiling strum_macros v0.18.0
[INFO] [stderr]     Checking polling v2.1.0
[INFO] [stderr]     Checking kv-log-macro v1.0.7
[INFO] [stderr]     Checking simple_logger v1.11.0
[INFO] [stderr]     Checking async-io v1.6.0
[INFO] [stderr]     Checking async-global-executor v2.0.2
[INFO] [stderr]     Checking async-std v1.9.0
[INFO] [stderr]     Checking futures-executor v0.3.15
[INFO] [stderr]     Checking futures v0.3.15
[INFO] [stderr]     Checking mockwork v0.1.0 (/opt/rustwide/workdir/crate-wasm)
[INFO] [stdout] error[E0425]: cannot find function `output_box` in this scope
[INFO] [stdout]    --> crate-wasm/src/lib.rs:243:9
[INFO] [stdout]     |
[INFO] [stdout] 243 |         output_box("Mockwork creation failure\n");
[INFO] [stdout]     |         ^^^^^^^^^^ not found in this scope
[INFO] [stdout]     |
[INFO] [stdout] help: consider importing this function
[INFO] [stdout]     |
[INFO] [stdout] 106 | use crate::rebounce_test::output_box;
[INFO] [stdout]     |
[INFO] [stdout] 
[INFO] [stdout] 
[INFO] [stdout] error[E0425]: cannot find function `output_box` in this scope
[INFO] [stdout]    --> crate-wasm/src/lib.rs:407:9
[INFO] [stdout]     |
[INFO] [stdout] 407 |         output_box(&format!("network suspending...") );
[INFO] [stdout]     |         ^^^^^^^^^^ not found in this scope
[INFO] [stdout]     |
[INFO] [stdout] help: consider importing this function
[INFO] [stdout]     |
[INFO] [stdout] 106 | use crate::rebounce_test::output_box;
[INFO] [stdout]     |
[INFO] [stdout] 
[INFO] [stdout] 
[INFO] [stdout] error[E0425]: cannot find function `output_box` in this scope
[INFO] [stdout]    --> crate-wasm/src/lib.rs:410:9
[INFO] [stdout]     |
[INFO] [stdout] 410 |         output_box(&format!("done\n") );
[INFO] [stdout]     |         ^^^^^^^^^^ not found in this scope
[INFO] [stdout]     |
[INFO] [stdout] help: consider importing this function
[INFO] [stdout]     |
[INFO] [stdout] 106 | use crate::rebounce_test::output_box;
[INFO] [stdout]     |
[INFO] [stdout] 
[INFO] [stdout] 
[INFO] [stdout] error[E0425]: cannot find function `output_box` in this scope
[INFO] [stdout]    --> crate-wasm/src/lib.rs:414:9
[INFO] [stdout]     |
[INFO] [stdout] 414 |         output_box(&format!("resuming transmits...") );
[INFO] [stdout]     |         ^^^^^^^^^^ not found in this scope
[INFO] [stdout]     |
[INFO] [stdout] help: consider importing this function
[INFO] [stdout]     |
[INFO] [stdout] 106 | use crate::rebounce_test::output_box;
[INFO] [stdout]     |
[INFO] [stdout] 
[INFO] [stdout] 
[INFO] [stdout] error[E0425]: cannot find function `output_box` in this scope
[INFO] [stdout]    --> crate-wasm/src/lib.rs:416:9
[INFO] [stdout]     |
[INFO] [stdout] 416 |         output_box(&format!("done\n") );
[INFO] [stdout]     |         ^^^^^^^^^^ not found in this scope
[INFO] [stdout]     |
[INFO] [stdout] help: consider importing this function
[INFO] [stdout]     |
[INFO] [stdout] 106 | use crate::rebounce_test::output_box;
[INFO] [stdout]     |
[INFO] [stdout] 
[INFO] [stdout] 
[INFO] [stdout] error[E0425]: cannot find function `output_box` in this scope
[INFO] [stdout]    --> crate-wasm/src/lib.rs:512:13
[INFO] [stdout]     |
[INFO] [stdout] 512 |             output_box(&format!("peer ({}, {}) established\n", src, dest));
[INFO] [stdout]     |             ^^^^^^^^^^ not found in this scope
[INFO] [stdout]     |
[INFO] [stdout] help: consider importing this function
[INFO] [stdout]     |
[INFO] [stdout] 106 | use crate::rebounce_test::output_box;
[INFO] [stdout]     |
[INFO] [stdout] 
[INFO] [stdout] 
[INFO] [stdout] error[E0425]: cannot find function `output_box` in this scope
[INFO] [stdout]    --> crate-wasm/src/lib.rs:243:9
[INFO] [stdout]     |
[INFO] [stdout] 243 |         output_box("Mockwork creation failure\n");
[INFO] [stdout]     |         ^^^^^^^^^^ not found in this scope
[INFO] [stdout]     |
[INFO] [stdout] help: consider importing this function
[INFO] [stdout]     |
[INFO] [stdout] 106 | use crate::rebounce_test::output_box;
[INFO] [stdout]     |
[INFO] [stdout] 
[INFO] [stdout] 
[INFO] [stdout] error[E0425]: cannot find function `output_box` in this scope
[INFO] [stdout]    --> crate-wasm/src/lib.rs:407:9
[INFO] [stdout]     |
[INFO] [stdout] 407 |         output_box(&format!("network suspending...") );
[INFO] [stdout]     |         ^^^^^^^^^^ not found in this scope
[INFO] [stdout]     |
[INFO] [stdout] help: consider importing this function
[INFO] [stdout]     |
[INFO] [stdout] 106 | use crate::rebounce_test::output_box;
[INFO] [stdout]     |
[INFO] [stdout] 
[INFO] [stdout] 
[INFO] [stdout] error[E0425]: cannot find function `output_box` in this scope
[INFO] [stdout]    --> crate-wasm/src/lib.rs:410:9
[INFO] [stdout]     |
[INFO] [stdout] 410 |         output_box(&format!("done\n") );
[INFO] [stdout]     |         ^^^^^^^^^^ not found in this scope
[INFO] [stdout]     |
[INFO] [stdout] help: consider importing this function
[INFO] [stdout]     |
[INFO] [stdout] 106 | use crate::rebounce_test::output_box;
[INFO] [stdout]     |
[INFO] [stdout] 
[INFO] [stdout] 
[INFO] [stdout] error[E0425]: cannot find function `output_box` in this scope
[INFO] [stdout]    --> crate-wasm/src/lib.rs:414:9
[INFO] [stdout]     |
[INFO] [stdout] 414 |         output_box(&format!("resuming transmits...") );
[INFO] [stdout]     |         ^^^^^^^^^^ not found in this scope
[INFO] [stdout]     |
[INFO] [stdout] help: consider importing this function
[INFO] [stdout]     |
[INFO] [stdout] 106 | use crate::rebounce_test::output_box;
[INFO] [stdout]     |
[INFO] [stdout] 
[INFO] [stdout] 
[INFO] [stdout] error[E0425]: cannot find function `output_box` in this scope
[INFO] [stdout]    --> crate-wasm/src/lib.rs:416:9
[INFO] [stdout]     |
[INFO] [stdout] 416 |         output_box(&format!("done\n") );
[INFO] [stdout]     |         ^^^^^^^^^^ not found in this scope
[INFO] [stdout]     |
[INFO] [stdout] help: consider importing this function
[INFO] [stdout]     |
[INFO] [stdout] 106 | use crate::rebounce_test::output_box;
[INFO] [stdout]     |
[INFO] [stdout] 
[INFO] [stdout] 
[INFO] [stdout] error[E0425]: cannot find function `output_box` in this scope
[INFO] [stdout]    --> crate-wasm/src/lib.rs:512:13
[INFO] [stdout]     |
[INFO] [stdout] 512 |             output_box(&format!("peer ({}, {}) established\n", src, dest));
[INFO] [stdout]     |             ^^^^^^^^^^ not found in this scope
[INFO] [stdout]     |
[INFO] [stdout] help: consider importing this function
[INFO] [stdout]     |
[INFO] [stdout] 106 | use crate::rebounce_test::output_box;
[INFO] [stdout]     |
[INFO] [stdout] 
[INFO] [stdout] 
[INFO] [stdout] warning: unused import: `block_on`
[INFO] [stdout]  --> crate-wasm/src/rebounce_test.rs:5:24
[INFO] [stdout]   |
[INFO] [stdout] 5 | use async_std::task:: {block_on};
[INFO] [stdout]   |                        ^^^^^^^^
[INFO] [stdout]   |
[INFO] [stdout]   = note: `#[warn(unused_imports)]` on by default
[INFO] [stdout] 
[INFO] [stdout] 
[INFO] [stdout] warning: unused import: `colored::*`
[INFO] [stdout]  --> crate-wasm/src/rebounce_test.rs:7:5
[INFO] [stdout]   |
[INFO] [stdout] 7 | use colored::*;
[INFO] [stdout]   |     ^^^^^^^^^^
[INFO] [stdout] 
[INFO] [stdout] 
[INFO] [stdout] warning: unused import: `block_on`
[INFO] [stdout]    --> crate-wasm/src/lib.rs:122:24
[INFO] [stdout]     |
[INFO] [stdout] 122 | use async_std::task:: {block_on};
[INFO] [stdout]     |                        ^^^^^^^^
[INFO] [stdout] 
[INFO] [stdout] 
[INFO] [stdout] warning: unused import: `colored::*`
[INFO] [stdout]    --> crate-wasm/src/lib.rs:124:5
[INFO] [stdout]     |
[INFO] [stdout] 124 | use colored::*;
[INFO] [stdout]     |     ^^^^^^^^^^
[INFO] [stdout] 
[INFO] [stdout] 
[INFO] [stdout] warning: unused import: `block_on`
[INFO] [stdout]  --> crate-wasm/src/rebounce_test.rs:5:24
[INFO] [stdout]   |
[INFO] [stdout] 5 | use async_std::task:: {block_on};
[INFO] [stdout]   |                        ^^^^^^^^
[INFO] [stdout]   |
[INFO] [stdout]   = note: `#[warn(unused_imports)]` on by default
[INFO] [stdout] 
[INFO] [stdout] 
[INFO] [stdout] warning: unused import: `colored::*`
[INFO] [stdout]  --> crate-wasm/src/rebounce_test.rs:7:5
[INFO] [stdout]   |
[INFO] [stdout] 7 | use colored::*;
[INFO] [stdout]   |     ^^^^^^^^^^
[INFO] [stdout] 
[INFO] [stdout] 
[INFO] [stdout] warning: unused import: `block_on`
[INFO] [stdout]    --> crate-wasm/src/lib.rs:122:24
[INFO] [stdout]     |
[INFO] [stdout] 122 | use async_std::task:: {block_on};
[INFO] [stdout]     |                        ^^^^^^^^
[INFO] [stdout] 
[INFO] [stdout] 
[INFO] [stdout] warning: unused import: `colored::*`
[INFO] [stdout]    --> crate-wasm/src/lib.rs:124:5
[INFO] [stdout]     |
[INFO] [stdout] 124 | use colored::*;
[INFO] [stdout]     |     ^^^^^^^^^^
[INFO] [stdout] 
[INFO] [stdout] 
[INFO] [stdout] error: future cannot be sent between threads safely
[INFO] [stdout]    --> crate-wasm/src/target_dependant.rs:109:9
[INFO] [stdout]     |
[INFO] [stdout] 109 |         self::spawn(
[INFO] [stdout]     |         ^^^^^^^^^^^ future created by async block is not `Send`
[INFO] [stdout]     |
[INFO] [stdout] note: captured value is not `Send`
[INFO] [stdout]    --> crate-wasm/src/target_dependant.rs:112:29
[INFO] [stdout]     |
[INFO] [stdout] 112 |             cancellable_run(f, cancel_signal).await;
[INFO] [stdout]     |                             ^ has type `F` which is not `Send`
[INFO] [stdout] note: required by a bound in `target_dependant::spawn`
[INFO] [stdout]    --> crate-wasm/src/target_dependant.rs:33:48
[INFO] [stdout]     |
[INFO] [stdout] 31  | pub fn spawn<F, T>(f: F) -> TargetDependantJoinHandle<T>
[INFO] [stdout]     |        ----- required by a bound in this
[INFO] [stdout] 32  | where
[INFO] [stdout] 33  |     F: async_std::future::Future<Output = T> + Send + 'static,
[INFO] [stdout]     |                                                ^^^^ required by this bound in `target_dependant::spawn`
[INFO] [stdout] help: consider further restricting this bound
[INFO] [stdout]     |
[INFO] [stdout] 104 |     F: async_std::future::Future<Output = ()> + 'static + std::marker::Send {
[INFO] [stdout]     |                                                         +++++++++++++++++++
[INFO] [stdout] 
[INFO] [stdout] 
[INFO] [stdout] error: future cannot be sent between threads safely
[INFO] [stdout]    --> crate-wasm/src/target_dependant.rs:109:9
[INFO] [stdout]     |
[INFO] [stdout] 109 |         self::spawn(
[INFO] [stdout]     |         ^^^^^^^^^^^ future created by async block is not `Send`
[INFO] [stdout]     |
[INFO] [stdout] note: captured value is not `Send`
[INFO] [stdout]    --> crate-wasm/src/target_dependant.rs:115:13
[INFO] [stdout]     |
[INFO] [stdout] 115 |             on_done();
[INFO] [stdout]     |             ^^^^^^^ has type `impl FnOnce() + 'static` which is not `Send`
[INFO] [stdout] note: required by a bound in `target_dependant::spawn`
[INFO] [stdout]    --> crate-wasm/src/target_dependant.rs:33:48
[INFO] [stdout]     |
[INFO] [stdout] 31  | pub fn spawn<F, T>(f: F) -> TargetDependantJoinHandle<T>
[INFO] [stdout]     |        ----- required by a bound in this
[INFO] [stdout] 32  | where
[INFO] [stdout] 33  |     F: async_std::future::Future<Output = T> + Send + 'static,
[INFO] [stdout]     |                                                ^^^^ required by this bound in `target_dependant::spawn`
[INFO] [stdout] help: consider further restricting this bound
[INFO] [stdout]     |
[INFO] [stdout] 102 | pub fn spawn_cancellable<F>(f: F, on_done: impl FnOnce() + 'static + std::marker::Send) -> CancellableRun
[INFO] [stdout]     |                                                                    +++++++++++++++++++
[INFO] [stdout] 
[INFO] [stdout] 
[INFO] [stdout] error: future cannot be sent between threads safely
[INFO] [stdout]    --> crate-wasm/src/target_dependant.rs:109:9
[INFO] [stdout]     |
[INFO] [stdout] 109 |         self::spawn(
[INFO] [stdout]     |         ^^^^^^^^^^^ future created by async block is not `Send`
[INFO] [stdout]     |
[INFO] [stdout] note: captured value is not `Send`
[INFO] [stdout]    --> crate-wasm/src/target_dependant.rs:112:29
[INFO] [stdout]     |
[INFO] [stdout] 112 |             cancellable_run(f, cancel_signal).await;
[INFO] [stdout]     |                             ^ has type `F` which is not `Send`
[INFO] [stdout] note: required by a bound in `target_dependant::spawn`
[INFO] [stdout]    --> crate-wasm/src/target_dependant.rs:33:48
[INFO] [stdout]     |
[INFO] [stdout] 31  | pub fn spawn<F, T>(f: F) -> TargetDependantJoinHandle<T>
[INFO] [stdout]     |        ----- required by a bound in this
[INFO] [stdout] 32  | where
[INFO] [stdout] 33  |     F: async_std::future::Future<Output = T> + Send + 'static,
[INFO] [stdout]     |                                                ^^^^ required by this bound in `target_dependant::spawn`
[INFO] [stdout] help: consider further restricting this bound
[INFO] [stdout]     |
[INFO] [stdout] 104 |     F: async_std::future::Future<Output = ()> + 'static + std::marker::Send {
[INFO] [stdout]     |                                                         +++++++++++++++++++
[INFO] [stdout] 
[INFO] [stdout] 
[INFO] [stdout] error: future cannot be sent between threads safely
[INFO] [stdout]    --> crate-wasm/src/target_dependant.rs:109:9
[INFO] [stdout]     |
[INFO] [stdout] 109 |         self::spawn(
[INFO] [stdout]     |         ^^^^^^^^^^^ future created by async block is not `Send`
[INFO] [stdout]     |
[INFO] [stdout] note: captured value is not `Send`
[INFO] [stdout]    --> crate-wasm/src/target_dependant.rs:115:13
[INFO] [stdout]     |
[INFO] [stdout] 115 |             on_done();
[INFO] [stdout]     |             ^^^^^^^ has type `impl FnOnce() + 'static` which is not `Send`
[INFO] [stdout] note: required by a bound in `target_dependant::spawn`
[INFO] [stdout]    --> crate-wasm/src/target_dependant.rs:33:48
[INFO] [stdout]     |
[INFO] [stdout] 31  | pub fn spawn<F, T>(f: F) -> TargetDependantJoinHandle<T>
[INFO] [stdout]     |        ----- required by a bound in this
[INFO] [stdout] 32  | where
[INFO] [stdout] 33  |     F: async_std::future::Future<Output = T> + Send + 'static,
[INFO] [stdout]     |                                                ^^^^ required by this bound in `target_dependant::spawn`
[INFO] [stdout] help: consider further restricting this bound
[INFO] [stdout]     |
[INFO] [stdout] 102 | pub fn spawn_cancellable<F>(f: F, on_done: impl FnOnce() + 'static + std::marker::Send) -> CancellableRun
[INFO] [stdout]     |                                                                    +++++++++++++++++++
[INFO] [stdout] 
[INFO] [stdout] 
[INFO] [stdout] error[E0599]: no method named `current_transmit_info` found for reference `&MockWork` in the current scope
[INFO] [stdout]    --> crate-wasm/src/lib.rs:588:53
[INFO] [stdout]     |
[INFO] [stdout] 588 |             state_locked.current_transmit_info = mw.current_transmit_info();
[INFO] [stdout]     |                                                     ^^^^^^^^^^^^^^^^^^^^^ method not found in `&MockWork`
[INFO] [stdout] 
[INFO] [stdout] 
[INFO] [stdout] error[E0599]: no method named `current_transmit_info` found for reference `&MockWork` in the current scope
[INFO] [stdout]    --> crate-wasm/src/lib.rs:588:53
[INFO] [stdout]     |
[INFO] [stdout] 588 |             state_locked.current_transmit_info = mw.current_transmit_info();
[INFO] [stdout]     |                                                     ^^^^^^^^^^^^^^^^^^^^^ method not found in `&MockWork`
[INFO] [stdout] 
[INFO] [stdout] 
[INFO] [stdout] error: aborting due to 9 previous errors; 4 warnings emitted
[INFO] [stdout] 
[INFO] [stdout] 
[INFO] [stdout] Some errors have detailed explanations: E0425, E0599.
[INFO] [stdout] 
[INFO] [stdout] For more information about an error, try `rustc --explain E0425`.
[INFO] [stdout] 
[INFO] [stdout] error: aborting due to 9 previous errors; 4 warnings emitted
[INFO] [stdout] 
[INFO] [stdout] 
[INFO] [stderr] error: could not compile `mockwork` due to 10 previous errors; 4 warnings emitted
[INFO] [stdout] Some errors have detailed explanations: E0425, E0599.
[INFO] [stdout] 
[INFO] [stderr] warning: build failed, waiting for other jobs to finish...
[INFO] [stdout] For more information about an error, try `rustc --explain E0425`.
[INFO] [stdout] 
[INFO] [stderr] error: build failed
[INFO] running `Command { std: "docker" "inspect" "8543f006d74c57d40535c0143389407d5911d0495b35cbc65fd30ce28188b497", kill_on_drop: false }`
[INFO] running `Command { std: "docker" "rm" "-f" "8543f006d74c57d40535c0143389407d5911d0495b35cbc65fd30ce28188b497", kill_on_drop: false }`
[INFO] [stdout] 8543f006d74c57d40535c0143389407d5911d0495b35cbc65fd30ce28188b497
