[INFO] cloning repository https://github.com/Resilient08/api
[INFO] running `Command { std: "git" "-c" "credential.helper=" "-c" "credential.helper=/workspace/cargo-home/bin/git-credential-null" "clone" "--bare" "https://github.com/Resilient08/api" "/workspace/cache/git-repos/https%3A%2F%2Fgithub.com%2FResilient08%2Fapi", kill_on_drop: false }`
[INFO] [stderr] Cloning into bare repository '/workspace/cache/git-repos/https%3A%2F%2Fgithub.com%2FResilient08%2Fapi'...
[INFO] running `Command { std: "git" "rev-parse" "HEAD", kill_on_drop: false }`
[INFO] [stdout] 7338aa7fe5fef14577070ed64c07ffad6befdca0
[INFO] checking Resilient08/api against 1.55.0 for beta-1.56-3
[INFO] running `Command { std: "git" "clone" "/workspace/cache/git-repos/https%3A%2F%2Fgithub.com%2FResilient08%2Fapi" "/workspace/builds/worker-48/source", kill_on_drop: false }`
[INFO] [stderr] Cloning into '/workspace/builds/worker-48/source'...
[INFO] [stderr] done.
[INFO] validating manifest of git repo https://github.com/Resilient08/api on toolchain 1.55.0
[INFO] running `Command { std: "/workspace/cargo-home/bin/cargo" "+1.55.0" "metadata" "--manifest-path" "Cargo.toml" "--no-deps", kill_on_drop: false }`
[INFO] started tweaking git repo https://github.com/Resilient08/api
[INFO] finished tweaking git repo https://github.com/Resilient08/api
[INFO] tweaked toml for git repo https://github.com/Resilient08/api written to /workspace/builds/worker-48/source/Cargo.toml
[INFO] crate git repo https://github.com/Resilient08/api already has a lockfile, it will not be regenerated
[INFO] running `Command { std: "/workspace/cargo-home/bin/cargo" "+1.55.0" "fetch" "--manifest-path" "Cargo.toml", kill_on_drop: false }`
[INFO] [stderr]     Blocking waiting for file lock on package cache
[INFO] [stderr]     Blocking waiting for file lock on package cache
[INFO] running `Command { std: "docker" "create" "-v" "/var/lib/crater-agent-workspace/builds/worker-48/target:/opt/rustwide/target:rw,Z" "-v" "/var/lib/crater-agent-workspace/builds/worker-48/source:/opt/rustwide/workdir:ro,Z" "-v" "/var/lib/crater-agent-workspace/cargo-home:/opt/rustwide/cargo-home:ro,Z" "-v" "/var/lib/crater-agent-workspace/rustup-home:/opt/rustwide/rustup-home:ro,Z" "-e" "SOURCE_DIR=/opt/rustwide/workdir" "-e" "CARGO_TARGET_DIR=/opt/rustwide/target" "-e" "CARGO_HOME=/opt/rustwide/cargo-home" "-e" "RUSTUP_HOME=/opt/rustwide/rustup-home" "-w" "/opt/rustwide/workdir" "-m" "1610612736" "--user" "0:0" "--network" "none" "ghcr.io/rust-lang/crates-build-env/linux@sha256:a89201d6b5b9fd45c15d5952ece0a0129e7e80cb26ec023fd59cf09bc26f1604" "/opt/rustwide/cargo-home/bin/cargo" "+1.55.0" "metadata" "--no-deps" "--format-version=1", kill_on_drop: false }`
[INFO] [stdout] ae9736cb17535fb79d4f929391c1411e485429c1e3ec0e224988d44791392efc
[INFO] running `Command { std: "docker" "start" "-a" "ae9736cb17535fb79d4f929391c1411e485429c1e3ec0e224988d44791392efc", kill_on_drop: false }`
[INFO] running `Command { std: "docker" "inspect" "ae9736cb17535fb79d4f929391c1411e485429c1e3ec0e224988d44791392efc", kill_on_drop: false }`
[INFO] running `Command { std: "docker" "rm" "-f" "ae9736cb17535fb79d4f929391c1411e485429c1e3ec0e224988d44791392efc", kill_on_drop: false }`
[INFO] [stdout] ae9736cb17535fb79d4f929391c1411e485429c1e3ec0e224988d44791392efc
[INFO] running `Command { std: "docker" "create" "-v" "/var/lib/crater-agent-workspace/builds/worker-48/target:/opt/rustwide/target:rw,Z" "-v" "/var/lib/crater-agent-workspace/builds/worker-48/source:/opt/rustwide/workdir:ro,Z" "-v" "/var/lib/crater-agent-workspace/cargo-home:/opt/rustwide/cargo-home:ro,Z" "-v" "/var/lib/crater-agent-workspace/rustup-home:/opt/rustwide/rustup-home:ro,Z" "-e" "SOURCE_DIR=/opt/rustwide/workdir" "-e" "CARGO_TARGET_DIR=/opt/rustwide/target" "-e" "CARGO_INCREMENTAL=0" "-e" "RUST_BACKTRACE=full" "-e" "RUSTFLAGS=--cap-lints=warn" "-e" "CARGO_HOME=/opt/rustwide/cargo-home" "-e" "RUSTUP_HOME=/opt/rustwide/rustup-home" "-w" "/opt/rustwide/workdir" "-m" "1610612736" "--user" "0:0" "--network" "none" "ghcr.io/rust-lang/crates-build-env/linux@sha256:a89201d6b5b9fd45c15d5952ece0a0129e7e80cb26ec023fd59cf09bc26f1604" "/opt/rustwide/cargo-home/bin/cargo" "+1.55.0" "check" "--frozen" "--all" "--all-targets" "--message-format=json", kill_on_drop: false }`
[INFO] [stdout] 852fe33c7e5d1bd8b8dd7757dc46bf6211f808196d4116c7d426ff743e5b5cb2
[INFO] running `Command { std: "docker" "start" "-a" "852fe33c7e5d1bd8b8dd7757dc46bf6211f808196d4116c7d426ff743e5b5cb2", kill_on_drop: false }`
[INFO] [stderr]     Blocking waiting for file lock on package cache
[INFO] [stderr]    Compiling proc-macro2 v1.0.24
[INFO] [stderr]    Compiling unicode-xid v0.2.1
[INFO] [stderr]    Compiling syn v1.0.64
[INFO] [stderr]    Compiling pq-sys v0.4.6
[INFO] [stderr]     Checking byteorder v1.4.3
[INFO] [stderr]     Checking dotenv v0.15.0
[INFO] [stderr]    Compiling quote v1.0.9
[INFO] [stderr]    Compiling diesel_derives v1.4.1
[INFO] [stderr]     Checking diesel v1.4.6
[INFO] [stderr]     Checking api v0.1.0 (/opt/rustwide/workdir)
[INFO] [stdout] error[E0583]: file not found for module `models`
[INFO] [stdout]   --> src/main.rs:12:1
[INFO] [stdout]    |
[INFO] [stdout] 12 | mod models;
[INFO] [stdout]    | ^^^^^^^^^^^
[INFO] [stdout]    |
[INFO] [stdout]    = help: to create the module `models`, create file "src/models.rs" or "src/models/mod.rs"
[INFO] [stdout] 
[INFO] [stdout] 
[INFO] [stdout] error[E0583]: file not found for module `models`
[INFO] [stdout]   --> src/main.rs:12:1
[INFO] [stdout]    |
[INFO] [stdout] 12 | mod models;
[INFO] [stdout]    | ^^^^^^^^^^^
[INFO] [stdout]    |
[INFO] [stdout]    = help: to create the module `models`, create file "src/models.rs" or "src/models/mod.rs"
[INFO] [stdout] 
[INFO] [stdout] 
[INFO] [stdout] error[E0433]: failed to resolve: could not find `Book` in `models`
[INFO] [stdout]   --> src/main.rs:26:16
[INFO] [stdout]    |
[INFO] [stdout] 26 |     if models::Book::insert(book, &conn) {
[INFO] [stdout]    |                ^^^^ could not find `Book` in `models`
[INFO] [stdout] 
[INFO] [stdout] 
[INFO] [stdout] error[E0422]: cannot find struct, variant or union type `NewBook` in module `models`
[INFO] [stdout]   --> src/main.rs:20:24
[INFO] [stdout]    |
[INFO] [stdout] 20 |     let book = models::NewBook {
[INFO] [stdout]    |                        ^^^^^^^ not found in `models`
[INFO] [stdout] 
[INFO] [stdout] 
[INFO] [stdout] error[E0433]: failed to resolve: could not find `Book` in `models`
[INFO] [stdout]   --> src/main.rs:26:16
[INFO] [stdout]    |
[INFO] [stdout] 26 |     if models::Book::insert(book, &conn) {
[INFO] [stdout]    |                ^^^^ could not find `Book` in `models`
[INFO] [stdout] 
[INFO] [stdout] 
[INFO] [stdout] error[E0422]: cannot find struct, variant or union type `NewBook` in module `models`
[INFO] [stdout]   --> src/main.rs:20:24
[INFO] [stdout]    |
[INFO] [stdout] 20 |     let book = models::NewBook {
[INFO] [stdout]    |                        ^^^^^^^ not found in `models`
[INFO] [stdout] 
[INFO] [stdout] 
[INFO] [stdout] error: aborting due to 3 previous errors
[INFO] [stdout] 
[INFO] [stdout] 
[INFO] [stderr] error: could not compile `api` due to 4 previous errors
[INFO] [stdout] Some errors have detailed explanations: E0422, E0433, E0583.
[INFO] [stdout] 
[INFO] [stderr] warning: build failed, waiting for other jobs to finish...
[INFO] [stdout] For more information about an error, try `rustc --explain E0422`.
[INFO] [stdout] 
[INFO] [stdout] error: aborting due to 3 previous errors
[INFO] [stdout] 
[INFO] [stdout] 
[INFO] [stdout] Some errors have detailed explanations: E0422, E0433, E0583.
[INFO] [stdout] 
[INFO] [stdout] For more information about an error, try `rustc --explain E0422`.
[INFO] [stdout] 
[INFO] [stderr] error: build failed
[INFO] running `Command { std: "docker" "inspect" "852fe33c7e5d1bd8b8dd7757dc46bf6211f808196d4116c7d426ff743e5b5cb2", kill_on_drop: false }`
[INFO] running `Command { std: "docker" "rm" "-f" "852fe33c7e5d1bd8b8dd7757dc46bf6211f808196d4116c7d426ff743e5b5cb2", kill_on_drop: false }`
[INFO] [stdout] 852fe33c7e5d1bd8b8dd7757dc46bf6211f808196d4116c7d426ff743e5b5cb2
