[INFO] cloning repository https://github.com/Putnam3145/auxmos
[INFO] running `Command { std: "git" "-c" "credential.helper=" "-c" "credential.helper=/workspace/cargo-home/bin/git-credential-null" "clone" "--bare" "https://github.com/Putnam3145/auxmos" "/workspace/cache/git-repos/https%3A%2F%2Fgithub.com%2FPutnam3145%2Fauxmos", kill_on_drop: false }`
[INFO] [stderr] Cloning into bare repository '/workspace/cache/git-repos/https%3A%2F%2Fgithub.com%2FPutnam3145%2Fauxmos'...
[INFO] running `Command { std: "git" "rev-parse" "HEAD", kill_on_drop: false }`
[INFO] [stdout] a6aa6621eed07effdf225636b1d6725a0594cf28
[INFO] checking Putnam3145/auxmos against 1.55.0 for beta-1.56-3
[INFO] running `Command { std: "git" "clone" "/workspace/cache/git-repos/https%3A%2F%2Fgithub.com%2FPutnam3145%2Fauxmos" "/workspace/builds/worker-6/source", kill_on_drop: false }`
[INFO] [stderr] Cloning into '/workspace/builds/worker-6/source'...
[INFO] [stderr] done.
[INFO] validating manifest of git repo https://github.com/Putnam3145/auxmos on toolchain 1.55.0
[INFO] running `Command { std: "/workspace/cargo-home/bin/cargo" "+1.55.0" "metadata" "--manifest-path" "Cargo.toml" "--no-deps", kill_on_drop: false }`
[INFO] started tweaking git repo https://github.com/Putnam3145/auxmos
[INFO] finished tweaking git repo https://github.com/Putnam3145/auxmos
[INFO] tweaked toml for git repo https://github.com/Putnam3145/auxmos written to /workspace/builds/worker-6/source/Cargo.toml
[INFO] crate git repo https://github.com/Putnam3145/auxmos already has a lockfile, it will not be regenerated
[INFO] running `Command { std: "/workspace/cargo-home/bin/cargo" "+1.55.0" "fetch" "--manifest-path" "Cargo.toml", kill_on_drop: false }`
[INFO] running `Command { std: "docker" "create" "-v" "/var/lib/crater-agent-workspace/builds/worker-6/target:/opt/rustwide/target:rw,Z" "-v" "/var/lib/crater-agent-workspace/builds/worker-6/source:/opt/rustwide/workdir:ro,Z" "-v" "/var/lib/crater-agent-workspace/cargo-home:/opt/rustwide/cargo-home:ro,Z" "-v" "/var/lib/crater-agent-workspace/rustup-home:/opt/rustwide/rustup-home:ro,Z" "-e" "SOURCE_DIR=/opt/rustwide/workdir" "-e" "CARGO_TARGET_DIR=/opt/rustwide/target" "-e" "CARGO_HOME=/opt/rustwide/cargo-home" "-e" "RUSTUP_HOME=/opt/rustwide/rustup-home" "-w" "/opt/rustwide/workdir" "-m" "1610612736" "--user" "0:0" "--network" "none" "ghcr.io/rust-lang/crates-build-env/linux@sha256:a89201d6b5b9fd45c15d5952ece0a0129e7e80cb26ec023fd59cf09bc26f1604" "/opt/rustwide/cargo-home/bin/cargo" "+1.55.0" "metadata" "--no-deps" "--format-version=1", kill_on_drop: false }`
[INFO] [stderr] WARNING: Your kernel does not support swap limit capabilities or the cgroup is not mounted. Memory limited without swap.
[INFO] [stdout] 93c7288545392ddac1f67f7d7f30094c7266a8142e9310d09ad693dffb42b5bd
[INFO] running `Command { std: "docker" "start" "-a" "93c7288545392ddac1f67f7d7f30094c7266a8142e9310d09ad693dffb42b5bd", kill_on_drop: false }`
[INFO] running `Command { std: "docker" "inspect" "93c7288545392ddac1f67f7d7f30094c7266a8142e9310d09ad693dffb42b5bd", kill_on_drop: false }`
[INFO] running `Command { std: "docker" "rm" "-f" "93c7288545392ddac1f67f7d7f30094c7266a8142e9310d09ad693dffb42b5bd", kill_on_drop: false }`
[INFO] [stdout] 93c7288545392ddac1f67f7d7f30094c7266a8142e9310d09ad693dffb42b5bd
[INFO] running `Command { std: "docker" "create" "-v" "/var/lib/crater-agent-workspace/builds/worker-6/target:/opt/rustwide/target:rw,Z" "-v" "/var/lib/crater-agent-workspace/builds/worker-6/source:/opt/rustwide/workdir:ro,Z" "-v" "/var/lib/crater-agent-workspace/cargo-home:/opt/rustwide/cargo-home:ro,Z" "-v" "/var/lib/crater-agent-workspace/rustup-home:/opt/rustwide/rustup-home:ro,Z" "-e" "SOURCE_DIR=/opt/rustwide/workdir" "-e" "CARGO_TARGET_DIR=/opt/rustwide/target" "-e" "CARGO_INCREMENTAL=0" "-e" "RUST_BACKTRACE=full" "-e" "RUSTFLAGS=--cap-lints=warn" "-e" "CARGO_HOME=/opt/rustwide/cargo-home" "-e" "RUSTUP_HOME=/opt/rustwide/rustup-home" "-w" "/opt/rustwide/workdir" "-m" "1610612736" "--user" "0:0" "--network" "none" "ghcr.io/rust-lang/crates-build-env/linux@sha256:a89201d6b5b9fd45c15d5952ece0a0129e7e80cb26ec023fd59cf09bc26f1604" "/opt/rustwide/cargo-home/bin/cargo" "+1.55.0" "check" "--frozen" "--all" "--all-targets" "--message-format=json", kill_on_drop: false }`
[INFO] [stdout] 9c706850bd342588a40fba65428c351fe60b57dafe3eb18ac47b7daabf44d336
[INFO] [stderr] WARNING: Your kernel does not support swap limit capabilities or the cgroup is not mounted. Memory limited without swap.
[INFO] running `Command { std: "docker" "start" "-a" "9c706850bd342588a40fba65428c351fe60b57dafe3eb18ac47b7daabf44d336", kill_on_drop: false }`
[INFO] [stderr]    Compiling syn v1.0.77
[INFO] [stderr]    Compiling crunchy v0.2.2
[INFO] [stderr]    Compiling tiny-keccak v2.0.2
[INFO] [stderr]    Compiling inventory v0.1.10
[INFO] [stderr]     Checking slice-pool v0.4.1
[INFO] [stderr]    Compiling futures-core v0.3.17
[INFO] [stderr]     Checking futures-sink v0.3.17
[INFO] [stderr]     Checking nonmax v0.5.0
[INFO] [stderr]    Compiling libudis86-sys v0.2.1
[INFO] [stderr]    Compiling auxtools v0.1.0 (https://github.com/willox/auxtools#a4b08d61)
[INFO] [stderr]     Checking instant v0.1.11
[INFO] [stderr]    Compiling libc v0.2.103
[INFO] [stderr]     Checking proc-macro2 v1.0.29
[INFO] [stderr]     Checking tinyvec v1.5.0
[INFO] [stderr]     Checking num_cpus v1.13.0
[INFO] [stderr]     Checking region v2.2.0
[INFO] [stderr]     Checking getrandom v0.2.3
[INFO] [stderr]     Checking mmap-fixed v0.1.5
[INFO] [stderr]     Checking generic-array v0.13.3
[INFO] [stderr]     Checking parking_lot_core v0.8.5
[INFO] [stderr]     Checking dashmap v4.0.2
[INFO] [stderr]     Checking rayon-core v1.9.1
[INFO] [stderr]     Checking crossbeam v0.8.1
[INFO] [stderr]     Checking nanorand v0.6.1
[INFO] [stderr]     Checking ahash v0.7.4
[INFO] [stderr]     Checking quote v1.0.9
[INFO] [stderr]     Checking parking_lot v0.11.2
[INFO] [stderr]     Checking rayon v1.5.1
[INFO] [stderr]    Compiling const-random-macro v0.1.13
[INFO] [stderr]     Checking const-random v0.1.13
[INFO] [stderr]     Checking ahash v0.3.8
[INFO] [stderr]     Checking detour v0.7.1
[INFO] [stderr]     Checking dashmap v3.11.10
[INFO] [stderr]    Compiling ctor v0.1.21
[INFO] [stderr]    Compiling inventory-impl v0.1.10
[INFO] [stderr]    Compiling ghost v0.1.2
[INFO] [stderr]    Compiling auxtools-impl v0.1.0 (https://github.com/willox/auxtools#a4b08d61)
[INFO] [stderr]    Compiling pin-project-internal v1.0.8
[INFO] [stderr]    Compiling auxcleanup-impl v0.1.0 (https://github.com/Putnam3145/auxcleanup#c5cef535)
[INFO] [stdout] error[E0308]: mismatched types
[INFO] [stdout]   --> /opt/rustwide/cargo-home/git/checkouts/auxtools-4b5993c84b29485c/a4b08d6/auxtools/src/sigscan/linux.rs:30:39
[INFO] [stdout]    |
[INFO] [stdout] 30 |         unsafe { std::slice::from_raw_parts(info.dlpi_phdr, info.dlpi_phnum as usize) };
[INFO] [stdout]    |                                             ^^^^^^^^^^^^^^ expected struct `Elf32_Phdr`, found struct `Elf64_Phdr`
[INFO] [stdout]    |
[INFO] [stdout]    = note: expected raw pointer `*const Elf32_Phdr`
[INFO] [stdout]               found raw pointer `*const Elf64_Phdr`
[INFO] [stdout] 
[INFO] [stdout] 
[INFO] [stdout] error[E0308]: mismatched types
[INFO] [stdout]   --> /opt/rustwide/cargo-home/git/checkouts/auxtools-4b5993c84b29485c/a4b08d6/auxtools/src/sigscan/linux.rs:37:32
[INFO] [stdout]    |
[INFO] [stdout] 37 |     let start = (info.dlpi_addr + elf_header.p_vaddr) as usize;
[INFO] [stdout]    |                                   ^^^^^^^^^^^^^^^^^^ expected `u64`, found `u32`
[INFO] [stdout] 
[INFO] [stdout] 
[INFO] [stdout] error[E0277]: cannot add `u32` to `u64`
[INFO] [stdout]   --> /opt/rustwide/cargo-home/git/checkouts/auxtools-4b5993c84b29485c/a4b08d6/auxtools/src/sigscan/linux.rs:37:30
[INFO] [stdout]    |
[INFO] [stdout] 37 |     let start = (info.dlpi_addr + elf_header.p_vaddr) as usize;
[INFO] [stdout]    |                                 ^ no implementation for `u64 + u32`
[INFO] [stdout]    |
[INFO] [stdout]    = help: the trait `Add<u32>` is not implemented for `u64`
[INFO] [stdout] 
[INFO] [stdout] 
[INFO] [stdout] error: aborting due to 3 previous errors
[INFO] [stdout] 
[INFO] [stdout] 
[INFO] [stdout] Some errors have detailed explanations: E0277, E0308.
[INFO] [stdout] 
[INFO] [stdout] For more information about an error, try `rustc --explain E0277`.
[INFO] [stdout] 
[INFO] [stderr] error: could not compile `auxtools` due to 4 previous errors
[INFO] [stderr] warning: build failed, waiting for other jobs to finish...
[INFO] [stderr] error: build failed
[INFO] running `Command { std: "docker" "inspect" "9c706850bd342588a40fba65428c351fe60b57dafe3eb18ac47b7daabf44d336", kill_on_drop: false }`
[INFO] running `Command { std: "docker" "rm" "-f" "9c706850bd342588a40fba65428c351fe60b57dafe3eb18ac47b7daabf44d336", kill_on_drop: false }`
[INFO] [stdout] 9c706850bd342588a40fba65428c351fe60b57dafe3eb18ac47b7daabf44d336
