[INFO] cloning repository https://github.com/Putnam3145/auxcallback
[INFO] running `Command { std: "git" "-c" "credential.helper=" "-c" "credential.helper=/workspace/cargo-home/bin/git-credential-null" "clone" "--bare" "https://github.com/Putnam3145/auxcallback" "/workspace/cache/git-repos/https%3A%2F%2Fgithub.com%2FPutnam3145%2Fauxcallback", kill_on_drop: false }`
[INFO] [stderr] Cloning into bare repository '/workspace/cache/git-repos/https%3A%2F%2Fgithub.com%2FPutnam3145%2Fauxcallback'...
[INFO] running `Command { std: "git" "rev-parse" "HEAD", kill_on_drop: false }`
[INFO] [stdout] b2f22c1c8bd2663abf580c3af3fb80d9b94185c2
[INFO] checking Putnam3145/auxcallback against 1.55.0 for beta-1.56-3
[INFO] running `Command { std: "git" "clone" "/workspace/cache/git-repos/https%3A%2F%2Fgithub.com%2FPutnam3145%2Fauxcallback" "/workspace/builds/worker-2/source", kill_on_drop: false }`
[INFO] [stderr] Cloning into '/workspace/builds/worker-2/source'...
[INFO] [stderr] done.
[INFO] validating manifest of git repo https://github.com/Putnam3145/auxcallback on toolchain 1.55.0
[INFO] running `Command { std: "/workspace/cargo-home/bin/cargo" "+1.55.0" "metadata" "--manifest-path" "Cargo.toml" "--no-deps", kill_on_drop: false }`
[INFO] started tweaking git repo https://github.com/Putnam3145/auxcallback
[INFO] finished tweaking git repo https://github.com/Putnam3145/auxcallback
[INFO] tweaked toml for git repo https://github.com/Putnam3145/auxcallback written to /workspace/builds/worker-2/source/Cargo.toml
[INFO] crate git repo https://github.com/Putnam3145/auxcallback already has a lockfile, it will not be regenerated
[INFO] running `Command { std: "/workspace/cargo-home/bin/cargo" "+1.55.0" "fetch" "--manifest-path" "Cargo.toml", kill_on_drop: false }`
[INFO] [stderr]     Blocking waiting for file lock on package cache
[INFO] running `Command { std: "docker" "create" "-v" "/var/lib/crater-agent-workspace/builds/worker-2/target:/opt/rustwide/target:rw,Z" "-v" "/var/lib/crater-agent-workspace/builds/worker-2/source:/opt/rustwide/workdir:ro,Z" "-v" "/var/lib/crater-agent-workspace/cargo-home:/opt/rustwide/cargo-home:ro,Z" "-v" "/var/lib/crater-agent-workspace/rustup-home:/opt/rustwide/rustup-home:ro,Z" "-e" "SOURCE_DIR=/opt/rustwide/workdir" "-e" "CARGO_TARGET_DIR=/opt/rustwide/target" "-e" "CARGO_HOME=/opt/rustwide/cargo-home" "-e" "RUSTUP_HOME=/opt/rustwide/rustup-home" "-w" "/opt/rustwide/workdir" "-m" "1610612736" "--user" "0:0" "--network" "none" "ghcr.io/rust-lang/crates-build-env/linux@sha256:a89201d6b5b9fd45c15d5952ece0a0129e7e80cb26ec023fd59cf09bc26f1604" "/opt/rustwide/cargo-home/bin/cargo" "+1.55.0" "metadata" "--no-deps" "--format-version=1", kill_on_drop: false }`
[INFO] [stdout] 819ad43fe96e09fec2bbb1ed2da93ca7a84666c4c6d2674934fd752281ce8fd3
[INFO] [stderr] WARNING: Your kernel does not support swap limit capabilities or the cgroup is not mounted. Memory limited without swap.
[INFO] running `Command { std: "docker" "start" "-a" "819ad43fe96e09fec2bbb1ed2da93ca7a84666c4c6d2674934fd752281ce8fd3", kill_on_drop: false }`
[INFO] running `Command { std: "docker" "inspect" "819ad43fe96e09fec2bbb1ed2da93ca7a84666c4c6d2674934fd752281ce8fd3", kill_on_drop: false }`
[INFO] running `Command { std: "docker" "rm" "-f" "819ad43fe96e09fec2bbb1ed2da93ca7a84666c4c6d2674934fd752281ce8fd3", kill_on_drop: false }`
[INFO] [stdout] 819ad43fe96e09fec2bbb1ed2da93ca7a84666c4c6d2674934fd752281ce8fd3
[INFO] running `Command { std: "docker" "create" "-v" "/var/lib/crater-agent-workspace/builds/worker-2/target:/opt/rustwide/target:rw,Z" "-v" "/var/lib/crater-agent-workspace/builds/worker-2/source:/opt/rustwide/workdir:ro,Z" "-v" "/var/lib/crater-agent-workspace/cargo-home:/opt/rustwide/cargo-home:ro,Z" "-v" "/var/lib/crater-agent-workspace/rustup-home:/opt/rustwide/rustup-home:ro,Z" "-e" "SOURCE_DIR=/opt/rustwide/workdir" "-e" "CARGO_TARGET_DIR=/opt/rustwide/target" "-e" "CARGO_INCREMENTAL=0" "-e" "RUST_BACKTRACE=full" "-e" "RUSTFLAGS=--cap-lints=warn" "-e" "CARGO_HOME=/opt/rustwide/cargo-home" "-e" "RUSTUP_HOME=/opt/rustwide/rustup-home" "-w" "/opt/rustwide/workdir" "-m" "1610612736" "--user" "0:0" "--network" "none" "ghcr.io/rust-lang/crates-build-env/linux@sha256:a89201d6b5b9fd45c15d5952ece0a0129e7e80cb26ec023fd59cf09bc26f1604" "/opt/rustwide/cargo-home/bin/cargo" "+1.55.0" "check" "--frozen" "--all" "--all-targets" "--message-format=json", kill_on_drop: false }`
[INFO] [stdout] c54b9101960b99fcde39c0c34d32a1b348ca0b7d4d88668a8bc963a67d498153
[INFO] [stderr] WARNING: Your kernel does not support swap limit capabilities or the cgroup is not mounted. Memory limited without swap.
[INFO] running `Command { std: "docker" "start" "-a" "c54b9101960b99fcde39c0c34d32a1b348ca0b7d4d88668a8bc963a67d498153", kill_on_drop: false }`
[INFO] [stderr]    Compiling syn v1.0.72
[INFO] [stderr]    Compiling getrandom v0.2.2
[INFO] [stderr]    Compiling futures-core v0.3.15
[INFO] [stderr]     Checking futures-sink v0.3.15
[INFO] [stderr]    Compiling libudis86-sys v0.2.1
[INFO] [stderr]    Compiling auxtools v0.1.0 (https://github.com/willox/auxtools#c5f6190c)
[INFO] [stderr]    Compiling libc v0.2.94
[INFO] [stderr]     Checking region v2.2.0
[INFO] [stderr]     Checking mmap-fixed v0.1.5
[INFO] [stderr]     Checking spinning_top v0.2.4
[INFO] [stderr]     Checking nanorand v0.5.2
[INFO] [stderr]    Compiling const-random-macro v0.1.13
[INFO] [stderr]     Checking const-random v0.1.13
[INFO] [stderr]     Checking ahash v0.3.8
[INFO] [stderr]     Checking detour v0.7.1
[INFO] [stderr]     Checking dashmap v3.11.10
[INFO] [stderr]    Compiling inventory-impl v0.1.10
[INFO] [stderr]    Compiling ctor v0.1.20
[INFO] [stderr]    Compiling ghost v0.1.2
[INFO] [stderr]    Compiling pin-project-internal v1.0.7
[INFO] [stderr]    Compiling auxtools-impl v0.1.0 (https://github.com/willox/auxtools#c5f6190c)
[INFO] [stderr]     Checking inventory v0.1.10
[INFO] [stdout] error[E0308]: mismatched types
[INFO] [stdout]   --> /opt/rustwide/cargo-home/git/checkouts/auxtools-4b5993c84b29485c/c5f6190/auxtools/src/sigscan/linux.rs:30:39
[INFO] [stdout]    |
[INFO] [stdout] 30 |         unsafe { std::slice::from_raw_parts(info.dlpi_phdr, info.dlpi_phnum as usize) };
[INFO] [stdout]    |                                             ^^^^^^^^^^^^^^ expected struct `Elf32_Phdr`, found struct `Elf64_Phdr`
[INFO] [stdout]    |
[INFO] [stdout]    = note: expected raw pointer `*const Elf32_Phdr`
[INFO] [stdout]               found raw pointer `*const Elf64_Phdr`
[INFO] [stdout] 
[INFO] [stdout] 
[INFO] [stdout] error[E0308]: mismatched types
[INFO] [stdout]   --> /opt/rustwide/cargo-home/git/checkouts/auxtools-4b5993c84b29485c/c5f6190/auxtools/src/sigscan/linux.rs:37:32
[INFO] [stdout]    |
[INFO] [stdout] 37 |     let start = (info.dlpi_addr + elf_header.p_vaddr) as usize;
[INFO] [stdout]    |                                   ^^^^^^^^^^^^^^^^^^ expected `u64`, found `u32`
[INFO] [stdout] 
[INFO] [stdout] 
[INFO] [stdout] error[E0277]: cannot add `u32` to `u64`
[INFO] [stdout]   --> /opt/rustwide/cargo-home/git/checkouts/auxtools-4b5993c84b29485c/c5f6190/auxtools/src/sigscan/linux.rs:37:30
[INFO] [stdout]    |
[INFO] [stdout] 37 |     let start = (info.dlpi_addr + elf_header.p_vaddr) as usize;
[INFO] [stdout]    |                                 ^ no implementation for `u64 + u32`
[INFO] [stdout]    |
[INFO] [stdout]    = help: the trait `Add<u32>` is not implemented for `u64`
[INFO] [stdout] 
[INFO] [stdout] 
[INFO] [stdout] error: aborting due to 3 previous errors
[INFO] [stdout] 
[INFO] [stdout] 
[INFO] [stdout] Some errors have detailed explanations: E0277, E0308.
[INFO] [stdout] 
[INFO] [stdout] For more information about an error, try `rustc --explain E0277`.
[INFO] [stdout] 
[INFO] [stderr] error: could not compile `auxtools` due to 4 previous errors
[INFO] [stderr] warning: build failed, waiting for other jobs to finish...
[INFO] [stderr] error: build failed
[INFO] running `Command { std: "docker" "inspect" "c54b9101960b99fcde39c0c34d32a1b348ca0b7d4d88668a8bc963a67d498153", kill_on_drop: false }`
[INFO] running `Command { std: "docker" "rm" "-f" "c54b9101960b99fcde39c0c34d32a1b348ca0b7d4d88668a8bc963a67d498153", kill_on_drop: false }`
[INFO] [stdout] c54b9101960b99fcde39c0c34d32a1b348ca0b7d4d88668a8bc963a67d498153
