[INFO] cloning repository https://github.com/Prim69/RustClicker
[INFO] running `Command { std: "git" "-c" "credential.helper=" "-c" "credential.helper=/workspace/cargo-home/bin/git-credential-null" "clone" "--bare" "https://github.com/Prim69/RustClicker" "/workspace/cache/git-repos/https%3A%2F%2Fgithub.com%2FPrim69%2FRustClicker", kill_on_drop: false }`
[INFO] [stderr] Cloning into bare repository '/workspace/cache/git-repos/https%3A%2F%2Fgithub.com%2FPrim69%2FRustClicker'...
[INFO] running `Command { std: "git" "rev-parse" "HEAD", kill_on_drop: false }`
[INFO] [stdout] 333fb043fb7830123dfd708df42ed4869d78e326
[INFO] checking Prim69/RustClicker against 1.55.0 for beta-1.56-3
[INFO] running `Command { std: "git" "clone" "/workspace/cache/git-repos/https%3A%2F%2Fgithub.com%2FPrim69%2FRustClicker" "/workspace/builds/worker-7/source", kill_on_drop: false }`
[INFO] [stderr] Cloning into '/workspace/builds/worker-7/source'...
[INFO] [stderr] done.
[INFO] validating manifest of git repo https://github.com/Prim69/RustClicker on toolchain 1.55.0
[INFO] running `Command { std: "/workspace/cargo-home/bin/cargo" "+1.55.0" "metadata" "--manifest-path" "Cargo.toml" "--no-deps", kill_on_drop: false }`
[INFO] started tweaking git repo https://github.com/Prim69/RustClicker
[INFO] finished tweaking git repo https://github.com/Prim69/RustClicker
[INFO] tweaked toml for git repo https://github.com/Prim69/RustClicker written to /workspace/builds/worker-7/source/Cargo.toml
[INFO] crate git repo https://github.com/Prim69/RustClicker already has a lockfile, it will not be regenerated
[INFO] running `Command { std: "/workspace/cargo-home/bin/cargo" "+1.55.0" "fetch" "--manifest-path" "Cargo.toml", kill_on_drop: false }`
[INFO] running `Command { std: "docker" "create" "-v" "/var/lib/crater-agent-workspace/builds/worker-7/target:/opt/rustwide/target:rw,Z" "-v" "/var/lib/crater-agent-workspace/builds/worker-7/source:/opt/rustwide/workdir:ro,Z" "-v" "/var/lib/crater-agent-workspace/cargo-home:/opt/rustwide/cargo-home:ro,Z" "-v" "/var/lib/crater-agent-workspace/rustup-home:/opt/rustwide/rustup-home:ro,Z" "-e" "SOURCE_DIR=/opt/rustwide/workdir" "-e" "CARGO_TARGET_DIR=/opt/rustwide/target" "-e" "CARGO_HOME=/opt/rustwide/cargo-home" "-e" "RUSTUP_HOME=/opt/rustwide/rustup-home" "-w" "/opt/rustwide/workdir" "-m" "1610612736" "--user" "0:0" "--network" "none" "ghcr.io/rust-lang/crates-build-env/linux@sha256:a89201d6b5b9fd45c15d5952ece0a0129e7e80cb26ec023fd59cf09bc26f1604" "/opt/rustwide/cargo-home/bin/cargo" "+1.55.0" "metadata" "--no-deps" "--format-version=1", kill_on_drop: false }`
[INFO] [stdout] baa15df26190b6e0615cf1b21ecd208fc37a84632674da37b1af98c6cc1a3bb6
[INFO] [stderr] WARNING: Your kernel does not support swap limit capabilities or the cgroup is not mounted. Memory limited without swap.
[INFO] running `Command { std: "docker" "start" "-a" "baa15df26190b6e0615cf1b21ecd208fc37a84632674da37b1af98c6cc1a3bb6", kill_on_drop: false }`
[INFO] running `Command { std: "docker" "inspect" "baa15df26190b6e0615cf1b21ecd208fc37a84632674da37b1af98c6cc1a3bb6", kill_on_drop: false }`
[INFO] running `Command { std: "docker" "rm" "-f" "baa15df26190b6e0615cf1b21ecd208fc37a84632674da37b1af98c6cc1a3bb6", kill_on_drop: false }`
[INFO] [stdout] baa15df26190b6e0615cf1b21ecd208fc37a84632674da37b1af98c6cc1a3bb6
[INFO] running `Command { std: "docker" "create" "-v" "/var/lib/crater-agent-workspace/builds/worker-7/target:/opt/rustwide/target:rw,Z" "-v" "/var/lib/crater-agent-workspace/builds/worker-7/source:/opt/rustwide/workdir:ro,Z" "-v" "/var/lib/crater-agent-workspace/cargo-home:/opt/rustwide/cargo-home:ro,Z" "-v" "/var/lib/crater-agent-workspace/rustup-home:/opt/rustwide/rustup-home:ro,Z" "-e" "SOURCE_DIR=/opt/rustwide/workdir" "-e" "CARGO_TARGET_DIR=/opt/rustwide/target" "-e" "CARGO_INCREMENTAL=0" "-e" "RUST_BACKTRACE=full" "-e" "RUSTFLAGS=--cap-lints=warn" "-e" "CARGO_HOME=/opt/rustwide/cargo-home" "-e" "RUSTUP_HOME=/opt/rustwide/rustup-home" "-w" "/opt/rustwide/workdir" "-m" "1610612736" "--user" "0:0" "--network" "none" "ghcr.io/rust-lang/crates-build-env/linux@sha256:a89201d6b5b9fd45c15d5952ece0a0129e7e80cb26ec023fd59cf09bc26f1604" "/opt/rustwide/cargo-home/bin/cargo" "+1.55.0" "check" "--frozen" "--all" "--all-targets" "--message-format=json", kill_on_drop: false }`
[INFO] [stdout] 9afd24730259f13f5a0603df8fec363c4510f290ba0366aa03a9c03423367fcc
[INFO] [stderr] WARNING: Your kernel does not support swap limit capabilities or the cgroup is not mounted. Memory limited without swap.
[INFO] running `Command { std: "docker" "start" "-a" "9afd24730259f13f5a0603df8fec363c4510f290ba0366aa03a9c03423367fcc", kill_on_drop: false }`
[INFO] [stderr]     Blocking waiting for file lock on package cache
[INFO] [stderr]     Blocking waiting for file lock on package cache
[INFO] [stderr]     Blocking waiting for file lock on package cache
[INFO] [stderr]     Blocking waiting for file lock on package cache
[INFO] [stderr]    Compiling winapi v0.3.9
[INFO] [stderr]     Checking AutoClicker v0.1.0 (/opt/rustwide/workdir)
[INFO] [stdout] error[E0433]: failed to resolve: could not find `um` in `winapi`
[INFO] [stdout]  --> src/main.rs:2:13
[INFO] [stdout]   |
[INFO] [stdout] 2 | use winapi::um::winuser::{MOUSEEVENTF_LEFTUP, MOUSEEVENTF_LEFTDOWN};
[INFO] [stdout]   |             ^^ could not find `um` in `winapi`
[INFO] [stdout] 
[INFO] [stdout] 
[INFO] [stdout] error[E0432]: unresolved import `winapi::um`
[INFO] [stdout]  --> src/main.rs:3:13
[INFO] [stdout]   |
[INFO] [stdout] 3 | use winapi::um::winuser;
[INFO] [stdout]   |             ^^ could not find `um` in `winapi`
[INFO] [stdout] 
[INFO] [stdout] 
[INFO] [stdout] error[E0433]: failed to resolve: could not find `shared` in `winapi`
[INFO] [stdout]  --> src/hook.rs:2:13
[INFO] [stdout]   |
[INFO] [stdout] 2 | use winapi::shared::windef::{HHOOK, HWND};
[INFO] [stdout]   |             ^^^^^^ could not find `shared` in `winapi`
[INFO] [stdout] 
[INFO] [stdout] 
[INFO] [stdout] error[E0433]: failed to resolve: could not find `um` in `winapi`
[INFO] [stdout]  --> src/hook.rs:3:13
[INFO] [stdout]   |
[INFO] [stdout] 3 | use winapi::um::winuser::{WM_KEYUP, WM_SYSKEYUP, WM_SYSKEYDOWN, WM_KEYDOWN, KBDLLHOOKSTRUCT, WH_KEYBOARD_LL, MSG};
[INFO] [stdout]   |             ^^ could not find `um` in `winapi`
[INFO] [stdout] 
[INFO] [stdout] 
[INFO] [stdout] error[E0433]: failed to resolve: could not find `um` in `winapi`
[INFO] [stdout]  --> src/hook.rs:4:13
[INFO] [stdout]   |
[INFO] [stdout] 4 | use winapi::um::winnt::LPCSTR;
[INFO] [stdout]   |             ^^ could not find `um` in `winapi`
[INFO] [stdout] 
[INFO] [stdout] 
[INFO] [stdout] error[E0432]: unresolved import `winapi::um`
[INFO] [stdout]  --> src/hook.rs:1:13
[INFO] [stdout]   |
[INFO] [stdout] 1 | use winapi::um::{winuser, libloaderapi};
[INFO] [stdout]   |             ^^ could not find `um` in `winapi`
[INFO] [stdout] 
[INFO] [stdout] 
[INFO] [stdout] error[E0433]: failed to resolve: could not find `um` in `winapi`
[INFO] [stdout]  --> src/main.rs:2:13
[INFO] [stdout]   |
[INFO] [stdout] 2 | use winapi::um::winuser::{MOUSEEVENTF_LEFTUP, MOUSEEVENTF_LEFTDOWN};
[INFO] [stdout]   |             ^^ could not find `um` in `winapi`
[INFO] [stdout] 
[INFO] [stdout] 
[INFO] [stdout] error[E0432]: unresolved import `winapi::um`
[INFO] [stdout]  --> src/main.rs:3:13
[INFO] [stdout]   |
[INFO] [stdout] 3 | use winapi::um::winuser;
[INFO] [stdout]   |             ^^ could not find `um` in `winapi`
[INFO] [stdout] 
[INFO] [stdout] 
[INFO] [stdout] error[E0433]: failed to resolve: could not find `shared` in `winapi`
[INFO] [stdout]  --> src/hook.rs:2:13
[INFO] [stdout]   |
[INFO] [stdout] 2 | use winapi::shared::windef::{HHOOK, HWND};
[INFO] [stdout]   |             ^^^^^^ could not find `shared` in `winapi`
[INFO] [stdout] 
[INFO] [stdout] 
[INFO] [stdout] error[E0433]: failed to resolve: could not find `um` in `winapi`
[INFO] [stdout]  --> src/hook.rs:3:13
[INFO] [stdout]   |
[INFO] [stdout] 3 | use winapi::um::winuser::{WM_KEYUP, WM_SYSKEYUP, WM_SYSKEYDOWN, WM_KEYDOWN, KBDLLHOOKSTRUCT, WH_KEYBOARD_LL, MSG};
[INFO] [stdout]   |             ^^ could not find `um` in `winapi`
[INFO] [stdout] 
[INFO] [stdout] 
[INFO] [stdout] error[E0433]: failed to resolve: could not find `um` in `winapi`
[INFO] [stdout]  --> src/hook.rs:4:13
[INFO] [stdout]   |
[INFO] [stdout] 4 | use winapi::um::winnt::LPCSTR;
[INFO] [stdout]   |             ^^ could not find `um` in `winapi`
[INFO] [stdout] 
[INFO] [stdout] 
[INFO] [stdout] error[E0432]: unresolved import `winapi::um`
[INFO] [stdout]  --> src/hook.rs:1:13
[INFO] [stdout]   |
[INFO] [stdout] 1 | use winapi::um::{winuser, libloaderapi};
[INFO] [stdout]   |             ^^ could not find `um` in `winapi`
[INFO] [stdout] 
[INFO] [stdout] 
[INFO] [stdout] error[E0412]: cannot find type `HHOOK` in this scope
[INFO] [stdout]   --> src/hook.rs:10:12
[INFO] [stdout]    |
[INFO] [stdout] 10 |     hhook: HHOOK
[INFO] [stdout]    |            ^^^^^ not found in this scope
[INFO] [stdout] 
[INFO] [stdout] 
[INFO] [stdout] error[E0425]: cannot find value `WH_KEYBOARD_LL` in this scope
[INFO] [stdout]   --> src/hook.rs:19:43
[INFO] [stdout]    |
[INFO] [stdout] 19 |         hhook: winuser::SetWindowsHookExA(WH_KEYBOARD_LL, Some(hook_proc), libloaderapi::LoadLibraryA("User32".as_ptr() as LPCSTR), 0)
[INFO] [stdout]    |                                           ^^^^^^^^^^^^^^ not found in this scope
[INFO] [stdout] 
[INFO] [stdout] 
[INFO] [stdout] error[E0412]: cannot find type `LPCSTR` in this scope
[INFO] [stdout]   --> src/hook.rs:19:124
[INFO] [stdout]    |
[INFO] [stdout] 19 |         hhook: winuser::SetWindowsHookExA(WH_KEYBOARD_LL, Some(hook_proc), libloaderapi::LoadLibraryA("User32".as_ptr() as LPCSTR), 0)
[INFO] [stdout]    |                                                                                                                            ^^^^^^ not found in this scope
[INFO] [stdout] 
[INFO] [stdout] 
[INFO] [stdout] error[E0412]: cannot find type `MSG` in this scope
[INFO] [stdout]   --> src/hook.rs:21:18
[INFO] [stdout]    |
[INFO] [stdout] 21 |     let mut msg: MSG = std::mem::zeroed();
[INFO] [stdout]    |                  ^^^ not found in this scope
[INFO] [stdout] 
[INFO] [stdout] 
[INFO] [stdout] error[E0412]: cannot find type `HWND` in this scope
[INFO] [stdout]   --> src/hook.rs:22:47
[INFO] [stdout]    |
[INFO] [stdout] 22 |     while winuser::GetMessageA(&mut msg, 0 as HWND, 0, 0) != 0 {
[INFO] [stdout]    |                                               ^^^^ not found in this scope
[INFO] [stdout] 
[INFO] [stdout] 
[INFO] [stdout] error[E0412]: cannot find type `KBDLLHOOKSTRUCT` in this scope
[INFO] [stdout]   --> src/hook.rs:40:65
[INFO] [stdout]    |
[INFO] [stdout] 40 |         let key: winuser::KBDLLHOOKSTRUCT = *(l_param as *const KBDLLHOOKSTRUCT);
[INFO] [stdout]    |                                                                 ^^^^^^^^^^^^^^^ not found in this scope
[INFO] [stdout] 
[INFO] [stdout] 
[INFO] [stdout] error[E0425]: cannot find value `WM_KEYDOWN` in this scope
[INFO] [stdout]   --> src/hook.rs:41:23
[INFO] [stdout]    |
[INFO] [stdout] 41 |         if w_param == WM_KEYDOWN as usize || w_param == WM_SYSKEYDOWN as usize {
[INFO] [stdout]    |                       ^^^^^^^^^^ not found in this scope
[INFO] [stdout] 
[INFO] [stdout] 
[INFO] [stdout] error[E0425]: cannot find value `WM_SYSKEYDOWN` in this scope
[INFO] [stdout]   --> src/hook.rs:41:57
[INFO] [stdout]    |
[INFO] [stdout] 41 |         if w_param == WM_KEYDOWN as usize || w_param == WM_SYSKEYDOWN as usize {
[INFO] [stdout]    |                                                         ^^^^^^^^^^^^^ not found in this scope
[INFO] [stdout] 
[INFO] [stdout] 
[INFO] [stdout] error[E0425]: cannot find value `WM_KEYUP` in this scope
[INFO] [stdout]   --> src/hook.rs:43:30
[INFO] [stdout]    |
[INFO] [stdout] 43 |         } else if w_param == WM_KEYUP as usize || w_param == WM_SYSKEYUP as usize {
[INFO] [stdout]    |                              ^^^^^^^^ not found in this scope
[INFO] [stdout] 
[INFO] [stdout] 
[INFO] [stdout] error[E0425]: cannot find value `WM_SYSKEYUP` in this scope
[INFO] [stdout]   --> src/hook.rs:43:62
[INFO] [stdout]    |
[INFO] [stdout] 43 |         } else if w_param == WM_KEYUP as usize || w_param == WM_SYSKEYUP as usize {
[INFO] [stdout]    |                                                              ^^^^^^^^^^^ not found in this scope
[INFO] [stdout] 
[INFO] [stdout] 
[INFO] [stdout] error[E0425]: cannot find value `MOUSEEVENTF_LEFTDOWN` in this scope
[INFO] [stdout]   --> src/main.rs:34:42
[INFO] [stdout]    |
[INFO] [stdout] 34 |                     winuser::mouse_event(MOUSEEVENTF_LEFTDOWN, 0, 0, 0, 0);
[INFO] [stdout]    |                                          ^^^^^^^^^^^^^^^^^^^^ not found in this scope
[INFO] [stdout] 
[INFO] [stdout] 
[INFO] [stdout] error[E0425]: cannot find value `MOUSEEVENTF_LEFTUP` in this scope
[INFO] [stdout]   --> src/main.rs:35:42
[INFO] [stdout]    |
[INFO] [stdout] 35 |                     winuser::mouse_event(MOUSEEVENTF_LEFTUP, 0, 0, 0, 0);
[INFO] [stdout]    |                                          ^^^^^^^^^^^^^^^^^^ not found in this scope
[INFO] [stdout] 
[INFO] [stdout] 
[INFO] [stdout] warning: unused import: `std::thread::sleep`
[INFO] [stdout]  --> src/main.rs:5:5
[INFO] [stdout]   |
[INFO] [stdout] 5 | use std::thread::sleep;
[INFO] [stdout]   |     ^^^^^^^^^^^^^^^^^^
[INFO] [stdout]   |
[INFO] [stdout]   = note: `#[warn(unused_imports)]` on by default
[INFO] [stdout] 
[INFO] [stdout] 
[INFO] [stdout] warning: unused import: `std::alloc::System`
[INFO] [stdout]  --> src/main.rs:7:5
[INFO] [stdout]   |
[INFO] [stdout] 7 | use std::alloc::System;
[INFO] [stdout]   |     ^^^^^^^^^^^^^^^^^^
[INFO] [stdout] 
[INFO] [stdout] 
[INFO] [stdout] error[E0412]: cannot find type `HHOOK` in this scope
[INFO] [stdout]   --> src/hook.rs:10:12
[INFO] [stdout]    |
[INFO] [stdout] 10 |     hhook: HHOOK
[INFO] [stdout]    |            ^^^^^ not found in this scope
[INFO] [stdout] 
[INFO] [stdout] 
[INFO] [stdout] error[E0425]: cannot find value `WH_KEYBOARD_LL` in this scope
[INFO] [stdout]   --> src/hook.rs:19:43
[INFO] [stdout]    |
[INFO] [stdout] 19 |         hhook: winuser::SetWindowsHookExA(WH_KEYBOARD_LL, Some(hook_proc), libloaderapi::LoadLibraryA("User32".as_ptr() as LPCSTR), 0)
[INFO] [stdout]    |                                           ^^^^^^^^^^^^^^ not found in this scope
[INFO] [stdout] 
[INFO] [stdout] 
[INFO] [stdout] error[E0412]: cannot find type `LPCSTR` in this scope
[INFO] [stdout]   --> src/hook.rs:19:124
[INFO] [stdout]    |
[INFO] [stdout] 19 |         hhook: winuser::SetWindowsHookExA(WH_KEYBOARD_LL, Some(hook_proc), libloaderapi::LoadLibraryA("User32".as_ptr() as LPCSTR), 0)
[INFO] [stdout]    |                                                                                                                            ^^^^^^ not found in this scope
[INFO] [stdout] 
[INFO] [stdout] 
[INFO] [stdout] error[E0412]: cannot find type `MSG` in this scope
[INFO] [stdout]   --> src/hook.rs:21:18
[INFO] [stdout]    |
[INFO] [stdout] 21 |     let mut msg: MSG = std::mem::zeroed();
[INFO] [stdout]    |                  ^^^ not found in this scope
[INFO] [stdout] 
[INFO] [stdout] 
[INFO] [stdout] error[E0412]: cannot find type `HWND` in this scope
[INFO] [stdout]   --> src/hook.rs:22:47
[INFO] [stdout]    |
[INFO] [stdout] 22 |     while winuser::GetMessageA(&mut msg, 0 as HWND, 0, 0) != 0 {
[INFO] [stdout]    |                                               ^^^^ not found in this scope
[INFO] [stdout] 
[INFO] [stdout] 
[INFO] [stdout] error[E0412]: cannot find type `KBDLLHOOKSTRUCT` in this scope
[INFO] [stdout]   --> src/hook.rs:40:65
[INFO] [stdout]    |
[INFO] [stdout] 40 |         let key: winuser::KBDLLHOOKSTRUCT = *(l_param as *const KBDLLHOOKSTRUCT);
[INFO] [stdout]    |                                                                 ^^^^^^^^^^^^^^^ not found in this scope
[INFO] [stdout] 
[INFO] [stdout] 
[INFO] [stdout] error[E0425]: cannot find value `WM_KEYDOWN` in this scope
[INFO] [stdout]   --> src/hook.rs:41:23
[INFO] [stdout]    |
[INFO] [stdout] 41 |         if w_param == WM_KEYDOWN as usize || w_param == WM_SYSKEYDOWN as usize {
[INFO] [stdout]    |                       ^^^^^^^^^^ not found in this scope
[INFO] [stdout] 
[INFO] [stdout] 
[INFO] [stdout] error[E0425]: cannot find value `WM_SYSKEYDOWN` in this scope
[INFO] [stdout]   --> src/hook.rs:41:57
[INFO] [stdout]    |
[INFO] [stdout] 41 |         if w_param == WM_KEYDOWN as usize || w_param == WM_SYSKEYDOWN as usize {
[INFO] [stdout]    |                                                         ^^^^^^^^^^^^^ not found in this scope
[INFO] [stdout] 
[INFO] [stdout] 
[INFO] [stdout] error[E0425]: cannot find value `WM_KEYUP` in this scope
[INFO] [stdout]   --> src/hook.rs:43:30
[INFO] [stdout]    |
[INFO] [stdout] 43 |         } else if w_param == WM_KEYUP as usize || w_param == WM_SYSKEYUP as usize {
[INFO] [stdout]    |                              ^^^^^^^^ not found in this scope
[INFO] [stdout] 
[INFO] [stdout] 
[INFO] [stdout] error[E0425]: cannot find value `WM_SYSKEYUP` in this scope
[INFO] [stdout]   --> src/hook.rs:43:62
[INFO] [stdout]    |
[INFO] [stdout] 43 |         } else if w_param == WM_KEYUP as usize || w_param == WM_SYSKEYUP as usize {
[INFO] [stdout]    |                                                              ^^^^^^^^^^^ not found in this scope
[INFO] [stdout] 
[INFO] [stdout] 
[INFO] [stdout] error[E0425]: cannot find value `MOUSEEVENTF_LEFTDOWN` in this scope
[INFO] [stdout]   --> src/main.rs:34:42
[INFO] [stdout]    |
[INFO] [stdout] 34 |                     winuser::mouse_event(MOUSEEVENTF_LEFTDOWN, 0, 0, 0, 0);
[INFO] [stdout]    |                                          ^^^^^^^^^^^^^^^^^^^^ not found in this scope
[INFO] [stdout] 
[INFO] [stdout] 
[INFO] [stdout] error[E0425]: cannot find value `MOUSEEVENTF_LEFTUP` in this scope
[INFO] [stdout]   --> src/main.rs:35:42
[INFO] [stdout]    |
[INFO] [stdout] 35 |                     winuser::mouse_event(MOUSEEVENTF_LEFTUP, 0, 0, 0, 0);
[INFO] [stdout]    |                                          ^^^^^^^^^^^^^^^^^^ not found in this scope
[INFO] [stdout] 
[INFO] [stdout] 
[INFO] [stdout] warning: unused import: `std::thread::sleep`
[INFO] [stdout]  --> src/main.rs:5:5
[INFO] [stdout]   |
[INFO] [stdout] 5 | use std::thread::sleep;
[INFO] [stdout]   |     ^^^^^^^^^^^^^^^^^^
[INFO] [stdout]   |
[INFO] [stdout]   = note: `#[warn(unused_imports)]` on by default
[INFO] [stdout] 
[INFO] [stdout] 
[INFO] [stdout] warning: unused import: `std::alloc::System`
[INFO] [stdout]  --> src/main.rs:7:5
[INFO] [stdout]   |
[INFO] [stdout] 7 | use std::alloc::System;
[INFO] [stdout]   |     ^^^^^^^^^^^^^^^^^^
[INFO] [stdout] 
[INFO] [stdout] 
[INFO] [stdout] error: aborting due to 18 previous errors; 2 warnings emitted
[INFO] [stdout] 
[INFO] [stdout] 
[INFO] [stdout] Some errors have detailed explanations: E0412, E0425, E0432, E0433.
[INFO] [stdout] 
[INFO] [stdout] For more information about an error, try `rustc --explain E0412`.
[INFO] [stdout] 
[INFO] [stderr] error: could not compile `AutoClicker` due to 19 previous errors; 2 warnings emitted
[INFO] [stderr] warning: build failed, waiting for other jobs to finish...
[INFO] [stdout] error: aborting due to 18 previous errors; 2 warnings emitted
[INFO] [stdout] 
[INFO] [stdout] 
[INFO] [stdout] Some errors have detailed explanations: E0412, E0425, E0432, E0433.
[INFO] [stdout] 
[INFO] [stdout] For more information about an error, try `rustc --explain E0412`.
[INFO] [stdout] 
[INFO] [stderr] error: build failed
[INFO] running `Command { std: "docker" "inspect" "9afd24730259f13f5a0603df8fec363c4510f290ba0366aa03a9c03423367fcc", kill_on_drop: false }`
[INFO] running `Command { std: "docker" "rm" "-f" "9afd24730259f13f5a0603df8fec363c4510f290ba0366aa03a9c03423367fcc", kill_on_drop: false }`
[INFO] [stdout] 9afd24730259f13f5a0603df8fec363c4510f290ba0366aa03a9c03423367fcc
