[INFO] cloning repository https://github.com/Prim69/PasswordGenerator
[INFO] running `Command { std: "git" "-c" "credential.helper=" "-c" "credential.helper=/workspace/cargo-home/bin/git-credential-null" "clone" "--bare" "https://github.com/Prim69/PasswordGenerator" "/workspace/cache/git-repos/https%3A%2F%2Fgithub.com%2FPrim69%2FPasswordGenerator", kill_on_drop: false }`
[INFO] [stderr] Cloning into bare repository '/workspace/cache/git-repos/https%3A%2F%2Fgithub.com%2FPrim69%2FPasswordGenerator'...
[INFO] running `Command { std: "git" "rev-parse" "HEAD", kill_on_drop: false }`
[INFO] [stdout] 9a894b249ee5fad8c077144c3534f677a7ef532e
[INFO] checking Prim69/PasswordGenerator against beta-2021-10-15 for beta-1.56-3
[INFO] running `Command { std: "git" "clone" "/workspace/cache/git-repos/https%3A%2F%2Fgithub.com%2FPrim69%2FPasswordGenerator" "/workspace/builds/worker-8/source", kill_on_drop: false }`
[INFO] [stderr] Cloning into '/workspace/builds/worker-8/source'...
[INFO] [stderr] done.
[INFO] validating manifest of git repo https://github.com/Prim69/PasswordGenerator on toolchain beta-2021-10-15
[INFO] running `Command { std: "/workspace/cargo-home/bin/cargo" "+beta-2021-10-15" "metadata" "--manifest-path" "Cargo.toml" "--no-deps", kill_on_drop: false }`
[INFO] started tweaking git repo https://github.com/Prim69/PasswordGenerator
[INFO] finished tweaking git repo https://github.com/Prim69/PasswordGenerator
[INFO] tweaked toml for git repo https://github.com/Prim69/PasswordGenerator written to /workspace/builds/worker-8/source/Cargo.toml
[INFO] crate git repo https://github.com/Prim69/PasswordGenerator already has a lockfile, it will not be regenerated
[INFO] running `Command { std: "/workspace/cargo-home/bin/cargo" "+beta-2021-10-15" "fetch" "--manifest-path" "Cargo.toml", kill_on_drop: false }`
[INFO] [stderr]     Blocking waiting for file lock on package cache
[INFO] [stderr]     Blocking waiting for file lock on package cache
[INFO] running `Command { std: "docker" "create" "-v" "/var/lib/crater-agent-workspace/builds/worker-8/target:/opt/rustwide/target:rw,Z" "-v" "/var/lib/crater-agent-workspace/builds/worker-8/source:/opt/rustwide/workdir:ro,Z" "-v" "/var/lib/crater-agent-workspace/cargo-home:/opt/rustwide/cargo-home:ro,Z" "-v" "/var/lib/crater-agent-workspace/rustup-home:/opt/rustwide/rustup-home:ro,Z" "-e" "SOURCE_DIR=/opt/rustwide/workdir" "-e" "CARGO_TARGET_DIR=/opt/rustwide/target" "-e" "CARGO_HOME=/opt/rustwide/cargo-home" "-e" "RUSTUP_HOME=/opt/rustwide/rustup-home" "-w" "/opt/rustwide/workdir" "-m" "1610612736" "--user" "0:0" "--network" "none" "ghcr.io/rust-lang/crates-build-env/linux@sha256:a89201d6b5b9fd45c15d5952ece0a0129e7e80cb26ec023fd59cf09bc26f1604" "/opt/rustwide/cargo-home/bin/cargo" "+beta-2021-10-15" "metadata" "--no-deps" "--format-version=1", kill_on_drop: false }`
[INFO] [stdout] 7ba8bce2f0d4c26d4ddcf4d3fef2b02082a420320e36fd90a6b014f7250ef2b7
[INFO] [stderr] WARNING: Your kernel does not support swap limit capabilities or the cgroup is not mounted. Memory limited without swap.
[INFO] running `Command { std: "docker" "start" "-a" "7ba8bce2f0d4c26d4ddcf4d3fef2b02082a420320e36fd90a6b014f7250ef2b7", kill_on_drop: false }`
[INFO] running `Command { std: "docker" "inspect" "7ba8bce2f0d4c26d4ddcf4d3fef2b02082a420320e36fd90a6b014f7250ef2b7", kill_on_drop: false }`
[INFO] running `Command { std: "docker" "rm" "-f" "7ba8bce2f0d4c26d4ddcf4d3fef2b02082a420320e36fd90a6b014f7250ef2b7", kill_on_drop: false }`
[INFO] [stdout] 7ba8bce2f0d4c26d4ddcf4d3fef2b02082a420320e36fd90a6b014f7250ef2b7
[INFO] running `Command { std: "docker" "create" "-v" "/var/lib/crater-agent-workspace/builds/worker-8/target:/opt/rustwide/target:rw,Z" "-v" "/var/lib/crater-agent-workspace/builds/worker-8/source:/opt/rustwide/workdir:ro,Z" "-v" "/var/lib/crater-agent-workspace/cargo-home:/opt/rustwide/cargo-home:ro,Z" "-v" "/var/lib/crater-agent-workspace/rustup-home:/opt/rustwide/rustup-home:ro,Z" "-e" "SOURCE_DIR=/opt/rustwide/workdir" "-e" "CARGO_TARGET_DIR=/opt/rustwide/target" "-e" "CARGO_INCREMENTAL=0" "-e" "RUST_BACKTRACE=full" "-e" "RUSTFLAGS=--cap-lints=warn" "-e" "CARGO_HOME=/opt/rustwide/cargo-home" "-e" "RUSTUP_HOME=/opt/rustwide/rustup-home" "-w" "/opt/rustwide/workdir" "-m" "1610612736" "--user" "0:0" "--network" "none" "ghcr.io/rust-lang/crates-build-env/linux@sha256:a89201d6b5b9fd45c15d5952ece0a0129e7e80cb26ec023fd59cf09bc26f1604" "/opt/rustwide/cargo-home/bin/cargo" "+beta-2021-10-15" "check" "--frozen" "--all" "--all-targets" "--message-format=json", kill_on_drop: false }`
[INFO] [stdout] 145bbfecf2a564b4e8f5a561cfccbf261e088d2b06ec413572bc91d32ebf0f95
[INFO] [stderr] WARNING: Your kernel does not support swap limit capabilities or the cgroup is not mounted. Memory limited without swap.
[INFO] running `Command { std: "docker" "start" "-a" "145bbfecf2a564b4e8f5a561cfccbf261e088d2b06ec413572bc91d32ebf0f95", kill_on_drop: false }`
[INFO] [stderr]    Compiling libc v0.2.100
[INFO] [stderr]    Compiling memchr v2.4.1
[INFO] [stderr]     Checking ttf-parser v0.12.3
[INFO] [stderr]     Checking atomic_refcell v0.1.7
[INFO] [stderr]     Checking emath v0.14.0
[INFO] [stderr]     Checking gimli v0.25.0
[INFO] [stderr]     Checking rustc-demangle v0.1.21
[INFO] [stderr]     Checking webbrowser v0.5.5
[INFO] [stderr]    Compiling winapi v0.3.9
[INFO] [stderr]    Compiling wayland-sys v0.28.6
[INFO] [stderr]    Compiling ahash v0.7.4
[INFO] [stderr]    Compiling backtrace v0.3.61
[INFO] [stderr]    Compiling gl_generator v0.14.0
[INFO] [stderr]     Checking ordered-float v2.7.0
[INFO] [stderr]     Checking nom v7.0.0
[INFO] [stderr]     Checking object v0.26.2
[INFO] [stderr]    Compiling glutin_glx_sys v0.1.7
[INFO] [stderr]    Compiling glutin_egl_sys v0.1.5
[INFO] [stderr]    Compiling glium v0.30.1
[INFO] [stderr]     Checking owned_ttf_parser v0.12.1
[INFO] [stderr]     Checking ab_glyph v0.2.11
[INFO] [stderr]     Checking addr2line v0.16.0
[INFO] [stderr]    Compiling xcb v0.9.0
[INFO] [stderr]     Checking nix v0.20.0
[INFO] [stderr]     Checking getrandom v0.2.3
[INFO] [stderr]     Checking nix v0.18.0
[INFO] [stderr]     Checking memmap2 v0.1.0
[INFO] [stderr]     Checking x11-dl v2.18.5
[INFO] [stderr]     Checking mio v0.7.13
[INFO] [stderr]     Checking parking_lot_core v0.8.5
[INFO] [stderr]     Checking shared_library v0.1.9
[INFO] [stderr]     Checking memmap2 v0.2.3
[INFO] [stderr]     Checking raw-window-handle v0.3.3
[INFO] [stderr]     Checking osmesa-sys v0.1.2
[INFO] [stderr]     Checking rand_core v0.6.3
[INFO] [stderr]     Checking parking_lot v0.11.2
[INFO] [stderr]     Checking rand_chacha v0.3.1
[INFO] [stderr]     Checking mio-misc v1.2.1
[INFO] [stderr]     Checking xcursor v0.3.4
[INFO] [stderr]     Checking epaint v0.14.0
[INFO] [stderr]     Checking rand v0.8.4
[INFO] [stderr]     Checking egui v0.14.2
[INFO] [stderr]     Checking epi v0.14.0
[INFO] [stderr]     Checking calloop v0.6.5
[INFO] [stderr]     Checking wayland-commons v0.28.6
[INFO] [stderr]     Checking wayland-client v0.28.6
[INFO] [stderr]     Checking wayland-cursor v0.28.6
[INFO] [stderr]     Checking wayland-protocols v0.28.6
[INFO] [stderr]     Checking wayland-egl v0.28.6
[INFO] [stderr]     Checking x11-clipboard v0.5.2
[INFO] [stderr]     Checking smithay-client-toolkit v0.12.3
[INFO] [stderr]     Checking smithay-client-toolkit v0.14.0
[INFO] [stderr]     Checking winit v0.25.0
[INFO] [stderr]     Checking smithay-clipboard v0.6.4
[INFO] [stderr]     Checking copypasta v0.7.1
[INFO] [stderr]     Checking glutin v0.27.0
[INFO] [stderr]     Checking egui_glium v0.14.0
[INFO] [stderr]     Checking eframe v0.14.0
[INFO] [stderr]     Checking PasswordGenerator v0.1.0 (/opt/rustwide/workdir)
[INFO] [stdout] error[E0433]: failed to resolve: could not find `um` in `winapi`
[INFO] [stdout]  --> src/app.rs:7:13
[INFO] [stdout]   |
[INFO] [stdout] 7 | use winapi::um::winuser::{CF_TEXT, OpenClipboard, EmptyClipboard, SetClipboardData, CloseClipboard};
[INFO] [stdout]   |             ^^ could not find `um` in `winapi`
[INFO] [stdout] 
[INFO] [stdout] 
[INFO] [stdout] error[E0433]: failed to resolve: could not find `um` in `winapi`
[INFO] [stdout]  --> src/app.rs:8:13
[INFO] [stdout]   |
[INFO] [stdout] 8 | use winapi::um::winbase::{GlobalAlloc, GMEM_MOVEABLE, GlobalUnlock, GlobalLock};
[INFO] [stdout]   |             ^^ could not find `um` in `winapi`
[INFO] [stdout] 
[INFO] [stdout] 
[INFO] [stdout] error[E0425]: cannot find function, tuple struct or tuple variant `GlobalAlloc` in this scope
[INFO] [stdout]   --> src/app.rs:69:37
[INFO] [stdout]    |
[INFO] [stdout] 69 |                         let h_mem = GlobalAlloc(GMEM_MOVEABLE, self.password.len() + 1);
[INFO] [stdout]    |                                     ^^^^^^^^^^^ not found in this scope
[INFO] [stdout] 
[INFO] [stdout] 
[INFO] [stdout] error[E0425]: cannot find value `GMEM_MOVEABLE` in this scope
[INFO] [stdout]   --> src/app.rs:69:49
[INFO] [stdout]    |
[INFO] [stdout] 69 |                         let h_mem = GlobalAlloc(GMEM_MOVEABLE, self.password.len() + 1);
[INFO] [stdout]    |                                                 ^^^^^^^^^^^^^ not found in this scope
[INFO] [stdout] 
[INFO] [stdout] 
[INFO] [stdout] error[E0425]: cannot find function, tuple struct or tuple variant `GlobalLock` in this scope
[INFO] [stdout]   --> src/app.rs:70:69
[INFO] [stdout]    |
[INFO] [stdout] 70 |                         copy_nonoverlapping(self.password.as_ptr(), GlobalLock(h_mem) as _, self.password.len());
[INFO] [stdout]    |                                                                     ^^^^^^^^^^ not found in this scope
[INFO] [stdout] 
[INFO] [stdout] 
[INFO] [stdout] error[E0425]: cannot find function, tuple struct or tuple variant `GlobalUnlock` in this scope
[INFO] [stdout]   --> src/app.rs:71:25
[INFO] [stdout]    |
[INFO] [stdout] 71 |                         GlobalUnlock(h_mem);
[INFO] [stdout]    |                         ^^^^^^^^^^^^ not found in this scope
[INFO] [stdout] 
[INFO] [stdout] 
[INFO] [stdout] error[E0425]: cannot find function, tuple struct or tuple variant `OpenClipboard` in this scope
[INFO] [stdout]   --> src/app.rs:72:25
[INFO] [stdout]    |
[INFO] [stdout] 72 |                         OpenClipboard(0 as _);
[INFO] [stdout]    |                         ^^^^^^^^^^^^^ not found in this scope
[INFO] [stdout] 
[INFO] [stdout] 
[INFO] [stdout] error[E0425]: cannot find function, tuple struct or tuple variant `EmptyClipboard` in this scope
[INFO] [stdout]   --> src/app.rs:73:25
[INFO] [stdout]    |
[INFO] [stdout] 73 |                         EmptyClipboard();
[INFO] [stdout]    |                         ^^^^^^^^^^^^^^ not found in this scope
[INFO] [stdout] 
[INFO] [stdout] 
[INFO] [stdout] error[E0425]: cannot find function, tuple struct or tuple variant `SetClipboardData` in this scope
[INFO] [stdout]   --> src/app.rs:74:25
[INFO] [stdout]    |
[INFO] [stdout] 74 |                         SetClipboardData(CF_TEXT, h_mem);
[INFO] [stdout]    |                         ^^^^^^^^^^^^^^^^ not found in this scope
[INFO] [stdout] 
[INFO] [stdout] 
[INFO] [stdout] error[E0425]: cannot find value `CF_TEXT` in this scope
[INFO] [stdout]   --> src/app.rs:74:42
[INFO] [stdout]    |
[INFO] [stdout] 74 |                         SetClipboardData(CF_TEXT, h_mem);
[INFO] [stdout]    |                                          ^^^^^^^ not found in this scope
[INFO] [stdout] 
[INFO] [stdout] 
[INFO] [stdout] error[E0425]: cannot find function, tuple struct or tuple variant `CloseClipboard` in this scope
[INFO] [stdout]   --> src/app.rs:75:25
[INFO] [stdout]    |
[INFO] [stdout] 75 |                         CloseClipboard();
[INFO] [stdout]    |                         ^^^^^^^^^^^^^^ not found in this scope
[INFO] [stdout] 
[INFO] [stdout] 
[INFO] [stdout] error: aborting due to 11 previous errors
[INFO] [stdout] 
[INFO] [stdout] 
[INFO] [stdout] Some errors have detailed explanations: E0425, E0433.
[INFO] [stdout] 
[INFO] [stdout] For more information about an error, try `rustc --explain E0425`.
[INFO] [stdout] 
[INFO] [stderr] error: could not compile `PasswordGenerator` due to 12 previous errors
[INFO] [stderr] warning: build failed, waiting for other jobs to finish...
[INFO] [stdout] error[E0433]: failed to resolve: could not find `um` in `winapi`
[INFO] [stdout]  --> src/app.rs:7:13
[INFO] [stdout]   |
[INFO] [stdout] 7 | use winapi::um::winuser::{CF_TEXT, OpenClipboard, EmptyClipboard, SetClipboardData, CloseClipboard};
[INFO] [stdout]   |             ^^ could not find `um` in `winapi`
[INFO] [stdout] 
[INFO] [stdout] 
[INFO] [stdout] error[E0433]: failed to resolve: could not find `um` in `winapi`
[INFO] [stdout]  --> src/app.rs:8:13
[INFO] [stdout]   |
[INFO] [stdout] 8 | use winapi::um::winbase::{GlobalAlloc, GMEM_MOVEABLE, GlobalUnlock, GlobalLock};
[INFO] [stdout]   |             ^^ could not find `um` in `winapi`
[INFO] [stdout] 
[INFO] [stdout] 
[INFO] [stdout] error[E0425]: cannot find function, tuple struct or tuple variant `GlobalAlloc` in this scope
[INFO] [stdout]   --> src/app.rs:69:37
[INFO] [stdout]    |
[INFO] [stdout] 69 |                         let h_mem = GlobalAlloc(GMEM_MOVEABLE, self.password.len() + 1);
[INFO] [stdout]    |                                     ^^^^^^^^^^^ not found in this scope
[INFO] [stdout] 
[INFO] [stdout] 
[INFO] [stdout] error[E0425]: cannot find value `GMEM_MOVEABLE` in this scope
[INFO] [stdout]   --> src/app.rs:69:49
[INFO] [stdout]    |
[INFO] [stdout] 69 |                         let h_mem = GlobalAlloc(GMEM_MOVEABLE, self.password.len() + 1);
[INFO] [stdout]    |                                                 ^^^^^^^^^^^^^ not found in this scope
[INFO] [stdout] 
[INFO] [stdout] 
[INFO] [stdout] error[E0425]: cannot find function, tuple struct or tuple variant `GlobalLock` in this scope
[INFO] [stdout]   --> src/app.rs:70:69
[INFO] [stdout]    |
[INFO] [stdout] 70 |                         copy_nonoverlapping(self.password.as_ptr(), GlobalLock(h_mem) as _, self.password.len());
[INFO] [stdout]    |                                                                     ^^^^^^^^^^ not found in this scope
[INFO] [stdout] 
[INFO] [stdout] 
[INFO] [stdout] error[E0425]: cannot find function, tuple struct or tuple variant `GlobalUnlock` in this scope
[INFO] [stdout]   --> src/app.rs:71:25
[INFO] [stdout]    |
[INFO] [stdout] 71 |                         GlobalUnlock(h_mem);
[INFO] [stdout]    |                         ^^^^^^^^^^^^ not found in this scope
[INFO] [stdout] 
[INFO] [stdout] 
[INFO] [stdout] error[E0425]: cannot find function, tuple struct or tuple variant `OpenClipboard` in this scope
[INFO] [stdout]   --> src/app.rs:72:25
[INFO] [stdout]    |
[INFO] [stdout] 72 |                         OpenClipboard(0 as _);
[INFO] [stdout]    |                         ^^^^^^^^^^^^^ not found in this scope
[INFO] [stdout] 
[INFO] [stdout] 
[INFO] [stdout] error[E0425]: cannot find function, tuple struct or tuple variant `EmptyClipboard` in this scope
[INFO] [stdout]   --> src/app.rs:73:25
[INFO] [stdout]    |
[INFO] [stdout] 73 |                         EmptyClipboard();
[INFO] [stdout]    |                         ^^^^^^^^^^^^^^ not found in this scope
[INFO] [stdout] 
[INFO] [stdout] 
[INFO] [stdout] error[E0425]: cannot find function, tuple struct or tuple variant `SetClipboardData` in this scope
[INFO] [stdout]   --> src/app.rs:74:25
[INFO] [stdout]    |
[INFO] [stdout] 74 |                         SetClipboardData(CF_TEXT, h_mem);
[INFO] [stdout]    |                         ^^^^^^^^^^^^^^^^ not found in this scope
[INFO] [stdout] 
[INFO] [stdout] 
[INFO] [stdout] error[E0425]: cannot find value `CF_TEXT` in this scope
[INFO] [stdout]   --> src/app.rs:74:42
[INFO] [stdout]    |
[INFO] [stdout] 74 |                         SetClipboardData(CF_TEXT, h_mem);
[INFO] [stdout]    |                                          ^^^^^^^ not found in this scope
[INFO] [stdout] 
[INFO] [stdout] 
[INFO] [stdout] error[E0425]: cannot find function, tuple struct or tuple variant `CloseClipboard` in this scope
[INFO] [stdout]   --> src/app.rs:75:25
[INFO] [stdout]    |
[INFO] [stdout] 75 |                         CloseClipboard();
[INFO] [stdout]    |                         ^^^^^^^^^^^^^^ not found in this scope
[INFO] [stdout] 
[INFO] [stdout] 
[INFO] [stdout] error: aborting due to 11 previous errors
[INFO] [stdout] 
[INFO] [stdout] 
[INFO] [stdout] Some errors have detailed explanations: E0425, E0433.
[INFO] [stdout] 
[INFO] [stdout] For more information about an error, try `rustc --explain E0425`.
[INFO] [stdout] 
[INFO] [stderr] error: build failed
[INFO] running `Command { std: "docker" "inspect" "145bbfecf2a564b4e8f5a561cfccbf261e088d2b06ec413572bc91d32ebf0f95", kill_on_drop: false }`
[INFO] running `Command { std: "docker" "rm" "-f" "145bbfecf2a564b4e8f5a561cfccbf261e088d2b06ec413572bc91d32ebf0f95", kill_on_drop: false }`
[INFO] [stdout] 145bbfecf2a564b4e8f5a561cfccbf261e088d2b06ec413572bc91d32ebf0f95
