[INFO] cloning repository https://github.com/PoC-Consortium/bencher
[INFO] running `Command { std: "git" "-c" "credential.helper=" "-c" "credential.helper=/workspace/cargo-home/bin/git-credential-null" "clone" "--bare" "https://github.com/PoC-Consortium/bencher" "/workspace/cache/git-repos/https%3A%2F%2Fgithub.com%2FPoC-Consortium%2Fbencher", kill_on_drop: false }`
[INFO] [stderr] Cloning into bare repository '/workspace/cache/git-repos/https%3A%2F%2Fgithub.com%2FPoC-Consortium%2Fbencher'...
[INFO] running `Command { std: "git" "rev-parse" "HEAD", kill_on_drop: false }`
[INFO] [stdout] 01d134a2d54b8b25f51b7c79872f831967f7466e
[INFO] checking PoC-Consortium/bencher against beta-2021-10-15 for beta-1.56-3
[INFO] running `Command { std: "git" "clone" "/workspace/cache/git-repos/https%3A%2F%2Fgithub.com%2FPoC-Consortium%2Fbencher" "/workspace/builds/worker-4/source", kill_on_drop: false }`
[INFO] [stderr] Cloning into '/workspace/builds/worker-4/source'...
[INFO] [stderr] done.
[INFO] validating manifest of git repo https://github.com/PoC-Consortium/bencher on toolchain beta-2021-10-15
[INFO] running `Command { std: "/workspace/cargo-home/bin/cargo" "+beta-2021-10-15" "metadata" "--manifest-path" "Cargo.toml" "--no-deps", kill_on_drop: false }`
[INFO] started tweaking git repo https://github.com/PoC-Consortium/bencher
[INFO] finished tweaking git repo https://github.com/PoC-Consortium/bencher
[INFO] tweaked toml for git repo https://github.com/PoC-Consortium/bencher written to /workspace/builds/worker-4/source/Cargo.toml
[INFO] crate git repo https://github.com/PoC-Consortium/bencher already has a lockfile, it will not be regenerated
[INFO] running `Command { std: "/workspace/cargo-home/bin/cargo" "+beta-2021-10-15" "fetch" "--manifest-path" "Cargo.toml", kill_on_drop: false }`
[INFO] running `Command { std: "docker" "create" "-v" "/var/lib/crater-agent-workspace/builds/worker-4/target:/opt/rustwide/target:rw,Z" "-v" "/var/lib/crater-agent-workspace/builds/worker-4/source:/opt/rustwide/workdir:ro,Z" "-v" "/var/lib/crater-agent-workspace/cargo-home:/opt/rustwide/cargo-home:ro,Z" "-v" "/var/lib/crater-agent-workspace/rustup-home:/opt/rustwide/rustup-home:ro,Z" "-e" "SOURCE_DIR=/opt/rustwide/workdir" "-e" "CARGO_TARGET_DIR=/opt/rustwide/target" "-e" "CARGO_HOME=/opt/rustwide/cargo-home" "-e" "RUSTUP_HOME=/opt/rustwide/rustup-home" "-w" "/opt/rustwide/workdir" "-m" "1610612736" "--user" "0:0" "--network" "none" "ghcr.io/rust-lang/crates-build-env/linux@sha256:a89201d6b5b9fd45c15d5952ece0a0129e7e80cb26ec023fd59cf09bc26f1604" "/opt/rustwide/cargo-home/bin/cargo" "+beta-2021-10-15" "metadata" "--no-deps" "--format-version=1", kill_on_drop: false }`
[INFO] [stderr] WARNING: Your kernel does not support swap limit capabilities or the cgroup is not mounted. Memory limited without swap.
[INFO] [stdout] 37907c6c5d62fee2afe58230ac950bce04d89ad5cdeefbefdf5a9bc6d00b2677
[INFO] running `Command { std: "docker" "start" "-a" "37907c6c5d62fee2afe58230ac950bce04d89ad5cdeefbefdf5a9bc6d00b2677", kill_on_drop: false }`
[INFO] running `Command { std: "docker" "inspect" "37907c6c5d62fee2afe58230ac950bce04d89ad5cdeefbefdf5a9bc6d00b2677", kill_on_drop: false }`
[INFO] running `Command { std: "docker" "rm" "-f" "37907c6c5d62fee2afe58230ac950bce04d89ad5cdeefbefdf5a9bc6d00b2677", kill_on_drop: false }`
[INFO] [stdout] 37907c6c5d62fee2afe58230ac950bce04d89ad5cdeefbefdf5a9bc6d00b2677
[INFO] running `Command { std: "docker" "create" "-v" "/var/lib/crater-agent-workspace/builds/worker-4/target:/opt/rustwide/target:rw,Z" "-v" "/var/lib/crater-agent-workspace/builds/worker-4/source:/opt/rustwide/workdir:ro,Z" "-v" "/var/lib/crater-agent-workspace/cargo-home:/opt/rustwide/cargo-home:ro,Z" "-v" "/var/lib/crater-agent-workspace/rustup-home:/opt/rustwide/rustup-home:ro,Z" "-e" "SOURCE_DIR=/opt/rustwide/workdir" "-e" "CARGO_TARGET_DIR=/opt/rustwide/target" "-e" "CARGO_INCREMENTAL=0" "-e" "RUST_BACKTRACE=full" "-e" "RUSTFLAGS=--cap-lints=warn" "-e" "CARGO_HOME=/opt/rustwide/cargo-home" "-e" "RUSTUP_HOME=/opt/rustwide/rustup-home" "-w" "/opt/rustwide/workdir" "-m" "1610612736" "--user" "0:0" "--network" "none" "ghcr.io/rust-lang/crates-build-env/linux@sha256:a89201d6b5b9fd45c15d5952ece0a0129e7e80cb26ec023fd59cf09bc26f1604" "/opt/rustwide/cargo-home/bin/cargo" "+beta-2021-10-15" "check" "--frozen" "--all" "--all-targets" "--message-format=json", kill_on_drop: false }`
[INFO] [stdout] 863cecac1a6641a5ca173466ba20588e89e769ab096b931d74cfbaa4b4dd79c7
[INFO] [stderr] WARNING: Your kernel does not support swap limit capabilities or the cgroup is not mounted. Memory limited without swap.
[INFO] running `Command { std: "docker" "start" "-a" "863cecac1a6641a5ca173466ba20588e89e769ab096b931d74cfbaa4b4dd79c7", kill_on_drop: false }`
[INFO] [stderr]    Compiling syn v1.0.72
[INFO] [stderr]     Checking futures v0.1.31
[INFO] [stderr]     Checking dtoa v0.4.8
[INFO] [stderr]    Compiling cl-sys v0.4.2
[INFO] [stderr]    Compiling gcc v0.3.55
[INFO] [stderr]     Checking arc-swap v0.3.11
[INFO] [stderr]     Checking log-mdc v0.1.0
[INFO] [stderr]     Checking libc v0.1.12
[INFO] [stderr]     Checking base64 v0.10.1
[INFO] [stderr]    Compiling bencher v1.2.3 (/opt/rustwide/workdir)
[INFO] [stderr]     Checking addr2line v0.15.1
[INFO] [stderr]     Checking unsafe-any v0.4.2
[INFO] [stderr]     Checking unicode-normalization v0.1.18
[INFO] [stderr]    Compiling ocl-core v0.11.2
[INFO] [stderr]     Checking time v0.1.44
[INFO] [stderr]     Checking rand v0.4.6
[INFO] [stderr]     Checking rand_os v0.1.3
[INFO] [stderr]     Checking thread-id v3.3.0
[INFO] [stderr]     Checking atty v0.2.14
[INFO] [stderr]     Checking page_size v0.4.2
[INFO] [stderr]     Checking hostname v0.1.5
[INFO] [stderr]    Compiling hyper v0.12.36
[INFO] [stderr]    Compiling raw-cpuid v6.1.0
[INFO] [stderr]     Checking ring v0.16.20
[INFO] [stderr]     Checking smallvec v0.6.14
[INFO] [stderr]     Checking bytes v0.4.12
[INFO] [stderr]     Checking core_affinity v0.5.10
[INFO] [stderr]     Checking typemap v0.3.3
[INFO] [stderr]     Checking crossbeam-queue v0.2.3
[INFO] [stderr]     Checking num-integer v0.1.44
[INFO] [stderr]     Checking num-complex v0.1.43
[INFO] [stderr]     Checking ordered-float v1.1.1
[INFO] [stderr]     Checking num-traits v0.1.43
[INFO] [stderr]     Checking clap v2.33.3
[INFO] [stderr]     Checking backtrace v0.3.59
[INFO] [stderr]     Checking flate2 v1.0.20
[INFO] [stderr]    Compiling mime_guess v2.0.3
[INFO] [stderr]     Checking aligned_alloc v0.1.3
[INFO] [stderr]     Checking rand v0.6.5
[INFO] [stderr]     Checking pbr v1.0.4
[INFO] [stderr]     Checking enum_primitive v0.1.1
[INFO] [stderr]     Checking parking_lot_core v0.6.2
[INFO] [stderr]     Checking rand v0.3.23
[INFO] [stderr]     Checking http v0.1.21
[INFO] [stderr]     Checking string v0.2.1
[INFO] [stderr]     Checking num-bigint v0.1.44
[INFO] [stderr]     Checking num-iter v0.1.42
[INFO] [stderr]     Checking chrono v0.4.19
[INFO] [stderr]     Checking rayon v1.5.1
[INFO] [stderr]     Checking parking_lot v0.9.0
[INFO] [stderr]     Checking idna v0.1.5
[INFO] [stderr]     Checking idna v0.2.3
[INFO] [stderr]    Compiling rust-crypto v0.2.36
[INFO] [stderr]     Checking tokio-executor v0.1.10
[INFO] [stderr]     Checking tokio-sync v0.1.8
[INFO] [stderr]     Checking tokio-buf v0.1.1
[INFO] [stderr]     Checking futures-cpupool v0.1.8
[INFO] [stderr]     Checking tokio-current-thread v0.1.7
[INFO] [stderr]     Checking tokio-timer v0.2.13
[INFO] [stderr]     Checking uuid v0.7.4
[INFO] [stderr]     Checking webpki v0.21.4
[INFO] [stderr]     Checking sct v0.6.1
[INFO] [stderr]     Checking url v1.7.2
[INFO] [stderr]     Checking num-rational v0.1.42
[INFO] [stderr]     Checking url v2.2.2
[INFO] [stderr]     Checking ct-logs v0.6.0
[INFO] [stderr]     Checking webpki-roots v0.17.0
[INFO] [stderr]     Checking num v0.1.42
[INFO] [stderr]     Checking ocl-core-vector v0.1.0
[INFO] [stderr]     Checking stopwatch v0.0.7
[INFO] [stderr]     Checking cookie v0.12.0
[INFO] [stderr]     Checking publicsuffix v1.5.6
[INFO] [stderr]     Checking http-body v0.1.0
[INFO] [stderr]    Compiling synstructure v0.12.4
[INFO] [stderr]    Compiling serde_derive v1.0.126
[INFO] [stderr]    Compiling failure_derive v0.1.8
[INFO] [stderr]     Checking failure v0.1.8
[INFO] [stderr]     Checking serde v1.0.126
[INFO] [stderr]     Checking log v0.4.14
[INFO] [stderr]     Checking serde_json v1.0.64
[INFO] [stderr]     Checking serde_urlencoded v0.5.5
[INFO] [stderr]     Checking serde_yaml v0.8.17
[INFO] [stderr]     Checking serde-value v0.5.3
[INFO] [stderr]     Checking url_serde v0.2.0
[INFO] [stderr]     Checking tokio-io v0.1.13
[INFO] [stderr]     Checking mio v0.6.23
[INFO] [stderr]     Checking tokio-threadpool v0.1.18
[INFO] [stderr]     Checking want v0.2.0
[INFO] [stderr]     Checking rustls v0.16.0
[INFO] [stderr]     Checking tokio-codec v0.1.2
[INFO] [stderr]     Checking h2 v0.1.26
[INFO] [stderr]     Checking tokio-fs v0.1.7
[INFO] [stderr]     Checking cookie_store v0.7.0
[INFO] [stderr]     Checking log4rs v0.8.3
[INFO] [stderr]     Checking tokio-reactor v0.1.12
[INFO] [stderr]     Checking mio-uds v0.6.8
[INFO] [stderr]     Checking tokio-udp v0.1.6
[INFO] [stderr]     Checking tokio-tcp v0.1.4
[INFO] [stderr]     Checking tokio-uds v0.2.7
[INFO] [stderr]     Checking tokio-rustls v0.10.3
[INFO] [stderr]     Checking tokio v0.1.22
[INFO] [stderr]     Checking hyper-rustls v0.17.1
[INFO] [stderr]     Checking reqwest v0.9.24
[INFO] [stdout] error[E0061]: this function takes 5 arguments but 6 arguments were supplied
[INFO] [stdout]    --> src/com/client.rs:272:22
[INFO] [stdout]     |
[INFO] [stdout] 272 |         let client = Client::new(
[INFO] [stdout]     |                      ^^^^^^^^^^^ expected 5 arguments
[INFO] [stdout] 273 |             BASE_URL.parse().unwrap(),
[INFO] [stdout]     |             -------------------------
[INFO] [stdout] 274 |             secret,
[INFO] [stdout]     |             ------
[INFO] [stdout] 275 |             5000,
[INFO] [stdout]     |             ----
[INFO] [stdout] 276 |             12,
[INFO] [stdout]     |             --
[INFO] [stdout] 277 |             ProxyDetails::Enabled,
[INFO] [stdout]     |             ---------------------
[INFO] [stdout] 278 |             HashMap::new(),
[INFO] [stdout]     |             -------------- supplied 6 arguments
[INFO] [stdout]     |
[INFO] [stdout] note: associated function defined here
[INFO] [stdout]    --> src/com/client.rs:114:12
[INFO] [stdout]     |
[INFO] [stdout] 114 |     pub fn new(
[INFO] [stdout]     |            ^^^
[INFO] [stdout] 115 |         base_uri: Url,
[INFO] [stdout]     |         -------------
[INFO] [stdout] 116 |         secret_phrase: String,
[INFO] [stdout]     |         ---------------------
[INFO] [stdout] 117 |         timeout: u64,
[INFO] [stdout]     |         ------------
[INFO] [stdout] 118 |         proxy_details: ProxyDetails,
[INFO] [stdout]     |         ---------------------------
[INFO] [stdout] 119 |         additional_headers: Arc<HashMap<String, String>>,
[INFO] [stdout]     |         ------------------------------------------------
[INFO] [stdout] 
[INFO] [stdout] 
[INFO] [stdout] error[E0061]: this function takes 3 arguments but 0 arguments were supplied
[INFO] [stdout]    --> src/com/client.rs:281:47
[INFO] [stdout]     |
[INFO] [stdout] 281 |         let height = match rt.block_on(client.get_mining_info()) {
[INFO] [stdout]     |                                               ^^^^^^^^^^^^^^^- supplied 0 arguments
[INFO] [stdout]     |                                               |
[INFO] [stdout]     |                                               expected 3 arguments
[INFO] [stdout]     |
[INFO] [stdout] note: associated function defined here
[INFO] [stdout]    --> src/com/client.rs:140:12
[INFO] [stdout]     |
[INFO] [stdout] 140 |     pub fn get_mining_info(&self, capacity: u64, additional_headers: Arc<HashMap<String, String>>, xpu_string : Arc<String>) -> impl Futu...
[INFO] [stdout]     |            ^^^^^^^^^^^^^^^ -----  -------------  ------------------------------------------------  ------------------------
[INFO] [stdout] 
[INFO] [stdout] 
[INFO] [stdout] error[E0061]: this function takes 6 arguments but 7 arguments were supplied
[INFO] [stdout]    --> src/request.rs:241:31
[INFO] [stdout]     |
[INFO] [stdout] 241 |         let request_handler = RequestHandler::new(
[INFO] [stdout]     |                               ^^^^^^^^^^^^^^^^^^^ expected 6 arguments
[INFO] [stdout] 242 |             BASE_URL.parse().unwrap(),
[INFO] [stdout]     |             -------------------------
[INFO] [stdout] 243 |             HashMap::new(),
[INFO] [stdout]     |             --------------
[INFO] [stdout] 244 |             3,
[INFO] [stdout]     |             -
[INFO] [stdout] 245 |             12,
[INFO] [stdout]     |             --
[INFO] [stdout] 246 |             true,
[INFO] [stdout]     |             ----
[INFO] [stdout] 247 |             HashMap::new(),
[INFO] [stdout]     |             --------------
[INFO] [stdout] 248 |             rt.executor(),
[INFO] [stdout]     |             ------------- supplied 7 arguments
[INFO] [stdout]     |
[INFO] [stdout] note: associated function defined here
[INFO] [stdout]    --> src/request.rs:23:12
[INFO] [stdout]     |
[INFO] [stdout] 23  |     pub fn new(
[INFO] [stdout]     |            ^^^
[INFO] [stdout] 24  |         base_uri: Url,
[INFO] [stdout]     |         -------------
[INFO] [stdout] 25  |         secret_phrase: String,
[INFO] [stdout]     |         ---------------------
[INFO] [stdout] 26  |         timeout: u64,
[INFO] [stdout]     |         ------------
[INFO] [stdout] 27  |         send_proxy_details: bool,
[INFO] [stdout]     |         ------------------------
[INFO] [stdout] 28  |         additional_headers: Arc<HashMap<String, String>>,
[INFO] [stdout]     |         ------------------------------------------------
[INFO] [stdout] 29  |         executor: TaskExecutor,
[INFO] [stdout]     |         ----------------------
[INFO] [stdout] 
[INFO] [stdout] 
[INFO] [stdout] error: aborting due to 3 previous errors
[INFO] [stdout] 
[INFO] [stdout] 
[INFO] [stdout] For more information about this error, try `rustc --explain E0061`.
[INFO] [stdout] 
[INFO] [stderr] error: could not compile `bencher` due to 4 previous errors
[INFO] [stderr] warning: build failed, waiting for other jobs to finish...
[INFO] [stderr] error: build failed
[INFO] running `Command { std: "docker" "inspect" "863cecac1a6641a5ca173466ba20588e89e769ab096b931d74cfbaa4b4dd79c7", kill_on_drop: false }`
[INFO] running `Command { std: "docker" "rm" "-f" "863cecac1a6641a5ca173466ba20588e89e769ab096b931d74cfbaa4b4dd79c7", kill_on_drop: false }`
[INFO] [stdout] 863cecac1a6641a5ca173466ba20588e89e769ab096b931d74cfbaa4b4dd79c7
