[INFO] cloning repository https://github.com/Planet511/Raytracer-In-Rust
[INFO] running `Command { std: "git" "-c" "credential.helper=" "-c" "credential.helper=/workspace/cargo-home/bin/git-credential-null" "clone" "--bare" "https://github.com/Planet511/Raytracer-In-Rust" "/workspace/cache/git-repos/https%3A%2F%2Fgithub.com%2FPlanet511%2FRaytracer-In-Rust", kill_on_drop: false }`
[INFO] [stderr] Cloning into bare repository '/workspace/cache/git-repos/https%3A%2F%2Fgithub.com%2FPlanet511%2FRaytracer-In-Rust'...
[INFO] running `Command { std: "git" "rev-parse" "HEAD", kill_on_drop: false }`
[INFO] [stdout] 1af69fa67eb79847164964fd76846c0833791b52
[INFO] checking Planet511/Raytracer-In-Rust against 1.55.0 for beta-1.56-3
[INFO] running `Command { std: "git" "clone" "/workspace/cache/git-repos/https%3A%2F%2Fgithub.com%2FPlanet511%2FRaytracer-In-Rust" "/workspace/builds/worker-7/source", kill_on_drop: false }`
[INFO] [stderr] Cloning into '/workspace/builds/worker-7/source'...
[INFO] [stderr] done.
[INFO] [stderr] Updating files:  48% (126/259)
Updating files:  49% (127/259)
Updating files:  50% (130/259)
Updating files:  51% (133/259)
Updating files:  52% (135/259)
Updating files:  53% (138/259)
Updating files:  54% (140/259)
Updating files:  55% (143/259)
Updating files:  56% (146/259)
Updating files:  57% (148/259)
Updating files:  58% (151/259)
Updating files:  59% (153/259)
Updating files:  60% (156/259)
Updating files:  61% (158/259)
Updating files:  62% (161/259)
Updating files:  63% (164/259)
Updating files:  64% (166/259)
Updating files:  65% (169/259)
Updating files:  66% (171/259)
Updating files:  67% (174/259)
Updating files:  68% (177/259)
Updating files:  69% (179/259)
Updating files:  70% (182/259)
Updating files:  71% (184/259)
Updating files:  72% (187/259)
Updating files:  73% (190/259)
Updating files:  74% (192/259)
Updating files:  75% (195/259)
Updating files:  76% (197/259)
Updating files:  77% (200/259)
Updating files:  78% (203/259)
Updating files:  79% (205/259)
Updating files:  80% (208/259)
Updating files:  81% (210/259)
Updating files:  82% (213/259)
Updating files:  83% (215/259)
Updating files:  84% (218/259)
Updating files:  85% (221/259)
Updating files:  86% (223/259)
Updating files:  87% (226/259)
Updating files:  88% (228/259)
Updating files:  89% (231/259)
Updating files:  90% (234/259)
Updating files:  91% (236/259)
Updating files:  92% (239/259)
Updating files:  93% (241/259)
Updating files:  94% (244/259)
Updating files:  95% (247/259)
Updating files:  96% (249/259)
Updating files:  97% (252/259)
Updating files:  98% (254/259)
Updating files:  99% (257/259)
Updating files: 100% (259/259)
Updating files: 100% (259/259), done.
[INFO] validating manifest of git repo https://github.com/Planet511/Raytracer-In-Rust on toolchain 1.55.0
[INFO] running `Command { std: "/workspace/cargo-home/bin/cargo" "+1.55.0" "metadata" "--manifest-path" "Cargo.toml" "--no-deps", kill_on_drop: false }`
[INFO] started tweaking git repo https://github.com/Planet511/Raytracer-In-Rust
[INFO] finished tweaking git repo https://github.com/Planet511/Raytracer-In-Rust
[INFO] tweaked toml for git repo https://github.com/Planet511/Raytracer-In-Rust written to /workspace/builds/worker-7/source/Cargo.toml
[INFO] crate git repo https://github.com/Planet511/Raytracer-In-Rust already has a lockfile, it will not be regenerated
[INFO] running `Command { std: "/workspace/cargo-home/bin/cargo" "+1.55.0" "fetch" "--manifest-path" "Cargo.toml", kill_on_drop: false }`
[INFO] running `Command { std: "docker" "create" "-v" "/var/lib/crater-agent-workspace/builds/worker-7/target:/opt/rustwide/target:rw,Z" "-v" "/var/lib/crater-agent-workspace/builds/worker-7/source:/opt/rustwide/workdir:ro,Z" "-v" "/var/lib/crater-agent-workspace/cargo-home:/opt/rustwide/cargo-home:ro,Z" "-v" "/var/lib/crater-agent-workspace/rustup-home:/opt/rustwide/rustup-home:ro,Z" "-e" "SOURCE_DIR=/opt/rustwide/workdir" "-e" "CARGO_TARGET_DIR=/opt/rustwide/target" "-e" "CARGO_HOME=/opt/rustwide/cargo-home" "-e" "RUSTUP_HOME=/opt/rustwide/rustup-home" "-w" "/opt/rustwide/workdir" "-m" "1610612736" "--user" "0:0" "--network" "none" "ghcr.io/rust-lang/crates-build-env/linux@sha256:a89201d6b5b9fd45c15d5952ece0a0129e7e80cb26ec023fd59cf09bc26f1604" "/opt/rustwide/cargo-home/bin/cargo" "+1.55.0" "metadata" "--no-deps" "--format-version=1", kill_on_drop: false }`
[INFO] [stdout] 8b5a6b036458a4920425d9baba42a941681afaf8999f59a5afd78cb7aecb836d
[INFO] [stderr] WARNING: Your kernel does not support swap limit capabilities or the cgroup is not mounted. Memory limited without swap.
[INFO] running `Command { std: "docker" "start" "-a" "8b5a6b036458a4920425d9baba42a941681afaf8999f59a5afd78cb7aecb836d", kill_on_drop: false }`
[INFO] running `Command { std: "docker" "inspect" "8b5a6b036458a4920425d9baba42a941681afaf8999f59a5afd78cb7aecb836d", kill_on_drop: false }`
[INFO] running `Command { std: "docker" "rm" "-f" "8b5a6b036458a4920425d9baba42a941681afaf8999f59a5afd78cb7aecb836d", kill_on_drop: false }`
[INFO] [stdout] 8b5a6b036458a4920425d9baba42a941681afaf8999f59a5afd78cb7aecb836d
[INFO] running `Command { std: "docker" "create" "-v" "/var/lib/crater-agent-workspace/builds/worker-7/target:/opt/rustwide/target:rw,Z" "-v" "/var/lib/crater-agent-workspace/builds/worker-7/source:/opt/rustwide/workdir:ro,Z" "-v" "/var/lib/crater-agent-workspace/cargo-home:/opt/rustwide/cargo-home:ro,Z" "-v" "/var/lib/crater-agent-workspace/rustup-home:/opt/rustwide/rustup-home:ro,Z" "-e" "SOURCE_DIR=/opt/rustwide/workdir" "-e" "CARGO_TARGET_DIR=/opt/rustwide/target" "-e" "CARGO_INCREMENTAL=0" "-e" "RUST_BACKTRACE=full" "-e" "RUSTFLAGS=--cap-lints=warn" "-e" "CARGO_HOME=/opt/rustwide/cargo-home" "-e" "RUSTUP_HOME=/opt/rustwide/rustup-home" "-w" "/opt/rustwide/workdir" "-m" "1610612736" "--user" "0:0" "--network" "none" "ghcr.io/rust-lang/crates-build-env/linux@sha256:a89201d6b5b9fd45c15d5952ece0a0129e7e80cb26ec023fd59cf09bc26f1604" "/opt/rustwide/cargo-home/bin/cargo" "+1.55.0" "check" "--frozen" "--all" "--all-targets" "--message-format=json", kill_on_drop: false }`
[INFO] [stdout] 1aeb14d5cf1fead1f7597d5653d1fa5eca2e6a308d7f37026560a3b7f1be1675
[INFO] [stderr] WARNING: Your kernel does not support swap limit capabilities or the cgroup is not mounted. Memory limited without swap.
[INFO] running `Command { std: "docker" "start" "-a" "1aeb14d5cf1fead1f7597d5653d1fa5eca2e6a308d7f37026560a3b7f1be1675", kill_on_drop: false }`
[INFO] [stderr]    Compiling libc v0.2.101
[INFO] [stderr]     Checking getrandom v0.2.3
[INFO] [stderr]     Checking rand_core v0.6.3
[INFO] [stderr]     Checking rand_chacha v0.3.1
[INFO] [stderr]     Checking rand v0.8.4
[INFO] [stderr]     Checking raytracer v0.1.0 (/opt/rustwide/workdir)
[INFO] [stdout] error[E0583]: file not found for module `vec3`
[INFO] [stdout]   --> src/main.rs:19:1
[INFO] [stdout]    |
[INFO] [stdout] 19 | mod vec3;
[INFO] [stdout]    | ^^^^^^^^^
[INFO] [stdout]    |
[INFO] [stdout]    = help: to create the module `vec3`, create file "src/vec3.rs" or "src/vec3/mod.rs"
[INFO] [stdout] 
[INFO] [stdout] 
[INFO] [stdout] error[E0432]: unresolved imports `vec3::Color`, `vec3::Vec3`
[INFO] [stdout]  --> src/main.rs:6:12
[INFO] [stdout]   |
[INFO] [stdout] 6 | use vec3::{Color, Vec3};
[INFO] [stdout]   |            ^^^^^  ^^^^ no `Vec3` in `vec3`
[INFO] [stdout]   |            |
[INFO] [stdout]   |            no `Color` in `vec3`
[INFO] [stdout] 
[INFO] [stdout] 
[INFO] [stdout] error[E0432]: unresolved import `crate::vec3::Point3`
[INFO] [stdout]   --> src/main.rs:10:80
[INFO] [stdout]    |
[INFO] [stdout] 10 | use crate::{hittable_list::HittableList, sphere::Sphere, utility::write_color, vec3::Point3};
[INFO] [stdout]    |                                                                                ^^^^^^^^^^^^ no `Point3` in `vec3`
[INFO] [stdout] 
[INFO] [stdout] 
[INFO] [stdout] error[E0432]: unresolved import `crate::vec3::Vec3`
[INFO] [stdout]  --> src/camera.rs:1:5
[INFO] [stdout]   |
[INFO] [stdout] 1 | use crate::vec3::Vec3;
[INFO] [stdout]   |     ^^^^^^^^^^^^^^^^^ no `Vec3` in `vec3`
[INFO] [stdout] 
[INFO] [stdout] 
[INFO] [stdout] error[E0432]: unresolved import `crate::vec3::Point3`
[INFO] [stdout]  --> src/hittable.rs:2:5
[INFO] [stdout]   |
[INFO] [stdout] 2 | use crate::vec3::Point3;
[INFO] [stdout]   |     ^^^^^^^^^^^^^^^^^^^ no `Point3` in `vec3`
[INFO] [stdout] 
[INFO] [stdout] 
[INFO] [stdout] error[E0432]: unresolved import `crate::vec3::Vec3`
[INFO] [stdout]  --> src/hittable.rs:3:5
[INFO] [stdout]   |
[INFO] [stdout] 3 | use crate::vec3::Vec3;
[INFO] [stdout]   |     ^^^^^^^^^^^^^^^^^ no `Vec3` in `vec3`
[INFO] [stdout] 
[INFO] [stdout] 
[INFO] [stdout] error[E0432]: unresolved import `crate::vec3::Vec3`
[INFO] [stdout]  --> src/material.rs:3:5
[INFO] [stdout]   |
[INFO] [stdout] 3 | use crate::vec3::Vec3;
[INFO] [stdout]   |     ^^^^^^^^^^^^^^^^^ no `Vec3` in `vec3`
[INFO] [stdout] 
[INFO] [stdout] 
[INFO] [stdout] error[E0432]: unresolved import `crate::vec3::Vec3`
[INFO] [stdout]  --> src/ray.rs:1:5
[INFO] [stdout]   |
[INFO] [stdout] 1 | use crate::vec3::Vec3;
[INFO] [stdout]   |     ^^^^^^^^^^^^^^^^^ no `Vec3` in `vec3`
[INFO] [stdout] 
[INFO] [stdout] 
[INFO] [stdout] error[E0432]: unresolved import `crate::vec3::Point3`
[INFO] [stdout]  --> src/ray.rs:2:5
[INFO] [stdout]   |
[INFO] [stdout] 2 | use crate::vec3::Point3;
[INFO] [stdout]   |     ^^^^^^^^^^^^^^^^^^^ no `Point3` in `vec3`
[INFO] [stdout] 
[INFO] [stdout] 
[INFO] [stdout] error[E0432]: unresolved imports `crate::vec3::Point3`, `crate::vec3::Vec3`
[INFO] [stdout]  --> src/sphere.rs:1:92
[INFO] [stdout]   |
[INFO] [stdout] 1 | use crate::{hittable::HitRecord, hittable::Hittable, material::{self, Material}, ray::Ray, vec3::Point3, vec3::Vec3};
[INFO] [stdout]   |                                                                                            ^^^^^^^^^^^^  ^^^^^^^^^^ no `Vec3` in `vec3`
[INFO] [stdout]   |                                                                                            |
[INFO] [stdout]   |                                                                                            no `Point3` in `vec3`
[INFO] [stdout] 
[INFO] [stdout] 
[INFO] [stdout] error[E0432]: unresolved import `crate::vec3::Color`
[INFO] [stdout]  --> src/utility.rs:1:5
[INFO] [stdout]   |
[INFO] [stdout] 1 | use crate::vec3::Color;
[INFO] [stdout]   |     ^^^^^^^^^^^^^^^^^^ no `Color` in `vec3`
[INFO] [stdout] 
[INFO] [stdout] 
[INFO] [stdout] warning: unused import: `HitRecord`
[INFO] [stdout]  --> src/main.rs:2:16
[INFO] [stdout]   |
[INFO] [stdout] 2 | use hittable::{HitRecord, Hittable};
[INFO] [stdout]   |                ^^^^^^^^^
[INFO] [stdout]   |
[INFO] [stdout]   = note: `#[warn(unused_imports)]` on by default
[INFO] [stdout] 
[INFO] [stdout] 
[INFO] [stdout] warning: unused import: `utility::infinity`
[INFO] [stdout]  --> src/main.rs:5:5
[INFO] [stdout]   |
[INFO] [stdout] 5 | use utility::infinity;
[INFO] [stdout]   |     ^^^^^^^^^^^^^^^^^
[INFO] [stdout] 
[INFO] [stdout] 
[INFO] [stdout] warning: unused import: `utility::write_color`
[INFO] [stdout]   --> src/main.rs:10:58
[INFO] [stdout]    |
[INFO] [stdout] 10 | use crate::{hittable_list::HittableList, sphere::Sphere, utility::write_color, vec3::Point3};
[INFO] [stdout]    |                                                          ^^^^^^^^^^^^^^^^^^^^
[INFO] [stdout] 
[INFO] [stdout] 
[INFO] [stdout] warning: unused import: `crate::material`
[INFO] [stdout]  --> src/hittable.rs:1:5
[INFO] [stdout]   |
[INFO] [stdout] 1 | use crate::material;
[INFO] [stdout]   |     ^^^^^^^^^^^^^^^
[INFO] [stdout] 
[INFO] [stdout] 
[INFO] [stdout] warning: unused import: `self`
[INFO] [stdout]  --> src/sphere.rs:1:65
[INFO] [stdout]   |
[INFO] [stdout] 1 | use crate::{hittable::HitRecord, hittable::Hittable, material::{self, Material}, ray::Ray, vec3::Point3, vec3::Vec3};
[INFO] [stdout]   |                                                                 ^^^^
[INFO] [stdout] 
[INFO] [stdout] 
[INFO] [stdout] error[E0583]: file not found for module `vec3`
[INFO] [stdout]   --> src/main.rs:19:1
[INFO] [stdout]    |
[INFO] [stdout] 19 | mod vec3;
[INFO] [stdout]    | ^^^^^^^^^
[INFO] [stdout]    |
[INFO] [stdout]    = help: to create the module `vec3`, create file "src/vec3.rs" or "src/vec3/mod.rs"
[INFO] [stdout] 
[INFO] [stdout] 
[INFO] [stdout] error[E0432]: unresolved imports `vec3::Color`, `vec3::Vec3`
[INFO] [stdout]  --> src/main.rs:6:12
[INFO] [stdout]   |
[INFO] [stdout] 6 | use vec3::{Color, Vec3};
[INFO] [stdout]   |            ^^^^^  ^^^^ no `Vec3` in `vec3`
[INFO] [stdout]   |            |
[INFO] [stdout]   |            no `Color` in `vec3`
[INFO] [stdout] 
[INFO] [stdout] 
[INFO] [stdout] error[E0432]: unresolved import `crate::vec3::Point3`
[INFO] [stdout]   --> src/main.rs:10:80
[INFO] [stdout]    |
[INFO] [stdout] 10 | use crate::{hittable_list::HittableList, sphere::Sphere, utility::write_color, vec3::Point3};
[INFO] [stdout]    |                                                                                ^^^^^^^^^^^^ no `Point3` in `vec3`
[INFO] [stdout] 
[INFO] [stdout] 
[INFO] [stdout] error[E0432]: unresolved import `crate::vec3::Vec3`
[INFO] [stdout]  --> src/camera.rs:1:5
[INFO] [stdout]   |
[INFO] [stdout] 1 | use crate::vec3::Vec3;
[INFO] [stdout]   |     ^^^^^^^^^^^^^^^^^ no `Vec3` in `vec3`
[INFO] [stdout] 
[INFO] [stdout] 
[INFO] [stdout] error[E0432]: unresolved import `crate::vec3::Point3`
[INFO] [stdout]  --> src/hittable.rs:2:5
[INFO] [stdout]   |
[INFO] [stdout] 2 | use crate::vec3::Point3;
[INFO] [stdout]   |     ^^^^^^^^^^^^^^^^^^^ no `Point3` in `vec3`
[INFO] [stdout] 
[INFO] [stdout] 
[INFO] [stdout] error[E0432]: unresolved import `crate::vec3::Vec3`
[INFO] [stdout]  --> src/hittable.rs:3:5
[INFO] [stdout]   |
[INFO] [stdout] 3 | use crate::vec3::Vec3;
[INFO] [stdout]   |     ^^^^^^^^^^^^^^^^^ no `Vec3` in `vec3`
[INFO] [stdout] 
[INFO] [stdout] 
[INFO] [stdout] error[E0432]: unresolved import `crate::vec3::Vec3`
[INFO] [stdout]  --> src/material.rs:3:5
[INFO] [stdout]   |
[INFO] [stdout] 3 | use crate::vec3::Vec3;
[INFO] [stdout]   |     ^^^^^^^^^^^^^^^^^ no `Vec3` in `vec3`
[INFO] [stdout] 
[INFO] [stdout] 
[INFO] [stdout] error[E0432]: unresolved import `crate::vec3::Vec3`
[INFO] [stdout]  --> src/ray.rs:1:5
[INFO] [stdout]   |
[INFO] [stdout] 1 | use crate::vec3::Vec3;
[INFO] [stdout]   |     ^^^^^^^^^^^^^^^^^ no `Vec3` in `vec3`
[INFO] [stdout] 
[INFO] [stdout] 
[INFO] [stdout] error[E0432]: unresolved import `crate::vec3::Point3`
[INFO] [stdout]  --> src/ray.rs:2:5
[INFO] [stdout]   |
[INFO] [stdout] 2 | use crate::vec3::Point3;
[INFO] [stdout]   |     ^^^^^^^^^^^^^^^^^^^ no `Point3` in `vec3`
[INFO] [stdout] 
[INFO] [stdout] 
[INFO] [stdout] error[E0432]: unresolved imports `crate::vec3::Point3`, `crate::vec3::Vec3`
[INFO] [stdout]  --> src/sphere.rs:1:92
[INFO] [stdout]   |
[INFO] [stdout] 1 | use crate::{hittable::HitRecord, hittable::Hittable, material::{self, Material}, ray::Ray, vec3::Point3, vec3::Vec3};
[INFO] [stdout]   |                                                                                            ^^^^^^^^^^^^  ^^^^^^^^^^ no `Vec3` in `vec3`
[INFO] [stdout]   |                                                                                            |
[INFO] [stdout]   |                                                                                            no `Point3` in `vec3`
[INFO] [stdout] 
[INFO] [stdout] 
[INFO] [stdout] error[E0432]: unresolved import `crate::vec3::Color`
[INFO] [stdout]  --> src/utility.rs:1:5
[INFO] [stdout]   |
[INFO] [stdout] 1 | use crate::vec3::Color;
[INFO] [stdout]   |     ^^^^^^^^^^^^^^^^^^ no `Color` in `vec3`
[INFO] [stdout] 
[INFO] [stdout] 
[INFO] [stdout] warning: unused import: `HitRecord`
[INFO] [stdout]  --> src/main.rs:2:16
[INFO] [stdout]   |
[INFO] [stdout] 2 | use hittable::{HitRecord, Hittable};
[INFO] [stdout]   |                ^^^^^^^^^
[INFO] [stdout]   |
[INFO] [stdout]   = note: `#[warn(unused_imports)]` on by default
[INFO] [stdout] 
[INFO] [stdout] 
[INFO] [stdout] warning: unused import: `utility::infinity`
[INFO] [stdout]  --> src/main.rs:5:5
[INFO] [stdout]   |
[INFO] [stdout] 5 | use utility::infinity;
[INFO] [stdout]   |     ^^^^^^^^^^^^^^^^^
[INFO] [stdout] 
[INFO] [stdout] 
[INFO] [stdout] warning: unused import: `utility::write_color`
[INFO] [stdout]   --> src/main.rs:10:58
[INFO] [stdout]    |
[INFO] [stdout] 10 | use crate::{hittable_list::HittableList, sphere::Sphere, utility::write_color, vec3::Point3};
[INFO] [stdout]    |                                                          ^^^^^^^^^^^^^^^^^^^^
[INFO] [stdout] 
[INFO] [stdout] 
[INFO] [stdout] warning: unused import: `crate::material`
[INFO] [stdout]  --> src/hittable.rs:1:5
[INFO] [stdout]   |
[INFO] [stdout] 1 | use crate::material;
[INFO] [stdout]   |     ^^^^^^^^^^^^^^^
[INFO] [stdout] 
[INFO] [stdout] 
[INFO] [stdout] warning: unused import: `self`
[INFO] [stdout]  --> src/sphere.rs:1:65
[INFO] [stdout]   |
[INFO] [stdout] 1 | use crate::{hittable::HitRecord, hittable::Hittable, material::{self, Material}, ray::Ray, vec3::Point3, vec3::Vec3};
[INFO] [stdout]   |                                                                 ^^^^
[INFO] [stdout] 
[INFO] [stdout] 
[INFO] [stdout] error[E0599]: no method named `x` found for type `f64` in the current scope
[INFO] [stdout]   --> src/camera.rs:45:34
[INFO] [stdout]    |
[INFO] [stdout] 45 |         let offset = self.u * rd.x() + self.v * rd.y();
[INFO] [stdout]    |                                  ^ method not found in `f64`
[INFO] [stdout] 
[INFO] [stdout] 
[INFO] [stdout] error[E0599]: no method named `y` found for type `f64` in the current scope
[INFO] [stdout]   --> src/camera.rs:45:52
[INFO] [stdout]    |
[INFO] [stdout] 45 |         let offset = self.u * rd.x() + self.v * rd.y();
[INFO] [stdout]    |                                                    ^ method not found in `f64`
[INFO] [stdout] 
[INFO] [stdout] 
[INFO] [stdout] error[E0283]: type annotations needed
[INFO] [stdout]    --> src/hittable.rs:9:5
[INFO] [stdout]     |
[INFO] [stdout] 7   | #[derive(Default)]
[INFO] [stdout]     |          ------- in this derive macro expansion
[INFO] [stdout] 8   | pub struct HitRecord{
[INFO] [stdout] 9   |     pub p: Point3,
[INFO] [stdout]     |     ^^^^^^^^^^^^^ cannot infer type
[INFO] [stdout]     |
[INFO] [stdout]     = note: cannot satisfy `_: Default`
[INFO] [stdout] note: required by `std::default::Default::default`
[INFO] [stdout]     = note: this error originates in the derive macro `Default` (in Nightly builds, run with -Z macro-backtrace for more info)
[INFO] [stdout] 
[INFO] [stdout] 
[INFO] [stdout] error[E0599]: no method named `squared_length` found for type `{float}` in the current scope
[INFO] [stdout]    --> src/material.rs:123:14
[INFO] [stdout]     |
[INFO] [stdout] 123 |         if p.squared_length() < 1.0 {
[INFO] [stdout]     |              ^^^^^^^^^^^^^^ method not found in `{float}`
[INFO] [stdout] 
[INFO] [stdout] 
[INFO] [stdout] error[E0283]: type annotations needed
[INFO] [stdout]    --> src/ray.rs:6:5
[INFO] [stdout]     |
[INFO] [stdout] 4   | #[derive(Debug, Clone, Copy, Default)]
[INFO] [stdout]     |                              ------- in this derive macro expansion
[INFO] [stdout] 5   | pub struct Ray{
[INFO] [stdout] 6   |     pub origin: Vec3,
[INFO] [stdout]     |     ^^^^^^^^^^^^^^^^ cannot infer type
[INFO] [stdout]     |
[INFO] [stdout]     = note: cannot satisfy `_: Default`
[INFO] [stdout] note: required by `std::default::Default::default`
[INFO] [stdout]     = note: this error originates in the derive macro `Default` (in Nightly builds, run with -Z macro-backtrace for more info)
[INFO] [stdout] 
[INFO] [stdout] 
[INFO] [stdout] error: aborting due to 16 previous errors; 5 warnings emitted
[INFO] [stdout] 
[INFO] [stdout] 
[INFO] [stdout] Some errors have detailed explanations: E0283, E0432, E0583, E0599.
[INFO] [stdout] 
[INFO] [stdout] For more information about an error, try `rustc --explain E0283`.
[INFO] [stdout] 
[INFO] [stderr] error: could not compile `raytracer` due to 17 previous errors; 5 warnings emitted
[INFO] [stderr] warning: build failed, waiting for other jobs to finish...
[INFO] [stdout] error[E0599]: no method named `x` found for type `f64` in the current scope
[INFO] [stdout]   --> src/camera.rs:45:34
[INFO] [stdout]    |
[INFO] [stdout] 45 |         let offset = self.u * rd.x() + self.v * rd.y();
[INFO] [stdout]    |                                  ^ method not found in `f64`
[INFO] [stdout] 
[INFO] [stdout] 
[INFO] [stdout] error[E0599]: no method named `y` found for type `f64` in the current scope
[INFO] [stdout]   --> src/camera.rs:45:52
[INFO] [stdout]    |
[INFO] [stdout] 45 |         let offset = self.u * rd.x() + self.v * rd.y();
[INFO] [stdout]    |                                                    ^ method not found in `f64`
[INFO] [stdout] 
[INFO] [stdout] 
[INFO] [stdout] error[E0283]: type annotations needed
[INFO] [stdout]    --> src/hittable.rs:9:5
[INFO] [stdout]     |
[INFO] [stdout] 7   | #[derive(Default)]
[INFO] [stdout]     |          ------- in this derive macro expansion
[INFO] [stdout] 8   | pub struct HitRecord{
[INFO] [stdout] 9   |     pub p: Point3,
[INFO] [stdout]     |     ^^^^^^^^^^^^^ cannot infer type
[INFO] [stdout]     |
[INFO] [stdout]     = note: cannot satisfy `_: Default`
[INFO] [stdout] note: required by `std::default::Default::default`
[INFO] [stdout]     = note: this error originates in the derive macro `Default` (in Nightly builds, run with -Z macro-backtrace for more info)
[INFO] [stdout] 
[INFO] [stdout] 
[INFO] [stdout] error[E0599]: no method named `squared_length` found for type `{float}` in the current scope
[INFO] [stdout]    --> src/material.rs:123:14
[INFO] [stdout]     |
[INFO] [stdout] 123 |         if p.squared_length() < 1.0 {
[INFO] [stdout]     |              ^^^^^^^^^^^^^^ method not found in `{float}`
[INFO] [stdout] 
[INFO] [stdout] 
[INFO] [stdout] error[E0283]: type annotations needed
[INFO] [stdout]    --> src/ray.rs:6:5
[INFO] [stdout]     |
[INFO] [stdout] 4   | #[derive(Debug, Clone, Copy, Default)]
[INFO] [stdout]     |                              ------- in this derive macro expansion
[INFO] [stdout] 5   | pub struct Ray{
[INFO] [stdout] 6   |     pub origin: Vec3,
[INFO] [stdout]     |     ^^^^^^^^^^^^^^^^ cannot infer type
[INFO] [stdout]     |
[INFO] [stdout]     = note: cannot satisfy `_: Default`
[INFO] [stdout] note: required by `std::default::Default::default`
[INFO] [stdout]     = note: this error originates in the derive macro `Default` (in Nightly builds, run with -Z macro-backtrace for more info)
[INFO] [stdout] 
[INFO] [stdout] 
[INFO] [stdout] error: aborting due to 16 previous errors; 5 warnings emitted
[INFO] [stdout] 
[INFO] [stdout] 
[INFO] [stdout] Some errors have detailed explanations: E0283, E0432, E0583, E0599.
[INFO] [stdout] 
[INFO] [stdout] For more information about an error, try `rustc --explain E0283`.
[INFO] [stdout] 
[INFO] [stderr] error: build failed
[INFO] running `Command { std: "docker" "inspect" "1aeb14d5cf1fead1f7597d5653d1fa5eca2e6a308d7f37026560a3b7f1be1675", kill_on_drop: false }`
[INFO] running `Command { std: "docker" "rm" "-f" "1aeb14d5cf1fead1f7597d5653d1fa5eca2e6a308d7f37026560a3b7f1be1675", kill_on_drop: false }`
[INFO] [stdout] 1aeb14d5cf1fead1f7597d5653d1fa5eca2e6a308d7f37026560a3b7f1be1675
