[INFO] cloning repository https://github.com/PhotonQuantum/l-lang-parser-rs
[INFO] running `Command { std: "git" "-c" "credential.helper=" "-c" "credential.helper=/workspace/cargo-home/bin/git-credential-null" "clone" "--bare" "https://github.com/PhotonQuantum/l-lang-parser-rs" "/workspace/cache/git-repos/https%3A%2F%2Fgithub.com%2FPhotonQuantum%2Fl-lang-parser-rs", kill_on_drop: false }`
[INFO] [stderr] Cloning into bare repository '/workspace/cache/git-repos/https%3A%2F%2Fgithub.com%2FPhotonQuantum%2Fl-lang-parser-rs'...
[INFO] running `Command { std: "git" "rev-parse" "HEAD", kill_on_drop: false }`
[INFO] [stdout] 828b04f0164a163345e876106e3a5c636bcf24a5
[INFO] checking PhotonQuantum/l-lang-parser-rs against 1.55.0 for beta-1.56-3
[INFO] running `Command { std: "git" "clone" "/workspace/cache/git-repos/https%3A%2F%2Fgithub.com%2FPhotonQuantum%2Fl-lang-parser-rs" "/workspace/builds/worker-14/source", kill_on_drop: false }`
[INFO] [stderr] Cloning into '/workspace/builds/worker-14/source'...
[INFO] [stderr] done.
[INFO] validating manifest of git repo https://github.com/PhotonQuantum/l-lang-parser-rs on toolchain 1.55.0
[INFO] running `Command { std: "/workspace/cargo-home/bin/cargo" "+1.55.0" "metadata" "--manifest-path" "Cargo.toml" "--no-deps", kill_on_drop: false }`
[INFO] started tweaking git repo https://github.com/PhotonQuantum/l-lang-parser-rs
[INFO] finished tweaking git repo https://github.com/PhotonQuantum/l-lang-parser-rs
[INFO] tweaked toml for git repo https://github.com/PhotonQuantum/l-lang-parser-rs written to /workspace/builds/worker-14/source/Cargo.toml
[INFO] crate git repo https://github.com/PhotonQuantum/l-lang-parser-rs already has a lockfile, it will not be regenerated
[INFO] running `Command { std: "/workspace/cargo-home/bin/cargo" "+1.55.0" "fetch" "--manifest-path" "Cargo.toml", kill_on_drop: false }`
[INFO] running `Command { std: "docker" "create" "-v" "/var/lib/crater-agent-workspace/builds/worker-14/target:/opt/rustwide/target:rw,Z" "-v" "/var/lib/crater-agent-workspace/builds/worker-14/source:/opt/rustwide/workdir:ro,Z" "-v" "/var/lib/crater-agent-workspace/cargo-home:/opt/rustwide/cargo-home:ro,Z" "-v" "/var/lib/crater-agent-workspace/rustup-home:/opt/rustwide/rustup-home:ro,Z" "-e" "SOURCE_DIR=/opt/rustwide/workdir" "-e" "CARGO_TARGET_DIR=/opt/rustwide/target" "-e" "CARGO_HOME=/opt/rustwide/cargo-home" "-e" "RUSTUP_HOME=/opt/rustwide/rustup-home" "-w" "/opt/rustwide/workdir" "-m" "1610612736" "--user" "0:0" "--network" "none" "ghcr.io/rust-lang/crates-build-env/linux@sha256:a89201d6b5b9fd45c15d5952ece0a0129e7e80cb26ec023fd59cf09bc26f1604" "/opt/rustwide/cargo-home/bin/cargo" "+1.55.0" "metadata" "--no-deps" "--format-version=1", kill_on_drop: false }`
[INFO] [stdout] 48a6316421bab8aa74610823fc0fee904e54fe8cae228a4451edb8f8a3663597
[INFO] [stderr] WARNING: Your kernel does not support swap limit capabilities or the cgroup is not mounted. Memory limited without swap.
[INFO] running `Command { std: "docker" "start" "-a" "48a6316421bab8aa74610823fc0fee904e54fe8cae228a4451edb8f8a3663597", kill_on_drop: false }`
[INFO] running `Command { std: "docker" "inspect" "48a6316421bab8aa74610823fc0fee904e54fe8cae228a4451edb8f8a3663597", kill_on_drop: false }`
[INFO] running `Command { std: "docker" "rm" "-f" "48a6316421bab8aa74610823fc0fee904e54fe8cae228a4451edb8f8a3663597", kill_on_drop: false }`
[INFO] [stdout] 48a6316421bab8aa74610823fc0fee904e54fe8cae228a4451edb8f8a3663597
[INFO] running `Command { std: "docker" "create" "-v" "/var/lib/crater-agent-workspace/builds/worker-14/target:/opt/rustwide/target:rw,Z" "-v" "/var/lib/crater-agent-workspace/builds/worker-14/source:/opt/rustwide/workdir:ro,Z" "-v" "/var/lib/crater-agent-workspace/cargo-home:/opt/rustwide/cargo-home:ro,Z" "-v" "/var/lib/crater-agent-workspace/rustup-home:/opt/rustwide/rustup-home:ro,Z" "-e" "SOURCE_DIR=/opt/rustwide/workdir" "-e" "CARGO_TARGET_DIR=/opt/rustwide/target" "-e" "CARGO_INCREMENTAL=0" "-e" "RUST_BACKTRACE=full" "-e" "RUSTFLAGS=--cap-lints=warn" "-e" "CARGO_HOME=/opt/rustwide/cargo-home" "-e" "RUSTUP_HOME=/opt/rustwide/rustup-home" "-w" "/opt/rustwide/workdir" "-m" "1610612736" "--user" "0:0" "--network" "none" "ghcr.io/rust-lang/crates-build-env/linux@sha256:a89201d6b5b9fd45c15d5952ece0a0129e7e80cb26ec023fd59cf09bc26f1604" "/opt/rustwide/cargo-home/bin/cargo" "+1.55.0" "check" "--frozen" "--all" "--all-targets" "--message-format=json", kill_on_drop: false }`
[INFO] [stdout] 99327a3224b43bf48eb618cedece60144d4d697ae10912fcdd11104fe664f674
[INFO] [stderr] WARNING: Your kernel does not support swap limit capabilities or the cgroup is not mounted. Memory limited without swap.
[INFO] running `Command { std: "docker" "start" "-a" "99327a3224b43bf48eb618cedece60144d4d697ae10912fcdd11104fe664f674", kill_on_drop: false }`
[INFO] [stderr]    Compiling syn v1.0.50
[INFO] [stderr]     Checking atty v0.2.14
[INFO] [stderr]     Checking rand v0.4.6
[INFO] [stderr]     Checking clap v2.33.3
[INFO] [stderr]     Checking tempdir v0.3.7
[INFO] [stderr]    Compiling pest_generator v2.1.3
[INFO] [stderr]    Compiling thiserror-impl v1.0.22
[INFO] [stderr]    Compiling pest_derive v2.1.0
[INFO] [stderr]     Checking thiserror v1.0.22
[INFO] [stderr]     Checking which v4.0.2
[INFO] [stderr]     Checking toy_lang_parser_rs v0.1.0 (/opt/rustwide/workdir)
[INFO] [stdout] error[E0554]: `#![feature]` may not be used on the stable release channel
[INFO] [stdout]  --> src/main.rs:1:1
[INFO] [stdout]   |
[INFO] [stdout] 1 | #![feature(iterator_fold_self, box_syntax, box_patterns)]
[INFO] [stdout]   | ^^^^^^^^^^^^^^^^^^^^^^^^^^^^^^^^^^^^^^^^^^^^^^^^^^^^^^^^^
[INFO] [stdout] 
[INFO] [stdout] 
[INFO] [stdout] error[E0554]: `#![feature]` may not be used on the stable release channel
[INFO] [stdout]  --> src/main.rs:1:1
[INFO] [stdout]   |
[INFO] [stdout] 1 | #![feature(iterator_fold_self, box_syntax, box_patterns)]
[INFO] [stdout]   | ^^^^^^^^^^^^^^^^^^^^^^^^^^^^^^^^^^^^^^^^^^^^^^^^^^^^^^^^^
[INFO] [stdout] 
[INFO] [stdout] 
[INFO] [stdout] error[E0599]: no method named `fold_first` found for struct `Map` in the current scope
[INFO] [stdout]   --> src/transpiler/ast.rs:19:14
[INFO] [stdout]    |
[INFO] [stdout] 19 |             .fold_first(|x, y| format!("{}\n{}", x, y))
[INFO] [stdout]    |              ^^^^^^^^^^ method not found in `Map<std::slice::Iter<'_, ast::CoqStmt>, [closure@src/transpiler/ast.rs:18:18: 18:35]>`
[INFO] [stdout] 
[INFO] [stdout] 
[INFO] [stdout] error[E0599]: no method named `fold_first` found for struct `Map` in the current scope
[INFO] [stdout]   --> src/transpiler/ast.rs:19:14
[INFO] [stdout]    |
[INFO] [stdout] 19 |             .fold_first(|x, y| format!("{}\n{}", x, y))
[INFO] [stdout]    |              ^^^^^^^^^^ method not found in `Map<std::slice::Iter<'_, ast::CoqStmt>, [closure@src/transpiler/ast.rs:18:18: 18:35]>`
[INFO] [stdout] 
[INFO] [stdout] 
[INFO] [stdout] error[E0599]: no method named `fold_first` found for struct `std::vec::IntoIter` in the current scope
[INFO] [stdout]   --> src/transpiler/ast.rs:69:22
[INFO] [stdout]    |
[INFO] [stdout] 69 |                     .fold_first(|x, y| format!("(app {} {})", x, y))
[INFO] [stdout]    |                      ^^^^^^^^^^ method not found in `std::vec::IntoIter<String>`
[INFO] [stdout] 
[INFO] [stdout] 
[INFO] [stdout] error[E0599]: no method named `fold_first` found for struct `Map` in the current scope
[INFO] [stdout]    --> src/transpiler/ast.rs:118:14
[INFO] [stdout]     |
[INFO] [stdout] 118 |             .fold_first(|x, y| format!("{}; {}", x, y))
[INFO] [stdout]     |              ^^^^^^^^^^ method not found in `Map<std::vec::IntoIter<String>, [closure@src/transpiler/ast.rs:117:18: 117:42]>`
[INFO] [stdout] 
[INFO] [stdout] 
[INFO] [stdout] error[E0599]: no method named `fold_first` found for struct `std::vec::IntoIter` in the current scope
[INFO] [stdout]   --> src/transpiler/ast.rs:69:22
[INFO] [stdout]    |
[INFO] [stdout] 69 |                     .fold_first(|x, y| format!("(app {} {})", x, y))
[INFO] [stdout]    |                      ^^^^^^^^^^ method not found in `std::vec::IntoIter<String>`
[INFO] [stdout] 
[INFO] [stdout] 
[INFO] [stdout] error[E0599]: no method named `fold_first` found for struct `Map` in the current scope
[INFO] [stdout]  --> src/transpiler/utils.rs:6:10
[INFO] [stdout]   |
[INFO] [stdout] 6 |         .fold_first(|x, y| format!("{}\n{}", x, y))
[INFO] [stdout]   |          ^^^^^^^^^^ method not found in `Map<std::str::Lines<'_>, [closure@src/transpiler/utils.rs:5:14: 5:36]>`
[INFO] [stdout] 
[INFO] [stdout] 
[INFO] [stdout] error: aborting due to 5 previous errors
[INFO] [stdout] 
[INFO] [stdout] 
[INFO] [stdout] Some errors have detailed explanations: E0554, E0599.
[INFO] [stdout] 
[INFO] [stdout] For more information about an error, try `rustc --explain E0554`.
[INFO] [stdout] 
[INFO] [stderr] error: could not compile `toy_lang_parser_rs` due to 6 previous errors
[INFO] [stderr] warning: build failed, waiting for other jobs to finish...
[INFO] [stdout] error[E0599]: no method named `fold_first` found for struct `Map` in the current scope
[INFO] [stdout]    --> src/transpiler/ast.rs:118:14
[INFO] [stdout]     |
[INFO] [stdout] 118 |             .fold_first(|x, y| format!("{}; {}", x, y))
[INFO] [stdout]     |              ^^^^^^^^^^ method not found in `Map<std::vec::IntoIter<String>, [closure@src/transpiler/ast.rs:117:18: 117:42]>`
[INFO] [stdout] 
[INFO] [stdout] 
[INFO] [stdout] error[E0599]: no method named `fold_first` found for struct `Map` in the current scope
[INFO] [stdout]  --> src/transpiler/utils.rs:6:10
[INFO] [stdout]   |
[INFO] [stdout] 6 |         .fold_first(|x, y| format!("{}\n{}", x, y))
[INFO] [stdout]   |          ^^^^^^^^^^ method not found in `Map<std::str::Lines<'_>, [closure@src/transpiler/utils.rs:5:14: 5:36]>`
[INFO] [stdout] 
[INFO] [stdout] 
[INFO] [stdout] error: aborting due to 5 previous errors
[INFO] [stdout] 
[INFO] [stdout] 
[INFO] [stdout] Some errors have detailed explanations: E0554, E0599.
[INFO] [stdout] 
[INFO] [stdout] For more information about an error, try `rustc --explain E0554`.
[INFO] [stdout] 
[INFO] [stderr] error: build failed
[INFO] running `Command { std: "docker" "inspect" "99327a3224b43bf48eb618cedece60144d4d697ae10912fcdd11104fe664f674", kill_on_drop: false }`
[INFO] running `Command { std: "docker" "rm" "-f" "99327a3224b43bf48eb618cedece60144d4d697ae10912fcdd11104fe664f674", kill_on_drop: false }`
[INFO] [stdout] 99327a3224b43bf48eb618cedece60144d4d697ae10912fcdd11104fe664f674
