[INFO] cloning repository https://github.com/Petesta/henchman
[INFO] running `Command { std: "git" "-c" "credential.helper=" "-c" "credential.helper=/workspace/cargo-home/bin/git-credential-null" "clone" "--bare" "https://github.com/Petesta/henchman" "/workspace/cache/git-repos/https%3A%2F%2Fgithub.com%2FPetesta%2Fhenchman", kill_on_drop: false }`
[INFO] [stderr] Cloning into bare repository '/workspace/cache/git-repos/https%3A%2F%2Fgithub.com%2FPetesta%2Fhenchman'...
[INFO] running `Command { std: "git" "rev-parse" "HEAD", kill_on_drop: false }`
[INFO] [stdout] 75888b9d4687ff2e0cd73b5922c571395cc5b166
[INFO] checking Petesta/henchman against beta-2021-10-15 for beta-1.56-3
[INFO] running `Command { std: "git" "clone" "/workspace/cache/git-repos/https%3A%2F%2Fgithub.com%2FPetesta%2Fhenchman" "/workspace/builds/worker-4/source", kill_on_drop: false }`
[INFO] [stderr] Cloning into '/workspace/builds/worker-4/source'...
[INFO] [stderr] done.
[INFO] validating manifest of git repo https://github.com/Petesta/henchman on toolchain beta-2021-10-15
[INFO] running `Command { std: "/workspace/cargo-home/bin/cargo" "+beta-2021-10-15" "metadata" "--manifest-path" "Cargo.toml" "--no-deps", kill_on_drop: false }`
[INFO] started tweaking git repo https://github.com/Petesta/henchman
[INFO] finished tweaking git repo https://github.com/Petesta/henchman
[INFO] tweaked toml for git repo https://github.com/Petesta/henchman written to /workspace/builds/worker-4/source/Cargo.toml
[INFO] crate git repo https://github.com/Petesta/henchman already has a lockfile, it will not be regenerated
[INFO] running `Command { std: "/workspace/cargo-home/bin/cargo" "+beta-2021-10-15" "fetch" "--manifest-path" "Cargo.toml", kill_on_drop: false }`
[INFO] [stderr] warning: file found to be present in multiple build targets: /workspace/builds/worker-4/source/src/lib.rs
[INFO] [stderr]     Updating git repository `https://github.com/rustbridge/helix`
[INFO] [stderr]     Updating git repository `https://github.com/rustbridge/neon`
[INFO] running `Command { std: "docker" "create" "-v" "/var/lib/crater-agent-workspace/builds/worker-4/target:/opt/rustwide/target:rw,Z" "-v" "/var/lib/crater-agent-workspace/builds/worker-4/source:/opt/rustwide/workdir:ro,Z" "-v" "/var/lib/crater-agent-workspace/cargo-home:/opt/rustwide/cargo-home:ro,Z" "-v" "/var/lib/crater-agent-workspace/rustup-home:/opt/rustwide/rustup-home:ro,Z" "-e" "SOURCE_DIR=/opt/rustwide/workdir" "-e" "CARGO_TARGET_DIR=/opt/rustwide/target" "-e" "CARGO_HOME=/opt/rustwide/cargo-home" "-e" "RUSTUP_HOME=/opt/rustwide/rustup-home" "-w" "/opt/rustwide/workdir" "-m" "1610612736" "--user" "0:0" "--network" "none" "ghcr.io/rust-lang/crates-build-env/linux@sha256:a89201d6b5b9fd45c15d5952ece0a0129e7e80cb26ec023fd59cf09bc26f1604" "/opt/rustwide/cargo-home/bin/cargo" "+beta-2021-10-15" "metadata" "--no-deps" "--format-version=1", kill_on_drop: false }`
[INFO] [stdout] 76cb359d9d5f3e7bb4d59fe183e01b3d17e9eeeeaa193067e8d3829084a3ff39
[INFO] [stderr] WARNING: Your kernel does not support swap limit capabilities or the cgroup is not mounted. Memory limited without swap.
[INFO] running `Command { std: "docker" "start" "-a" "76cb359d9d5f3e7bb4d59fe183e01b3d17e9eeeeaa193067e8d3829084a3ff39", kill_on_drop: false }`
[INFO] running `Command { std: "docker" "inspect" "76cb359d9d5f3e7bb4d59fe183e01b3d17e9eeeeaa193067e8d3829084a3ff39", kill_on_drop: false }`
[INFO] running `Command { std: "docker" "rm" "-f" "76cb359d9d5f3e7bb4d59fe183e01b3d17e9eeeeaa193067e8d3829084a3ff39", kill_on_drop: false }`
[INFO] [stdout] 76cb359d9d5f3e7bb4d59fe183e01b3d17e9eeeeaa193067e8d3829084a3ff39
[INFO] running `Command { std: "docker" "create" "-v" "/var/lib/crater-agent-workspace/builds/worker-4/target:/opt/rustwide/target:rw,Z" "-v" "/var/lib/crater-agent-workspace/builds/worker-4/source:/opt/rustwide/workdir:ro,Z" "-v" "/var/lib/crater-agent-workspace/cargo-home:/opt/rustwide/cargo-home:ro,Z" "-v" "/var/lib/crater-agent-workspace/rustup-home:/opt/rustwide/rustup-home:ro,Z" "-e" "SOURCE_DIR=/opt/rustwide/workdir" "-e" "CARGO_TARGET_DIR=/opt/rustwide/target" "-e" "CARGO_INCREMENTAL=0" "-e" "RUST_BACKTRACE=full" "-e" "RUSTFLAGS=--cap-lints=warn" "-e" "CARGO_HOME=/opt/rustwide/cargo-home" "-e" "RUSTUP_HOME=/opt/rustwide/rustup-home" "-w" "/opt/rustwide/workdir" "-m" "1610612736" "--user" "0:0" "--network" "none" "ghcr.io/rust-lang/crates-build-env/linux@sha256:a89201d6b5b9fd45c15d5952ece0a0129e7e80cb26ec023fd59cf09bc26f1604" "/opt/rustwide/cargo-home/bin/cargo" "+beta-2021-10-15" "check" "--frozen" "--all" "--all-targets" "--message-format=json", kill_on_drop: false }`
[INFO] [stderr] WARNING: Your kernel does not support swap limit capabilities or the cgroup is not mounted. Memory limited without swap.
[INFO] [stdout] 2827516abe2550cc70540592f9e50a49476c45063b579eeaad0bce133be2222d
[INFO] running `Command { std: "docker" "start" "-a" "2827516abe2550cc70540592f9e50a49476c45063b579eeaad0bce133be2222d", kill_on_drop: false }`
[INFO] [stderr] warning: file found to be present in multiple build targets: /opt/rustwide/workdir/src/lib.rs
[INFO] [stderr]     Checking libc v0.2.14
[INFO] [stderr]     Checking slab v0.1.3
[INFO] [stderr]     Checking cslice v0.1.1 (https://github.com/rustbridge/neon#e27e5651)
[INFO] [stderr]     Checking bytes v0.3.0
[INFO] [stderr]    Compiling ws2_32-sys v0.2.1
[INFO] [stderr]     Checking net2 v0.2.26
[INFO] [stderr]     Checking nix v0.5.1
[INFO] [stderr]     Checking time v0.1.35
[INFO] [stderr]     Checking libcruby-sys v0.1.0 (https://github.com/rustbridge/helix#2c057f04)
[INFO] [stderr]     Checking helix v0.1.0 (https://github.com/rustbridge/helix#2c057f04)
[INFO] [stderr]     Checking miow v0.1.2
[INFO] [stdout] error[E0133]: use of extern static is unsafe and requires unsafe function or block
[INFO] [stdout]  --> /opt/rustwide/cargo-home/git/checkouts/helix-f518a20ab6421b28/2c057f0/src/coercions/unit.rs:6:9
[INFO] [stdout]   |
[INFO] [stdout] 6 |         sys::Qnil
[INFO] [stdout]   |         ^^^^^^^^^ use of extern static
[INFO] [stdout]   |
[INFO] [stdout]   = note: extern statics are not controlled by the Rust type system: invalid data, aliasing violations or data races will cause undefined behavior
[INFO] [stdout] 
[INFO] [stdout] 
[INFO] [stdout] error[E0133]: use of extern static is unsafe and requires unsafe function or block
[INFO] [stdout]   --> /opt/rustwide/cargo-home/git/checkouts/helix-f518a20ab6421b28/2c057f0/src/coercions/bool.rs:18:26
[INFO] [stdout]    |
[INFO] [stdout] 18 |         if self.inner == Qtrue {
[INFO] [stdout]    |                          ^^^^^ use of extern static
[INFO] [stdout]    |
[INFO] [stdout]    = note: extern statics are not controlled by the Rust type system: invalid data, aliasing violations or data races will cause undefined behavior
[INFO] [stdout] 
[INFO] [stdout] 
[INFO] [stdout] error[E0133]: use of extern static is unsafe and requires unsafe function or block
[INFO] [stdout]   --> /opt/rustwide/cargo-home/git/checkouts/helix-f518a20ab6421b28/2c057f0/src/coercions/bool.rs:29:13
[INFO] [stdout]    |
[INFO] [stdout] 29 |             Qtrue
[INFO] [stdout]    |             ^^^^^ use of extern static
[INFO] [stdout]    |
[INFO] [stdout]    = note: extern statics are not controlled by the Rust type system: invalid data, aliasing violations or data races will cause undefined behavior
[INFO] [stdout] 
[INFO] [stdout] 
[INFO] [stdout] error[E0133]: use of extern static is unsafe and requires unsafe function or block
[INFO] [stdout]   --> /opt/rustwide/cargo-home/git/checkouts/helix-f518a20ab6421b28/2c057f0/src/coercions/bool.rs:31:13
[INFO] [stdout]    |
[INFO] [stdout] 31 |             Qfalse
[INFO] [stdout]    |             ^^^^^^ use of extern static
[INFO] [stdout]    |
[INFO] [stdout]    = note: extern statics are not controlled by the Rust type system: invalid data, aliasing violations or data races will cause undefined behavior
[INFO] [stdout] 
[INFO] [stdout] 
[INFO] [stdout] error[E0133]: use of extern static is unsafe and requires unsafe function or block
[INFO] [stdout]   --> /opt/rustwide/cargo-home/git/checkouts/helix-f518a20ab6421b28/2c057f0/src/lib.rs:78:11
[INFO] [stdout]    |
[INFO] [stdout] 78 |     Class(sys::rb_cObject)
[INFO] [stdout]    |           ^^^^^^^^^^^^^^^ use of extern static
[INFO] [stdout]    |
[INFO] [stdout]    = note: extern statics are not controlled by the Rust type system: invalid data, aliasing violations or data races will cause undefined behavior
[INFO] [stdout] 
[INFO] [stdout] 
[INFO] [stdout] error: aborting due to 5 previous errors
[INFO] [stdout] 
[INFO] [stdout] 
[INFO] [stdout] For more information about this error, try `rustc --explain E0133`.
[INFO] [stdout] 
[INFO] [stderr] error: could not compile `helix` due to 6 previous errors
[INFO] [stderr] warning: build failed, waiting for other jobs to finish...
[INFO] [stderr] error: build failed
[INFO] running `Command { std: "docker" "inspect" "2827516abe2550cc70540592f9e50a49476c45063b579eeaad0bce133be2222d", kill_on_drop: false }`
[INFO] running `Command { std: "docker" "rm" "-f" "2827516abe2550cc70540592f9e50a49476c45063b579eeaad0bce133be2222d", kill_on_drop: false }`
[INFO] [stdout] 2827516abe2550cc70540592f9e50a49476c45063b579eeaad0bce133be2222d
