[INFO] cloning repository https://github.com/Pctg-x8/peridot
[INFO] running `Command { std: "git" "-c" "credential.helper=" "-c" "credential.helper=/workspace/cargo-home/bin/git-credential-null" "clone" "--bare" "https://github.com/Pctg-x8/peridot" "/workspace/cache/git-repos/https%3A%2F%2Fgithub.com%2FPctg-x8%2Fperidot", kill_on_drop: false }`
[INFO] [stderr] Cloning into bare repository '/workspace/cache/git-repos/https%3A%2F%2Fgithub.com%2FPctg-x8%2Fperidot'...
[INFO] running `Command { std: "git" "rev-parse" "HEAD", kill_on_drop: false }`
[INFO] [stdout] 9bd12633a5de8343a92a4dee23c488923334abe0
[INFO] checking Pctg-x8/peridot against 1.55.0 for beta-1.56-3
[INFO] running `Command { std: "git" "clone" "/workspace/cache/git-repos/https%3A%2F%2Fgithub.com%2FPctg-x8%2Fperidot" "/workspace/builds/worker-57/source", kill_on_drop: false }`
[INFO] [stderr] Cloning into '/workspace/builds/worker-57/source'...
[INFO] [stderr] done.
[INFO] validating manifest of git repo https://github.com/Pctg-x8/peridot on toolchain 1.55.0
[INFO] running `Command { std: "/workspace/cargo-home/bin/cargo" "+1.55.0" "metadata" "--manifest-path" "Cargo.toml" "--no-deps", kill_on_drop: false }`
[INFO] started tweaking git repo https://github.com/Pctg-x8/peridot
[INFO] finished tweaking git repo https://github.com/Pctg-x8/peridot
[INFO] tweaked toml for git repo https://github.com/Pctg-x8/peridot written to /workspace/builds/worker-57/source/Cargo.toml
[INFO] running `Command { std: "/workspace/cargo-home/bin/cargo" "+1.55.0" "generate-lockfile" "--manifest-path" "Cargo.toml" "-Zno-index-update", kill_on_drop: false }`
[INFO] [stderr]     Blocking waiting for file lock on package cache
[INFO] [stderr]     Updating git repository `https://github.com/Pctg-x8/bedrock`
[INFO] [stderr]     Updating git repository `https://github.com/Pctg-x8/pathfinder`
[INFO] [stderr]     Updating git repository `https://github.com/Pctg-x8/fc-rs`
[INFO] [stderr]     Updating git repository `https://github.com/Pctg-x8/ft2-rs`
[INFO] [stderr]     Updating git repository `https://github.com/Pctg-x8/android-defs-rs`
[INFO] [stderr]     Updating git repository `https://github.com/Pctg-x8/appkit-rs`
[INFO] [stderr]     Updating git repository `https://github.com/Pctg-x8/comdrive`
[INFO] [stderr]     Updating git repository `https://github.com/Pctg-x8/metrics`
[INFO] running `Command { std: "/workspace/cargo-home/bin/cargo" "+1.55.0" "fetch" "--manifest-path" "Cargo.toml", kill_on_drop: false }`
[INFO] [stderr]     Blocking waiting for file lock on package cache
[INFO] [stderr]     Blocking waiting for file lock on package cache
[INFO] [stderr]  Downloading crates ...
[INFO] [stderr]   Downloaded cesu8 v1.1.0
[INFO] [stderr]   Downloaded ascii v0.9.3
[INFO] [stderr]   Downloaded rle-decode-fast v1.0.1
[INFO] [stderr]   Downloaded glob v0.2.11
[INFO] [stderr]   Downloaded ucd-util v0.1.8
[INFO] [stderr]   Downloaded lyon_path v0.12.0
[INFO] [stderr]   Downloaded euclid v0.19.9
[INFO] [stderr]   Downloaded env_logger v0.5.13
[INFO] [stderr]   Downloaded syn v0.12.15
[INFO] [stderr]   Downloaded gif v0.11.3
[INFO] [stderr]   Downloaded lyon_geom v0.12.7
[INFO] [stderr]   Downloaded combine v3.8.1
[INFO] [stderr]   Downloaded bincode v0.8.0
[INFO] [stderr]   Downloaded env_logger v0.4.3
[INFO] [stderr]   Downloaded half v1.8.0
[INFO] [stderr]   Downloaded zstd-sys v1.4.13+zstd.1.4.3
[INFO] [stderr]   Downloaded euclid_macros v0.1.0
[INFO] [stderr]   Downloaded libflate v0.1.27
[INFO] [stderr]   Downloaded zstd-safe v1.4.13+zstd.1.4.3
[INFO] [stderr]   Downloaded zstd v0.4.28+zstd.1.4.3
[INFO] [stderr]   Downloaded num-bigint v0.4.2
[INFO] [stderr]   Downloaded console v0.14.1
[INFO] [stderr]   Downloaded lz4-compression v0.6.1
[INFO] [stderr]   Downloaded univstring v0.4.3
[INFO] [stderr]   Downloaded jni v0.15.0
[INFO] running `Command { std: "docker" "create" "-v" "/var/lib/crater-agent-workspace/builds/worker-57/target:/opt/rustwide/target:rw,Z" "-v" "/var/lib/crater-agent-workspace/builds/worker-57/source:/opt/rustwide/workdir:ro,Z" "-v" "/var/lib/crater-agent-workspace/cargo-home:/opt/rustwide/cargo-home:ro,Z" "-v" "/var/lib/crater-agent-workspace/rustup-home:/opt/rustwide/rustup-home:ro,Z" "-e" "SOURCE_DIR=/opt/rustwide/workdir" "-e" "CARGO_TARGET_DIR=/opt/rustwide/target" "-e" "CARGO_HOME=/opt/rustwide/cargo-home" "-e" "RUSTUP_HOME=/opt/rustwide/rustup-home" "-w" "/opt/rustwide/workdir" "-m" "1610612736" "--user" "0:0" "--network" "none" "ghcr.io/rust-lang/crates-build-env/linux@sha256:a89201d6b5b9fd45c15d5952ece0a0129e7e80cb26ec023fd59cf09bc26f1604" "/opt/rustwide/cargo-home/bin/cargo" "+1.55.0" "metadata" "--no-deps" "--format-version=1", kill_on_drop: false }`
[INFO] [stdout] 84e5a82f3609b66a16f6d372574180c9c004f1f5f6b210c8911edc5c786b2ae5
[INFO] running `Command { std: "docker" "start" "-a" "84e5a82f3609b66a16f6d372574180c9c004f1f5f6b210c8911edc5c786b2ae5", kill_on_drop: false }`
[INFO] running `Command { std: "docker" "inspect" "84e5a82f3609b66a16f6d372574180c9c004f1f5f6b210c8911edc5c786b2ae5", kill_on_drop: false }`
[INFO] running `Command { std: "docker" "rm" "-f" "84e5a82f3609b66a16f6d372574180c9c004f1f5f6b210c8911edc5c786b2ae5", kill_on_drop: false }`
[INFO] [stdout] 84e5a82f3609b66a16f6d372574180c9c004f1f5f6b210c8911edc5c786b2ae5
[INFO] running `Command { std: "docker" "create" "-v" "/var/lib/crater-agent-workspace/builds/worker-57/target:/opt/rustwide/target:rw,Z" "-v" "/var/lib/crater-agent-workspace/builds/worker-57/source:/opt/rustwide/workdir:ro,Z" "-v" "/var/lib/crater-agent-workspace/cargo-home:/opt/rustwide/cargo-home:ro,Z" "-v" "/var/lib/crater-agent-workspace/rustup-home:/opt/rustwide/rustup-home:ro,Z" "-e" "SOURCE_DIR=/opt/rustwide/workdir" "-e" "CARGO_TARGET_DIR=/opt/rustwide/target" "-e" "CARGO_INCREMENTAL=0" "-e" "RUST_BACKTRACE=full" "-e" "RUSTFLAGS=--cap-lints=warn" "-e" "CARGO_HOME=/opt/rustwide/cargo-home" "-e" "RUSTUP_HOME=/opt/rustwide/rustup-home" "-w" "/opt/rustwide/workdir" "-m" "1610612736" "--user" "0:0" "--network" "none" "ghcr.io/rust-lang/crates-build-env/linux@sha256:a89201d6b5b9fd45c15d5952ece0a0129e7e80cb26ec023fd59cf09bc26f1604" "/opt/rustwide/cargo-home/bin/cargo" "+1.55.0" "check" "--frozen" "--all" "--all-targets" "--message-format=json", kill_on_drop: false }`
[INFO] [stdout] ae8ff81ab9d8ab33c82f144deba9668b3558a1f5a90ae09c7745bcdcbdd004e4
[INFO] running `Command { std: "docker" "start" "-a" "ae8ff81ab9d8ab33c82f144deba9668b3558a1f5a90ae09c7745bcdcbdd004e4", kill_on_drop: false }`
[INFO] [stderr]     Blocking waiting for file lock on package cache
[INFO] [stderr]    Compiling syn v1.0.80
[INFO] [stderr]    Compiling serde_derive v1.0.130
[INFO] [stderr]    Compiling serde v1.0.130
[INFO] [stderr]    Compiling proc-macro2 v0.4.30
[INFO] [stderr]    Compiling unicode-xid v0.1.0
[INFO] [stderr]    Compiling syn v0.15.44
[INFO] [stderr]    Compiling glob v0.3.0
[INFO] [stderr]    Compiling build_const v0.2.2
[INFO] [stderr]    Compiling arrayvec v0.4.12
[INFO] [stderr]    Compiling log v0.4.14
[INFO] [stderr]     Checking take_mut v0.2.2
[INFO] [stderr]     Checking rle-decode-fast v1.0.1
[INFO] [stderr]     Checking ucd-util v0.1.8
[INFO] [stderr]     Checking peridot-serialization-utils v0.1.0 (/opt/rustwide/workdir/serialization-utils)
[INFO] [stderr]     Checking either v1.6.1
[INFO] [stderr]    Compiling regex v0.2.11
[INFO] [stderr]     Checking utf8-ranges v1.0.4
[INFO] [stderr]     Checking bit-vec v0.4.4
[INFO] [stderr]     Checking half v1.8.0
[INFO] [stderr]     Checking unicode-width v0.1.9
[INFO] [stderr]     Checking regex-syntax v0.6.25
[INFO] [stderr]     Checking adler v1.0.2
[INFO] [stderr]     Checking unicode-xid v0.2.2
[INFO] [stderr]     Checking weezl v0.1.5
[INFO] [stderr]     Checking scoped_threadpool v0.1.9
[INFO] [stderr]     Checking glob v0.2.11
[INFO] [stderr]    Compiling num-traits v0.2.14
[INFO] [stderr]    Compiling num-iter v0.1.42
[INFO] [stderr]    Compiling num-bigint v0.4.2
[INFO] [stderr]    Compiling num-rational v0.4.0
[INFO] [stderr]    Compiling miniz_oxide v0.4.4
[INFO] [stderr]    Compiling memchr v2.4.1
[INFO] [stderr]    Compiling crossbeam-utils v0.8.5
[INFO] [stderr]    Compiling crossbeam-epoch v0.9.5
[INFO] [stderr]    Compiling rayon-core v1.9.1
[INFO] [stderr]     Checking lz4-compression v0.6.1
[INFO] [stderr]     Checking thread_local v0.3.6
[INFO] [stderr]     Checking humantime v1.3.0
[INFO] [stderr]    Compiling libc v0.2.104
[INFO] [stderr]    Compiling memoffset v0.6.4
[INFO] [stderr]     Checking num_cpus v1.13.0
[INFO] [stderr]     Checking atty v0.2.14
[INFO] [stderr]     Checking terminal_size v0.1.17
[INFO] [stderr]    Compiling proc-macro-error-attr v1.0.4
[INFO] [stderr]    Compiling rayon v1.5.1
[INFO] [stderr]     Checking proc-macro2 v1.0.30
[INFO] [stderr]     Checking regex-syntax v0.5.6
[INFO] [stderr]    Compiling crc v1.8.1
[INFO] [stderr]     Checking textwrap v0.11.0
[INFO] [stderr]     Checking libflate v0.1.27
[INFO] [stderr]     Checking quote v1.0.10
[INFO] [stderr]    Compiling jobserver v0.1.24
[INFO] [stderr]     Checking gif v0.11.3
[INFO] [stderr]     Checking crossbeam-channel v0.5.1
[INFO] [stderr]     Checking aho-corasick v0.6.10
[INFO] [stderr]     Checking aho-corasick v0.7.18
[INFO] [stderr]     Checking num-integer v0.1.44
[INFO] [stderr]     Checking num-traits v0.1.43
[INFO] [stderr]     Checking num-complex v0.4.0
[INFO] [stderr]    Compiling cc v1.0.71
[INFO] [stderr]     Checking log v0.3.9
[INFO] [stderr]     Checking clap v2.33.3
[INFO] [stderr]    Compiling quote v0.6.13
[INFO] [stderr]     Checking num-rational v0.3.2
[INFO] [stderr]     Checking crossbeam-deque v0.8.1
[INFO] [stderr]    Compiling proc-macro-error v1.0.4
[INFO] [stderr]     Checking regex v1.5.4
[INFO] [stderr]    Compiling zstd-sys v1.4.13+zstd.1.4.3
[INFO] [stderr]     Checking env_logger v0.4.3
[INFO] [stderr]     Checking peridot-derive v0.1.0 (/opt/rustwide/workdir/derive)
[INFO] [stderr]     Checking env_logger v0.5.13
[INFO] [stderr]     Checking console v0.14.1
[INFO] [stderr]    Compiling derives v0.1.0 (https://github.com/Pctg-x8/bedrock?branch=peridot#29ee206a)
[INFO] [stderr]    Compiling structopt-derive v0.4.16
[INFO] [stderr]     Checking num v0.4.0
[INFO] [stderr]     Checking bedrock v1.1.70 (https://github.com/Pctg-x8/bedrock?branch=peridot#29ee206a)
[INFO] [stderr]     Checking jpeg-decoder v0.1.22
[INFO] [stderr]    Compiling euclid_macros v0.1.0
[INFO] [stderr]     Checking tiff v0.6.1
[INFO] [stderr]     Checking image v0.23.14
[INFO] [stderr]     Checking structopt v0.3.23
[INFO] [stderr]     Checking euclid v0.19.9
[INFO] [stderr]     Checking bincode v0.8.0
[INFO] [stderr]     Checking toml v0.5.8
[INFO] [stderr]     Checking lyon_geom v0.12.7
[INFO] [stderr]     Checking peridot-math v0.1.0 (/opt/rustwide/workdir/math)
[INFO] [stderr]     Checking peridot-cli v0.1.0 (/opt/rustwide/workdir/tools/cli)
[INFO] [stderr]     Checking lyon_path v0.12.0
[INFO] [stderr]     Checking pathfinder_path_utils v0.1.0 (https://github.com/Pctg-x8/pathfinder#d8579ba0)
[INFO] [stderr]     Checking pathfinder_partitioner v0.1.0 (https://github.com/Pctg-x8/pathfinder#d8579ba0)
[INFO] [stderr]     Checking zstd-safe v1.4.13+zstd.1.4.3
[INFO] [stderr]     Checking zstd v0.4.28+zstd.1.4.3
[INFO] [stderr]     Checking peridot-archive v0.1.0 (/opt/rustwide/workdir/archive)
[INFO] [stderr]     Checking peridot v0.1.0 (/opt/rustwide/workdir)
[INFO] [stderr]     Checking peridot-archiver v0.1.0 (/opt/rustwide/workdir/tools/archiver)
[INFO] [stdout] warning: unused import: `br::VkHandle`
[INFO] [stdout]  --> src/presenter.rs:4:5
[INFO] [stdout]   |
[INFO] [stdout] 4 | use br::VkHandle;
[INFO] [stdout]   |     ^^^^^^^^^^^^
[INFO] [stdout]   |
[INFO] [stdout]   = note: `#[warn(unused_imports)]` on by default
[INFO] [stdout] 
[INFO] [stdout] 
[INFO] [stdout] warning: unused import: `br::VkHandle`
[INFO] [stdout]  --> src/presenter.rs:4:5
[INFO] [stdout]   |
[INFO] [stdout] 4 | use br::VkHandle;
[INFO] [stdout]   |     ^^^^^^^^^^^^
[INFO] [stdout]   |
[INFO] [stdout]   = note: `#[warn(unused_imports)]` on by default
[INFO] [stdout] 
[INFO] [stdout] 
[INFO] [stdout] warning: 1 warning emitted
[INFO] [stdout] 
[INFO] [stdout] 
[INFO] [stdout] warning: 1 warning emitted
[INFO] [stdout] 
[INFO] [stdout] 
[INFO] [stderr]     Checking peridot-vertex-processing-pack v0.1.0 (/opt/rustwide/workdir/vertex-processing-pack)
[INFO] [stderr]     Checking peridot-vg v0.1.0 (/opt/rustwide/workdir/vg)
[INFO] [stderr]     Checking peridot-image v0.1.0 (/opt/rustwide/workdir/image)
[INFO] [stdout] error[E0412]: cannot find type `UnderlyingHandle` in this scope
[INFO] [stdout]    --> vg/src/font.rs:102:17
[INFO] [stdout]     |
[INFO] [stdout] 102 | pub struct Font(UnderlyingHandle, f32);
[INFO] [stdout]     |                 ^^^^^^^^^^^^^^^^ not found in this scope
[INFO] [stdout] 
[INFO] [stdout] 
[INFO] [stdout] error[E0412]: cannot find type `UnderlyingHandle` in this scope
[INFO] [stdout]    --> vg/src/font.rs:102:17
[INFO] [stdout]     |
[INFO] [stdout] 102 | pub struct Font(UnderlyingHandle, f32);
[INFO] [stdout]     |                 ^^^^^^^^^^^^^^^^ not found in this scope
[INFO] [stdout] 
[INFO] [stdout] 
[INFO] [stdout] warning: unused import: `euclid::Rect`
[INFO] [stdout]  --> vg/src/font.rs:2:5
[INFO] [stdout]   |
[INFO] [stdout] 2 | use euclid::Rect;
[INFO] [stdout]   |     ^^^^^^^^^^^^
[INFO] [stdout]   |
[INFO] [stdout]   = note: `#[warn(unused_imports)]` on by default
[INFO] [stdout] 
[INFO] [stdout] 
[INFO] [stdout] warning: unused import: `lyon_path::builder::PathBuilder`
[INFO] [stdout]  --> vg/src/font.rs:4:5
[INFO] [stdout]   |
[INFO] [stdout] 4 | use lyon_path::builder::PathBuilder;
[INFO] [stdout]   |     ^^^^^^^^^^^^^^^^^^^^^^^^^^^^^^^
[INFO] [stdout] 
[INFO] [stdout] 
[INFO] [stdout] warning: unused import: `euclid::Rect`
[INFO] [stdout]  --> vg/src/font.rs:2:5
[INFO] [stdout]   |
[INFO] [stdout] 2 | use euclid::Rect;
[INFO] [stdout]   |     ^^^^^^^^^^^^
[INFO] [stdout]   |
[INFO] [stdout]   = note: `#[warn(unused_imports)]` on by default
[INFO] [stdout] 
[INFO] [stdout] 
[INFO] [stdout] warning: unused import: `lyon_path::builder::PathBuilder`
[INFO] [stdout]  --> vg/src/font.rs:4:5
[INFO] [stdout]   |
[INFO] [stdout] 4 | use lyon_path::builder::PathBuilder;
[INFO] [stdout]   |     ^^^^^^^^^^^^^^^^^^^^^^^^^^^^^^^
[INFO] [stdout] 
[INFO] [stdout] 
[INFO] [stderr]     Checking peridot-shaderbuild v0.1.0 (/opt/rustwide/workdir/tools/shaderbuild)
[INFO] [stdout] error[E0599]: no method named `glyph_id` found for reference `&font::Font` in the current scope
[INFO] [stdout]   --> vg/src/lib.rs:73:48
[INFO] [stdout]    |
[INFO] [stdout] 73 |         let glyphs = text.chars().map(|c| font.glyph_id(c).unwrap_or_default());
[INFO] [stdout]    |                                                ^^^^^^^^ method not found in `&font::Font`
[INFO] [stdout] 
[INFO] [stdout] 
[INFO] [stdout] error[E0599]: no method named `glyph_id` found for reference `&font::Font` in the current scope
[INFO] [stdout]   --> vg/src/lib.rs:73:48
[INFO] [stdout]    |
[INFO] [stdout] 73 |         let glyphs = text.chars().map(|c| font.glyph_id(c).unwrap_or_default());
[INFO] [stdout]    |                                                ^^^^^^^^ method not found in `&font::Font`
[INFO] [stdout] 
[INFO] [stdout] 
[INFO] [stdout] error[E0599]: no method named `advance_h` found for reference `&font::Font` in the current scope
[INFO] [stdout]   --> vg/src/lib.rs:78:37
[INFO] [stdout]    |
[INFO] [stdout] 78 |             let (adv, size) = (font.advance_h(g)?, font.bounds(g)?);
[INFO] [stdout]    |                                     ^^^^^^^^^ method not found in `&font::Font`
[INFO] [stdout] 
[INFO] [stdout] 
[INFO] [stdout] error[E0599]: no method named `advance_h` found for reference `&font::Font` in the current scope
[INFO] [stdout]   --> vg/src/lib.rs:78:37
[INFO] [stdout]    |
[INFO] [stdout] 78 |             let (adv, size) = (font.advance_h(g)?, font.bounds(g)?);
[INFO] [stdout]    |                                     ^^^^^^^^^ method not found in `&font::Font`
[INFO] [stdout] 
[INFO] [stdout] 
[INFO] [stdout] error[E0599]: no method named `bounds` found for reference `&font::Font` in the current scope
[INFO] [stdout]   --> vg/src/lib.rs:78:57
[INFO] [stdout]    |
[INFO] [stdout] 78 |             let (adv, size) = (font.advance_h(g)?, font.bounds(g)?);
[INFO] [stdout]    |                                                         ^^^^^^ method not found in `&font::Font`
[INFO] [stdout] 
[INFO] [stdout] 
[INFO] [stdout] error[E0599]: no method named `bounds` found for reference `&font::Font` in the current scope
[INFO] [stdout]   --> vg/src/lib.rs:78:57
[INFO] [stdout]    |
[INFO] [stdout] 78 |             let (adv, size) = (font.advance_h(g)?, font.bounds(g)?);
[INFO] [stdout]    |                                                         ^^^^^^ method not found in `&font::Font`
[INFO] [stdout] 
[INFO] [stdout] 
[INFO] [stdout] error[E0599]: no method named `scale_value` found for reference `&font::Font` in the current scope
[INFO] [stdout]   --> vg/src/lib.rs:81:34
[INFO] [stdout]    |
[INFO] [stdout] 81 |                 left_offs * font.scale_value() * self.screen_scaling,
[INFO] [stdout]    |                                  ^^^^^^^^^^^ method not found in `&font::Font`
[INFO] [stdout] 
[INFO] [stdout] 
[INFO] [stdout] error[E0599]: no method named `scale_value` found for reference `&font::Font` in the current scope
[INFO] [stdout]   --> vg/src/lib.rs:81:34
[INFO] [stdout]    |
[INFO] [stdout] 81 |                 left_offs * font.scale_value() * self.screen_scaling,
[INFO] [stdout]    |                                  ^^^^^^^^^^^ method not found in `&font::Font`
[INFO] [stdout] 
[INFO] [stdout] 
[INFO] [stdout] error[E0599]: no method named `ascent` found for reference `&font::Font` in the current scope
[INFO] [stdout]   --> vg/src/lib.rs:82:23
[INFO] [stdout]    |
[INFO] [stdout] 82 |                 -font.ascent() * font.scale_value() * self.screen_scaling
[INFO] [stdout]    |                       ^^^^^^ method not found in `&font::Font`
[INFO] [stdout] 
[INFO] [stdout] 
[INFO] [stdout] error[E0599]: no method named `ascent` found for reference `&font::Font` in the current scope
[INFO] [stdout]   --> vg/src/lib.rs:82:23
[INFO] [stdout]    |
[INFO] [stdout] 82 |                 -font.ascent() * font.scale_value() * self.screen_scaling
[INFO] [stdout]    |                       ^^^^^^ method not found in `&font::Font`
[INFO] [stdout] 
[INFO] [stdout] 
[INFO] [stdout] error[E0599]: no method named `scale_value` found for reference `&font::Font` in the current scope
[INFO] [stdout]   --> vg/src/lib.rs:82:39
[INFO] [stdout]    |
[INFO] [stdout] 82 |                 -font.ascent() * font.scale_value() * self.screen_scaling
[INFO] [stdout]    |                                       ^^^^^^^^^^^ method not found in `&font::Font`
[INFO] [stdout] 
[INFO] [stdout] 
[INFO] [stdout] error[E0599]: no method named `scale_value` found for reference `&font::Font` in the current scope
[INFO] [stdout]   --> vg/src/lib.rs:82:39
[INFO] [stdout]    |
[INFO] [stdout] 82 |                 -font.ascent() * font.scale_value() * self.screen_scaling
[INFO] [stdout]    |                                       ^^^^^^^^^^^ method not found in `&font::Font`
[INFO] [stdout] 
[INFO] [stdout] 
[INFO] [stdout] error[E0599]: no method named `outline` found for reference `&font::Font` in the current scope
[INFO] [stdout]   --> vg/src/lib.rs:84:21
[INFO] [stdout]    |
[INFO] [stdout] 84 |             if font.outline(g, g0.builder_mut()).is_ok()
[INFO] [stdout]    |                     ^^^^^^^ method not found in `&font::Font`
[INFO] [stdout] 
[INFO] [stdout] 
[INFO] [stdout] error[E0599]: no method named `outline` found for reference `&font::Font` in the current scope
[INFO] [stdout]   --> vg/src/lib.rs:84:21
[INFO] [stdout]    |
[INFO] [stdout] 84 |             if font.outline(g, g0.builder_mut()).is_ok()
[INFO] [stdout]    |                     ^^^^^^^ method not found in `&font::Font`
[INFO] [stdout] 
[INFO] [stdout] 
[INFO] [stdout] error: aborting due to 8 previous errors; 2 warnings emitted
[INFO] [stdout] 
[INFO] [stdout] 
[INFO] [stdout] Some errors have detailed explanations: E0412, E0599.
[INFO] [stdout] 
[INFO] [stdout] For more information about an error, try `rustc --explain E0412`.
[INFO] [stdout] 
[INFO] [stdout] error: aborting due to 8 previous errors; 2 warnings emitted
[INFO] [stdout] 
[INFO] [stdout] 
[INFO] [stdout] Some errors have detailed explanations: E0412, E0599.
[INFO] [stdout] 
[INFO] [stdout] For more information about an error, try `rustc --explain E0412`.
[INFO] [stdout] 
[INFO] [stderr] error: could not compile `peridot-vg` due to 9 previous errors; 2 warnings emitted
[INFO] [stderr] warning: build failed, waiting for other jobs to finish...
[INFO] [stderr] error: build failed
[INFO] running `Command { std: "docker" "inspect" "ae8ff81ab9d8ab33c82f144deba9668b3558a1f5a90ae09c7745bcdcbdd004e4", kill_on_drop: false }`
[INFO] running `Command { std: "docker" "rm" "-f" "ae8ff81ab9d8ab33c82f144deba9668b3558a1f5a90ae09c7745bcdcbdd004e4", kill_on_drop: false }`
[INFO] [stdout] ae8ff81ab9d8ab33c82f144deba9668b3558a1f5a90ae09c7745bcdcbdd004e4
