[INFO] cloning repository https://github.com/Padrition/win_mem
[INFO] running `Command { std: "git" "-c" "credential.helper=" "-c" "credential.helper=/workspace/cargo-home/bin/git-credential-null" "clone" "--bare" "https://github.com/Padrition/win_mem" "/workspace/cache/git-repos/https%3A%2F%2Fgithub.com%2FPadrition%2Fwin_mem", kill_on_drop: false }`
[INFO] [stderr] Cloning into bare repository '/workspace/cache/git-repos/https%3A%2F%2Fgithub.com%2FPadrition%2Fwin_mem'...
[INFO] running `Command { std: "git" "rev-parse" "HEAD", kill_on_drop: false }`
[INFO] [stdout] 396f8d25a0985dc28902dc5e043e1b401fcdbf73
[INFO] checking Padrition/win_mem against beta-2021-10-15 for beta-1.56-3
[INFO] running `Command { std: "git" "clone" "/workspace/cache/git-repos/https%3A%2F%2Fgithub.com%2FPadrition%2Fwin_mem" "/workspace/builds/worker-75/source", kill_on_drop: false }`
[INFO] [stderr] Cloning into '/workspace/builds/worker-75/source'...
[INFO] [stderr] done.
[INFO] validating manifest of git repo https://github.com/Padrition/win_mem on toolchain beta-2021-10-15
[INFO] running `Command { std: "/workspace/cargo-home/bin/cargo" "+beta-2021-10-15" "metadata" "--manifest-path" "Cargo.toml" "--no-deps", kill_on_drop: false }`
[INFO] started tweaking git repo https://github.com/Padrition/win_mem
[INFO] finished tweaking git repo https://github.com/Padrition/win_mem
[INFO] tweaked toml for git repo https://github.com/Padrition/win_mem written to /workspace/builds/worker-75/source/Cargo.toml
[INFO] crate git repo https://github.com/Padrition/win_mem already has a lockfile, it will not be regenerated
[INFO] running `Command { std: "/workspace/cargo-home/bin/cargo" "+beta-2021-10-15" "fetch" "--manifest-path" "Cargo.toml", kill_on_drop: false }`
[INFO] [stderr]     Blocking waiting for file lock on package cache
[INFO] [stderr]     Blocking waiting for file lock on package cache
[INFO] running `Command { std: "docker" "create" "-v" "/var/lib/crater-agent-workspace/builds/worker-75/target:/opt/rustwide/target:rw,Z" "-v" "/var/lib/crater-agent-workspace/builds/worker-75/source:/opt/rustwide/workdir:ro,Z" "-v" "/var/lib/crater-agent-workspace/cargo-home:/opt/rustwide/cargo-home:ro,Z" "-v" "/var/lib/crater-agent-workspace/rustup-home:/opt/rustwide/rustup-home:ro,Z" "-e" "SOURCE_DIR=/opt/rustwide/workdir" "-e" "CARGO_TARGET_DIR=/opt/rustwide/target" "-e" "CARGO_HOME=/opt/rustwide/cargo-home" "-e" "RUSTUP_HOME=/opt/rustwide/rustup-home" "-w" "/opt/rustwide/workdir" "-m" "1610612736" "--user" "0:0" "--network" "none" "ghcr.io/rust-lang/crates-build-env/linux@sha256:a89201d6b5b9fd45c15d5952ece0a0129e7e80cb26ec023fd59cf09bc26f1604" "/opt/rustwide/cargo-home/bin/cargo" "+beta-2021-10-15" "metadata" "--no-deps" "--format-version=1", kill_on_drop: false }`
[INFO] [stdout] 49640bf0e9aee9969b9fc3317288ebfbd2179864ea89d63a80d675c2adf1f228
[INFO] running `Command { std: "docker" "start" "-a" "49640bf0e9aee9969b9fc3317288ebfbd2179864ea89d63a80d675c2adf1f228", kill_on_drop: false }`
[INFO] running `Command { std: "docker" "inspect" "49640bf0e9aee9969b9fc3317288ebfbd2179864ea89d63a80d675c2adf1f228", kill_on_drop: false }`
[INFO] running `Command { std: "docker" "rm" "-f" "49640bf0e9aee9969b9fc3317288ebfbd2179864ea89d63a80d675c2adf1f228", kill_on_drop: false }`
[INFO] [stdout] 49640bf0e9aee9969b9fc3317288ebfbd2179864ea89d63a80d675c2adf1f228
[INFO] running `Command { std: "docker" "create" "-v" "/var/lib/crater-agent-workspace/builds/worker-75/target:/opt/rustwide/target:rw,Z" "-v" "/var/lib/crater-agent-workspace/builds/worker-75/source:/opt/rustwide/workdir:ro,Z" "-v" "/var/lib/crater-agent-workspace/cargo-home:/opt/rustwide/cargo-home:ro,Z" "-v" "/var/lib/crater-agent-workspace/rustup-home:/opt/rustwide/rustup-home:ro,Z" "-e" "SOURCE_DIR=/opt/rustwide/workdir" "-e" "CARGO_TARGET_DIR=/opt/rustwide/target" "-e" "CARGO_INCREMENTAL=0" "-e" "RUST_BACKTRACE=full" "-e" "RUSTFLAGS=--cap-lints=warn" "-e" "CARGO_HOME=/opt/rustwide/cargo-home" "-e" "RUSTUP_HOME=/opt/rustwide/rustup-home" "-w" "/opt/rustwide/workdir" "-m" "1610612736" "--user" "0:0" "--network" "none" "ghcr.io/rust-lang/crates-build-env/linux@sha256:a89201d6b5b9fd45c15d5952ece0a0129e7e80cb26ec023fd59cf09bc26f1604" "/opt/rustwide/cargo-home/bin/cargo" "+beta-2021-10-15" "check" "--frozen" "--all" "--all-targets" "--message-format=json", kill_on_drop: false }`
[INFO] [stdout] c819a4f6cb7aa8a83ecfa5c1654a104b5cc611fc64cdc6b3be67192fa354b0c6
[INFO] running `Command { std: "docker" "start" "-a" "c819a4f6cb7aa8a83ecfa5c1654a104b5cc611fc64cdc6b3be67192fa354b0c6", kill_on_drop: false }`
[INFO] [stderr]     Checking win_api v0.1.0 (/opt/rustwide/workdir)
[INFO] [stdout] error[E0432]: unresolved imports `winapi::DWORD`, `winapi::HANDLE`, `winapi::LPVOID`, `winapi::PVOID`, `winapi::SIZE_T`, `winapi::LPSYSTEM_INFO`, `winapi::SYSTEM_INFO`, `winapi::MEMORY_BASIC_INFORMATION`
[INFO] [stdout]  --> src/main.rs:2:5
[INFO] [stdout]   |
[INFO] [stdout] 2 |     DWORD,
[INFO] [stdout]   |     ^^^^^ no `DWORD` in the root
[INFO] [stdout] 3 |     HANDLE,
[INFO] [stdout]   |     ^^^^^^ no `HANDLE` in the root
[INFO] [stdout] 4 |     LPVOID,
[INFO] [stdout]   |     ^^^^^^ no `LPVOID` in the root
[INFO] [stdout] 5 |     PVOID,
[INFO] [stdout]   |     ^^^^^ no `PVOID` in the root
[INFO] [stdout] 6 |     SIZE_T,
[INFO] [stdout]   |     ^^^^^^ no `SIZE_T` in the root
[INFO] [stdout] 7 |     LPSYSTEM_INFO,
[INFO] [stdout]   |     ^^^^^^^^^^^^^ no `LPSYSTEM_INFO` in the root
[INFO] [stdout] 8 |     SYSTEM_INFO,
[INFO] [stdout]   |     ^^^^^^^^^^^ no `SYSTEM_INFO` in the root
[INFO] [stdout] 9 |     MEMORY_BASIC_INFORMATION,
[INFO] [stdout]   |     ^^^^^^^^^^^^^^^^^^^^^^^^ no `MEMORY_BASIC_INFORMATION` in the root
[INFO] [stdout] 
[INFO] [stdout] 
[INFO] [stdout] error[E0432]: unresolved imports `winapi::DWORD`, `winapi::HANDLE`, `winapi::LPVOID`, `winapi::PVOID`, `winapi::SIZE_T`, `winapi::LPSYSTEM_INFO`, `winapi::SYSTEM_INFO`, `winapi::MEMORY_BASIC_INFORMATION`
[INFO] [stdout]  --> src/main.rs:2:5
[INFO] [stdout]   |
[INFO] [stdout] 2 |     DWORD,
[INFO] [stdout]   |     ^^^^^ no `DWORD` in the root
[INFO] [stdout] 3 |     HANDLE,
[INFO] [stdout]   |     ^^^^^^ no `HANDLE` in the root
[INFO] [stdout] 4 |     LPVOID,
[INFO] [stdout]   |     ^^^^^^ no `LPVOID` in the root
[INFO] [stdout] 5 |     PVOID,
[INFO] [stdout]   |     ^^^^^ no `PVOID` in the root
[INFO] [stdout] 6 |     SIZE_T,
[INFO] [stdout]   |     ^^^^^^ no `SIZE_T` in the root
[INFO] [stdout] 7 |     LPSYSTEM_INFO,
[INFO] [stdout]   |     ^^^^^^^^^^^^^ no `LPSYSTEM_INFO` in the root
[INFO] [stdout] 8 |     SYSTEM_INFO,
[INFO] [stdout]   |     ^^^^^^^^^^^ no `SYSTEM_INFO` in the root
[INFO] [stdout] 9 |     MEMORY_BASIC_INFORMATION,
[INFO] [stdout]   |     ^^^^^^^^^^^^^^^^^^^^^^^^ no `MEMORY_BASIC_INFORMATION` in the root
[INFO] [stdout] 
[INFO] [stdout] 
[INFO] [stdout] error[E0425]: cannot find function, tuple struct or tuple variant `GetCurrentProcessId` in crate `kernel32`
[INFO] [stdout]   --> src/main.rs:32:30
[INFO] [stdout]    |
[INFO] [stdout] 32 |         this_pid = kernel32::GetCurrentProcessId();
[INFO] [stdout]    |                              ^^^^^^^^^^^^^^^^^^^ not found in `kernel32`
[INFO] [stdout] 
[INFO] [stdout] 
[INFO] [stdout] error[E0425]: cannot find function, tuple struct or tuple variant `GetCurrentProcess` in crate `kernel32`
[INFO] [stdout]   --> src/main.rs:33:31
[INFO] [stdout]    |
[INFO] [stdout] 33 |         this_proc = kernel32::GetCurrentProcess();
[INFO] [stdout]    |                               ^^^^^^^^^^^^^^^^^ not found in `kernel32`
[INFO] [stdout] 
[INFO] [stdout] 
[INFO] [stdout] error[E0425]: cannot find function, tuple struct or tuple variant `GetSystemInfo` in crate `kernel32`
[INFO] [stdout]   --> src/main.rs:34:19
[INFO] [stdout]    |
[INFO] [stdout] 34 |         kernel32::GetSystemInfo(&mut proc_info as LPSYSTEM_INFO);
[INFO] [stdout]    |                   ^^^^^^^^^^^^^ not found in `kernel32`
[INFO] [stdout] 
[INFO] [stdout] 
[INFO] [stdout] error[E0425]: cannot find function, tuple struct or tuple variant `VirtualQueryEx` in crate `kernel32`
[INFO] [stdout]   --> src/main.rs:46:23
[INFO] [stdout]    |
[INFO] [stdout] 46 |             kernel32::VirtualQueryEx(
[INFO] [stdout]    |                       ^^^^^^^^^^^^^^ not found in `kernel32`
[INFO] [stdout] 
[INFO] [stdout] 
[INFO] [stdout] error[E0425]: cannot find function, tuple struct or tuple variant `GetCurrentProcessId` in crate `kernel32`
[INFO] [stdout]   --> src/main.rs:32:30
[INFO] [stdout]    |
[INFO] [stdout] 32 |         this_pid = kernel32::GetCurrentProcessId();
[INFO] [stdout]    |                              ^^^^^^^^^^^^^^^^^^^ not found in `kernel32`
[INFO] [stdout] 
[INFO] [stdout] 
[INFO] [stdout] error[E0425]: cannot find function, tuple struct or tuple variant `GetCurrentProcess` in crate `kernel32`
[INFO] [stdout]   --> src/main.rs:33:31
[INFO] [stdout]    |
[INFO] [stdout] 33 |         this_proc = kernel32::GetCurrentProcess();
[INFO] [stdout]    |                               ^^^^^^^^^^^^^^^^^ not found in `kernel32`
[INFO] [stdout] 
[INFO] [stdout] 
[INFO] [stdout] error[E0425]: cannot find function, tuple struct or tuple variant `GetSystemInfo` in crate `kernel32`
[INFO] [stdout]   --> src/main.rs:34:19
[INFO] [stdout]    |
[INFO] [stdout] 34 |         kernel32::GetSystemInfo(&mut proc_info as LPSYSTEM_INFO);
[INFO] [stdout]    |                   ^^^^^^^^^^^^^ not found in `kernel32`
[INFO] [stdout] 
[INFO] [stdout] 
[INFO] [stdout] error[E0425]: cannot find function, tuple struct or tuple variant `VirtualQueryEx` in crate `kernel32`
[INFO] [stdout]   --> src/main.rs:46:23
[INFO] [stdout]    |
[INFO] [stdout] 46 |             kernel32::VirtualQueryEx(
[INFO] [stdout]    |                       ^^^^^^^^^^^^^^ not found in `kernel32`
[INFO] [stdout] 
[INFO] [stdout] 
[INFO] [stdout] error: aborting due to 5 previous errors
[INFO] [stdout] 
[INFO] [stdout] 
[INFO] [stdout] error: aborting due to 5 previous errors
[INFO] [stdout] 
[INFO] [stdout] 
[INFO] [stdout] Some errors have detailed explanations: E0425, E0432.
[INFO] [stdout] 
[INFO] [stdout] Some errors have detailed explanations: E0425, E0432.
[INFO] [stdout] 
[INFO] [stdout] For more information about an error, try `rustc --explain E0425`.
[INFO] [stdout] 
[INFO] [stdout] For more information about an error, try `rustc --explain E0425`.
[INFO] [stdout] 
[INFO] [stderr] error: could not compile `win_api` due to 6 previous errors
[INFO] [stderr] warning: build failed, waiting for other jobs to finish...
[INFO] [stderr] error: build failed
[INFO] running `Command { std: "docker" "inspect" "c819a4f6cb7aa8a83ecfa5c1654a104b5cc611fc64cdc6b3be67192fa354b0c6", kill_on_drop: false }`
[INFO] running `Command { std: "docker" "rm" "-f" "c819a4f6cb7aa8a83ecfa5c1654a104b5cc611fc64cdc6b3be67192fa354b0c6", kill_on_drop: false }`
[INFO] [stdout] c819a4f6cb7aa8a83ecfa5c1654a104b5cc611fc64cdc6b3be67192fa354b0c6
