[INFO] cloning repository https://github.com/PENGUINLIONG/sairc
[INFO] running `Command { std: "git" "-c" "credential.helper=" "-c" "credential.helper=/workspace/cargo-home/bin/git-credential-null" "clone" "--bare" "https://github.com/PENGUINLIONG/sairc" "/workspace/cache/git-repos/https%3A%2F%2Fgithub.com%2FPENGUINLIONG%2Fsairc", kill_on_drop: false }`
[INFO] [stderr] Cloning into bare repository '/workspace/cache/git-repos/https%3A%2F%2Fgithub.com%2FPENGUINLIONG%2Fsairc'...
[INFO] running `Command { std: "git" "rev-parse" "HEAD", kill_on_drop: false }`
[INFO] [stdout] b1cc029bf3f8e0d938c503952f1dea9e42b53ae6
[INFO] checking PENGUINLIONG/sairc against 1.55.0 for beta-1.56-3
[INFO] running `Command { std: "git" "clone" "/workspace/cache/git-repos/https%3A%2F%2Fgithub.com%2FPENGUINLIONG%2Fsairc" "/workspace/builds/worker-29/source", kill_on_drop: false }`
[INFO] [stderr] Cloning into '/workspace/builds/worker-29/source'...
[INFO] [stderr] done.
[INFO] validating manifest of git repo https://github.com/PENGUINLIONG/sairc on toolchain 1.55.0
[INFO] running `Command { std: "/workspace/cargo-home/bin/cargo" "+1.55.0" "metadata" "--manifest-path" "Cargo.toml" "--no-deps", kill_on_drop: false }`
[INFO] started tweaking git repo https://github.com/PENGUINLIONG/sairc
[INFO] finished tweaking git repo https://github.com/PENGUINLIONG/sairc
[INFO] tweaked toml for git repo https://github.com/PENGUINLIONG/sairc written to /workspace/builds/worker-29/source/Cargo.toml
[INFO] crate git repo https://github.com/PENGUINLIONG/sairc already has a lockfile, it will not be regenerated
[INFO] running `Command { std: "/workspace/cargo-home/bin/cargo" "+1.55.0" "fetch" "--manifest-path" "Cargo.toml", kill_on_drop: false }`
[INFO] [stderr]     Blocking waiting for file lock on package cache
[INFO] [stderr]     Blocking waiting for file lock on package cache
[INFO] running `Command { std: "docker" "create" "-v" "/var/lib/crater-agent-workspace/builds/worker-29/target:/opt/rustwide/target:rw,Z" "-v" "/var/lib/crater-agent-workspace/builds/worker-29/source:/opt/rustwide/workdir:ro,Z" "-v" "/var/lib/crater-agent-workspace/cargo-home:/opt/rustwide/cargo-home:ro,Z" "-v" "/var/lib/crater-agent-workspace/rustup-home:/opt/rustwide/rustup-home:ro,Z" "-e" "SOURCE_DIR=/opt/rustwide/workdir" "-e" "CARGO_TARGET_DIR=/opt/rustwide/target" "-e" "CARGO_HOME=/opt/rustwide/cargo-home" "-e" "RUSTUP_HOME=/opt/rustwide/rustup-home" "-w" "/opt/rustwide/workdir" "-m" "1610612736" "--user" "0:0" "--network" "none" "ghcr.io/rust-lang/crates-build-env/linux@sha256:a89201d6b5b9fd45c15d5952ece0a0129e7e80cb26ec023fd59cf09bc26f1604" "/opt/rustwide/cargo-home/bin/cargo" "+1.55.0" "metadata" "--no-deps" "--format-version=1", kill_on_drop: false }`
[INFO] [stdout] a4e08513de13a3607c8299e3d6e3f8d374cf30e05b25ad800c37f3effa93eb3c
[INFO] running `Command { std: "docker" "start" "-a" "a4e08513de13a3607c8299e3d6e3f8d374cf30e05b25ad800c37f3effa93eb3c", kill_on_drop: false }`
[INFO] running `Command { std: "docker" "inspect" "a4e08513de13a3607c8299e3d6e3f8d374cf30e05b25ad800c37f3effa93eb3c", kill_on_drop: false }`
[INFO] running `Command { std: "docker" "rm" "-f" "a4e08513de13a3607c8299e3d6e3f8d374cf30e05b25ad800c37f3effa93eb3c", kill_on_drop: false }`
[INFO] [stdout] a4e08513de13a3607c8299e3d6e3f8d374cf30e05b25ad800c37f3effa93eb3c
[INFO] running `Command { std: "docker" "create" "-v" "/var/lib/crater-agent-workspace/builds/worker-29/target:/opt/rustwide/target:rw,Z" "-v" "/var/lib/crater-agent-workspace/builds/worker-29/source:/opt/rustwide/workdir:ro,Z" "-v" "/var/lib/crater-agent-workspace/cargo-home:/opt/rustwide/cargo-home:ro,Z" "-v" "/var/lib/crater-agent-workspace/rustup-home:/opt/rustwide/rustup-home:ro,Z" "-e" "SOURCE_DIR=/opt/rustwide/workdir" "-e" "CARGO_TARGET_DIR=/opt/rustwide/target" "-e" "CARGO_INCREMENTAL=0" "-e" "RUST_BACKTRACE=full" "-e" "RUSTFLAGS=--cap-lints=warn" "-e" "CARGO_HOME=/opt/rustwide/cargo-home" "-e" "RUSTUP_HOME=/opt/rustwide/rustup-home" "-w" "/opt/rustwide/workdir" "-m" "1610612736" "--user" "0:0" "--network" "none" "ghcr.io/rust-lang/crates-build-env/linux@sha256:a89201d6b5b9fd45c15d5952ece0a0129e7e80cb26ec023fd59cf09bc26f1604" "/opt/rustwide/cargo-home/bin/cargo" "+1.55.0" "check" "--frozen" "--all" "--all-targets" "--message-format=json", kill_on_drop: false }`
[INFO] [stdout] 66cb8a9e1863e2128450140f10356ef093d0c3642d7e608656ed67d33ae59712
[INFO] running `Command { std: "docker" "start" "-a" "66cb8a9e1863e2128450140f10356ef093d0c3642d7e608656ed67d33ae59712", kill_on_drop: false }`
[INFO] [stderr]     Blocking waiting for file lock on package cache
[INFO] [stderr]     Checking sairc v0.1.0 (/opt/rustwide/workdir)
[INFO] [stdout] error: unexpected token: `}`
[INFO] [stdout]    --> src/main.rs:298:13
[INFO] [stdout]     |
[INFO] [stdout] 298 |             }
[INFO] [stdout]     |             ^
[INFO] [stdout] 
[INFO] [stdout] 
[INFO] [stdout] error: unexpected token: `}`
[INFO] [stdout]    --> src/main.rs:298:13
[INFO] [stdout]     |
[INFO] [stdout] 298 |             }
[INFO] [stdout]     |             ^
[INFO] [stdout] 
[INFO] [stdout] 
[INFO] [stdout] warning: unused import: `std::borrow::Borrow`
[INFO] [stdout]  --> src/main.rs:1:5
[INFO] [stdout]   |
[INFO] [stdout] 1 | use std::borrow::Borrow;
[INFO] [stdout]   |     ^^^^^^^^^^^^^^^^^^^
[INFO] [stdout]   |
[INFO] [stdout]   = note: `#[warn(unused_imports)]` on by default
[INFO] [stdout] 
[INFO] [stdout] 
[INFO] [stdout] warning: unused import: `std::borrow::Borrow`
[INFO] [stdout]  --> src/main.rs:1:5
[INFO] [stdout]   |
[INFO] [stdout] 1 | use std::borrow::Borrow;
[INFO] [stdout]   |     ^^^^^^^^^^^^^^^^^^^
[INFO] [stdout]   |
[INFO] [stdout]   = note: `#[warn(unused_imports)]` on by default
[INFO] [stdout] 
[INFO] [stdout] 
[INFO] [stdout] error[E0308]: mismatched types
[INFO] [stdout]    --> src/main.rs:264:35
[INFO] [stdout]     |
[INFO] [stdout] 264 |                 shape.0.push(Some(data.content.len()));
[INFO] [stdout]     |                                   ^^^^^^^^^^^^^^^^^^ expected struct `FixedRange`, found `usize`
[INFO] [stdout] 
[INFO] [stdout] 
[INFO] [stdout] error[E0609]: no field `data` on type `Range`
[INFO] [stdout]    --> src/main.rs:269:41
[INFO] [stdout]     |
[INFO] [stdout] 269 |             AstInner::Range(rng) => rng.data.shape()
[INFO] [stdout]     |                                         ^^^^ unknown field
[INFO] [stdout]     |
[INFO] [stdout]     = note: available fields are: `offset`, `size`, `step`
[INFO] [stdout] 
[INFO] [stdout] 
[INFO] [stderr] error: could not compile `sairc` due to 5 previous errors; 1 warning emitted
[INFO] [stdout] error[E0308]: mismatched types
[INFO] [stdout]    --> src/main.rs:297:17
[INFO] [stdout]     |
[INFO] [stdout] 273 |     fn size(&self) -> Option<usize> {
[INFO] [stdout]     |                       ------------- expected `Option<usize>` because of return type
[INFO] [stdout] ...
[INFO] [stdout] 297 |                 load.
[INFO] [stdout]     |                 ^^^^ expected enum `Option`, found struct `Load`
[INFO] [stdout]     |
[INFO] [stdout]     = note: expected enum `Option<usize>`
[INFO] [stdout]              found struct `Load`
[INFO] [stdout] 
[INFO] [stdout] 
[INFO] [stderr] warning: build failed, waiting for other jobs to finish...
[INFO] [stdout] error: aborting due to 4 previous errors; 1 warning emitted
[INFO] [stdout] 
[INFO] [stdout] 
[INFO] [stdout] Some errors have detailed explanations: E0308, E0609.
[INFO] [stdout] 
[INFO] [stdout] For more information about an error, try `rustc --explain E0308`.
[INFO] [stdout] 
[INFO] [stdout] error[E0308]: mismatched types
[INFO] [stdout]    --> src/main.rs:264:35
[INFO] [stdout]     |
[INFO] [stdout] 264 |                 shape.0.push(Some(data.content.len()));
[INFO] [stdout]     |                                   ^^^^^^^^^^^^^^^^^^ expected struct `FixedRange`, found `usize`
[INFO] [stdout] 
[INFO] [stdout] 
[INFO] [stdout] error[E0609]: no field `data` on type `Range`
[INFO] [stdout]    --> src/main.rs:269:41
[INFO] [stdout]     |
[INFO] [stdout] 269 |             AstInner::Range(rng) => rng.data.shape()
[INFO] [stdout]     |                                         ^^^^ unknown field
[INFO] [stdout]     |
[INFO] [stdout]     = note: available fields are: `offset`, `size`, `step`
[INFO] [stdout] 
[INFO] [stdout] 
[INFO] [stdout] error[E0308]: mismatched types
[INFO] [stdout]    --> src/main.rs:297:17
[INFO] [stdout]     |
[INFO] [stdout] 273 |     fn size(&self) -> Option<usize> {
[INFO] [stdout]     |                       ------------- expected `Option<usize>` because of return type
[INFO] [stdout] ...
[INFO] [stdout] 297 |                 load.
[INFO] [stdout]     |                 ^^^^ expected enum `Option`, found struct `Load`
[INFO] [stdout]     |
[INFO] [stdout]     = note: expected enum `Option<usize>`
[INFO] [stdout]              found struct `Load`
[INFO] [stdout] 
[INFO] [stdout] 
[INFO] [stdout] error: aborting due to 4 previous errors; 1 warning emitted
[INFO] [stdout] 
[INFO] [stdout] 
[INFO] [stdout] Some errors have detailed explanations: E0308, E0609.
[INFO] [stdout] 
[INFO] [stdout] For more information about an error, try `rustc --explain E0308`.
[INFO] [stdout] 
[INFO] [stderr] error: build failed
[INFO] running `Command { std: "docker" "inspect" "66cb8a9e1863e2128450140f10356ef093d0c3642d7e608656ed67d33ae59712", kill_on_drop: false }`
[INFO] running `Command { std: "docker" "rm" "-f" "66cb8a9e1863e2128450140f10356ef093d0c3642d7e608656ed67d33ae59712", kill_on_drop: false }`
[INFO] [stdout] 66cb8a9e1863e2128450140f10356ef093d0c3642d7e608656ed67d33ae59712
