[INFO] cloning repository https://github.com/Ophirr33/aoc-2018
[INFO] running `Command { std: "git" "-c" "credential.helper=" "-c" "credential.helper=/workspace/cargo-home/bin/git-credential-null" "clone" "--bare" "https://github.com/Ophirr33/aoc-2018" "/workspace/cache/git-repos/https%3A%2F%2Fgithub.com%2FOphirr33%2Faoc-2018", kill_on_drop: false }`
[INFO] [stderr] Cloning into bare repository '/workspace/cache/git-repos/https%3A%2F%2Fgithub.com%2FOphirr33%2Faoc-2018'...
[INFO] running `Command { std: "git" "rev-parse" "HEAD", kill_on_drop: false }`
[INFO] [stdout] c33d863f127c58e84314c0af109eb68e9f5b4adf
[INFO] checking Ophirr33/aoc-2018 against beta-2021-10-15 for beta-1.56-3
[INFO] running `Command { std: "git" "clone" "/workspace/cache/git-repos/https%3A%2F%2Fgithub.com%2FOphirr33%2Faoc-2018" "/workspace/builds/worker-26/source", kill_on_drop: false }`
[INFO] [stderr] Cloning into '/workspace/builds/worker-26/source'...
[INFO] [stderr] done.
[INFO] validating manifest of git repo https://github.com/Ophirr33/aoc-2018 on toolchain beta-2021-10-15
[INFO] running `Command { std: "/workspace/cargo-home/bin/cargo" "+beta-2021-10-15" "metadata" "--manifest-path" "Cargo.toml" "--no-deps", kill_on_drop: false }`
[INFO] started tweaking git repo https://github.com/Ophirr33/aoc-2018
[INFO] finished tweaking git repo https://github.com/Ophirr33/aoc-2018
[INFO] tweaked toml for git repo https://github.com/Ophirr33/aoc-2018 written to /workspace/builds/worker-26/source/Cargo.toml
[INFO] crate git repo https://github.com/Ophirr33/aoc-2018 already has a lockfile, it will not be regenerated
[INFO] running `Command { std: "/workspace/cargo-home/bin/cargo" "+beta-2021-10-15" "fetch" "--manifest-path" "Cargo.toml", kill_on_drop: false }`
[INFO] [stderr]     Blocking waiting for file lock on package cache
[INFO] [stderr]     Blocking waiting for file lock on package cache
[INFO] [stderr]  Downloading crates ...
[INFO] [stderr]   Downloaded regex v1.1.0
[INFO] [stderr]   Downloaded regex-syntax v0.6.4
[INFO] [stderr]   Downloaded nom v4.1.1
[INFO] running `Command { std: "docker" "create" "-v" "/var/lib/crater-agent-workspace/builds/worker-26/target:/opt/rustwide/target:rw,Z" "-v" "/var/lib/crater-agent-workspace/builds/worker-26/source:/opt/rustwide/workdir:ro,Z" "-v" "/var/lib/crater-agent-workspace/cargo-home:/opt/rustwide/cargo-home:ro,Z" "-v" "/var/lib/crater-agent-workspace/rustup-home:/opt/rustwide/rustup-home:ro,Z" "-e" "SOURCE_DIR=/opt/rustwide/workdir" "-e" "CARGO_TARGET_DIR=/opt/rustwide/target" "-e" "CARGO_HOME=/opt/rustwide/cargo-home" "-e" "RUSTUP_HOME=/opt/rustwide/rustup-home" "-w" "/opt/rustwide/workdir" "-m" "1610612736" "--user" "0:0" "--network" "none" "ghcr.io/rust-lang/crates-build-env/linux@sha256:a89201d6b5b9fd45c15d5952ece0a0129e7e80cb26ec023fd59cf09bc26f1604" "/opt/rustwide/cargo-home/bin/cargo" "+beta-2021-10-15" "metadata" "--no-deps" "--format-version=1", kill_on_drop: false }`
[INFO] [stdout] 42055d5e8c98926df4fdc26057e32781aecfe652e804beb40d7727096b0010c2
[INFO] running `Command { std: "docker" "start" "-a" "42055d5e8c98926df4fdc26057e32781aecfe652e804beb40d7727096b0010c2", kill_on_drop: false }`
[INFO] running `Command { std: "docker" "inspect" "42055d5e8c98926df4fdc26057e32781aecfe652e804beb40d7727096b0010c2", kill_on_drop: false }`
[INFO] running `Command { std: "docker" "rm" "-f" "42055d5e8c98926df4fdc26057e32781aecfe652e804beb40d7727096b0010c2", kill_on_drop: false }`
[INFO] [stdout] 42055d5e8c98926df4fdc26057e32781aecfe652e804beb40d7727096b0010c2
[INFO] running `Command { std: "docker" "create" "-v" "/var/lib/crater-agent-workspace/builds/worker-26/target:/opt/rustwide/target:rw,Z" "-v" "/var/lib/crater-agent-workspace/builds/worker-26/source:/opt/rustwide/workdir:ro,Z" "-v" "/var/lib/crater-agent-workspace/cargo-home:/opt/rustwide/cargo-home:ro,Z" "-v" "/var/lib/crater-agent-workspace/rustup-home:/opt/rustwide/rustup-home:ro,Z" "-e" "SOURCE_DIR=/opt/rustwide/workdir" "-e" "CARGO_TARGET_DIR=/opt/rustwide/target" "-e" "CARGO_INCREMENTAL=0" "-e" "RUST_BACKTRACE=full" "-e" "RUSTFLAGS=--cap-lints=warn" "-e" "CARGO_HOME=/opt/rustwide/cargo-home" "-e" "RUSTUP_HOME=/opt/rustwide/rustup-home" "-w" "/opt/rustwide/workdir" "-m" "1610612736" "--user" "0:0" "--network" "none" "ghcr.io/rust-lang/crates-build-env/linux@sha256:a89201d6b5b9fd45c15d5952ece0a0129e7e80cb26ec023fd59cf09bc26f1604" "/opt/rustwide/cargo-home/bin/cargo" "+beta-2021-10-15" "check" "--frozen" "--all" "--all-targets" "--message-format=json", kill_on_drop: false }`
[INFO] [stdout] 4921483a07c862c55befb4c7bb77ac5dde711a1862fd9d1c9ed42bcd63237f42
[INFO] running `Command { std: "docker" "start" "-a" "4921483a07c862c55befb4c7bb77ac5dde711a1862fd9d1c9ed42bcd63237f42", kill_on_drop: false }`
[INFO] [stderr]     Blocking waiting for file lock on package cache
[INFO] [stderr]    Compiling libc v0.2.44
[INFO] [stderr]    Compiling regex v1.1.0
[INFO] [stderr]     Checking ucd-util v0.1.3
[INFO] [stderr]     Checking unicode-width v0.1.5
[INFO] [stderr]     Checking utf8-ranges v1.0.2
[INFO] [stderr]     Checking ansi_term v0.11.0
[INFO] [stderr]     Checking strsim v0.7.0
[INFO] [stderr]     Checking vec_map v0.8.1
[INFO] [stderr]    Compiling memchr v2.1.1
[INFO] [stderr]     Checking thread_local v0.3.6
[INFO] [stderr]     Checking textwrap v0.10.0
[INFO] [stderr]     Checking regex-syntax v0.6.4
[INFO] [stderr]     Checking atty v0.2.11
[INFO] [stderr]     Checking clap v2.32.0
[INFO] [stderr]     Checking aho-corasick v0.6.9
[INFO] [stderr]     Checking nom v4.1.1
[INFO] [stderr]     Checking aoc-2018 v0.1.0 (/opt/rustwide/workdir)
[INFO] [stdout] error[E0554]: `#![feature]` may not be used on the beta release channel
[INFO] [stdout]  --> src/lib.rs:1:1
[INFO] [stdout]   |
[INFO] [stdout] 1 | #![feature(uniform_paths)]
[INFO] [stdout]   | ^^^^^^^^^^^^^^^^^^^^^^^^^^ help: remove the attribute
[INFO] [stdout]   |
[INFO] [stdout]   = help: the feature `uniform_paths` has been stable since 1.32.0 and no longer requires an attribute to enable
[INFO] [stdout] 
[INFO] [stdout] 
[INFO] [stdout] error[E0554]: `#![feature]` may not be used on the beta release channel
[INFO] [stdout]  --> src/lib.rs:1:1
[INFO] [stdout]   |
[INFO] [stdout] 1 | #![feature(uniform_paths)]
[INFO] [stdout]   | ^^^^^^^^^^^^^^^^^^^^^^^^^^ help: remove the attribute
[INFO] [stdout]   |
[INFO] [stdout]   = help: the feature `uniform_paths` has been stable since 1.32.0 and no longer requires an attribute to enable
[INFO] [stdout] 
[INFO] [stdout] 
[INFO] [stdout] error[E0282]: type annotations needed
[INFO] [stdout]   --> src/day4.rs:46:10
[INFO] [stdout]    |
[INFO] [stdout] 46 |         .max_by_key(|t: &(usize, [usize; 60])| {
[INFO] [stdout]    |          ^^^^^^^^^^ cannot infer type for type parameter `B` declared on the associated function `max_by_key`
[INFO] [stdout]    |
[INFO] [stdout] help: consider specifying the type argument in the method call
[INFO] [stdout]    |
[INFO] [stdout] 48 |             mins.iter().sum::<S>()
[INFO] [stdout]    |                            +++++
[INFO] [stdout] 
[INFO] [stdout] 
[INFO] [stdout] error: aborting due to 2 previous errors
[INFO] [stdout] 
[INFO] [stdout] 
[INFO] [stdout] Some errors have detailed explanations: E0282, E0554.
[INFO] [stdout] 
[INFO] [stdout] For more information about an error, try `rustc --explain E0282`.
[INFO] [stdout] 
[INFO] [stdout] error[E0282]: type annotations needed
[INFO] [stdout]   --> src/day4.rs:46:10
[INFO] [stdout]    |
[INFO] [stdout] 46 |         .max_by_key(|t: &(usize, [usize; 60])| {
[INFO] [stdout]    |          ^^^^^^^^^^ cannot infer type for type parameter `B` declared on the associated function `max_by_key`
[INFO] [stdout]    |
[INFO] [stdout] help: consider specifying the type argument in the method call
[INFO] [stdout]    |
[INFO] [stdout] 48 |             mins.iter().sum::<S>()
[INFO] [stdout]    |                            +++++
[INFO] [stdout] 
[INFO] [stdout] 
[INFO] [stderr] error: could not compile `aoc-2018` due to 3 previous errors
[INFO] [stderr] warning: build failed, waiting for other jobs to finish...
[INFO] [stdout] error: aborting due to 2 previous errors
[INFO] [stdout] 
[INFO] [stdout] 
[INFO] [stdout] Some errors have detailed explanations: E0282, E0554.
[INFO] [stdout] 
[INFO] [stdout] For more information about an error, try `rustc --explain E0282`.
[INFO] [stdout] 
[INFO] [stderr] error: build failed
[INFO] running `Command { std: "docker" "inspect" "4921483a07c862c55befb4c7bb77ac5dde711a1862fd9d1c9ed42bcd63237f42", kill_on_drop: false }`
[INFO] running `Command { std: "docker" "rm" "-f" "4921483a07c862c55befb4c7bb77ac5dde711a1862fd9d1c9ed42bcd63237f42", kill_on_drop: false }`
[INFO] [stdout] 4921483a07c862c55befb4c7bb77ac5dde711a1862fd9d1c9ed42bcd63237f42
