[INFO] cloning repository https://github.com/Nufflee/x86-emulator
[INFO] running `Command { std: "git" "-c" "credential.helper=" "-c" "credential.helper=/workspace/cargo-home/bin/git-credential-null" "clone" "--bare" "https://github.com/Nufflee/x86-emulator" "/workspace/cache/git-repos/https%3A%2F%2Fgithub.com%2FNufflee%2Fx86-emulator", kill_on_drop: false }`
[INFO] [stderr] Cloning into bare repository '/workspace/cache/git-repos/https%3A%2F%2Fgithub.com%2FNufflee%2Fx86-emulator'...
[INFO] running `Command { std: "git" "rev-parse" "HEAD", kill_on_drop: false }`
[INFO] [stdout] b25365e0fe673174a894dfe69f72a48ffc1fa93f
[INFO] checking Nufflee/x86-emulator against beta-2021-10-15 for beta-1.56-3
[INFO] running `Command { std: "git" "clone" "/workspace/cache/git-repos/https%3A%2F%2Fgithub.com%2FNufflee%2Fx86-emulator" "/workspace/builds/worker-7/source", kill_on_drop: false }`
[INFO] [stderr] Cloning into '/workspace/builds/worker-7/source'...
[INFO] [stderr] done.
[INFO] validating manifest of git repo https://github.com/Nufflee/x86-emulator on toolchain beta-2021-10-15
[INFO] running `Command { std: "/workspace/cargo-home/bin/cargo" "+beta-2021-10-15" "metadata" "--manifest-path" "Cargo.toml" "--no-deps", kill_on_drop: false }`
[INFO] started tweaking git repo https://github.com/Nufflee/x86-emulator
[INFO] finished tweaking git repo https://github.com/Nufflee/x86-emulator
[INFO] tweaked toml for git repo https://github.com/Nufflee/x86-emulator written to /workspace/builds/worker-7/source/Cargo.toml
[INFO] crate git repo https://github.com/Nufflee/x86-emulator already has a lockfile, it will not be regenerated
[INFO] running `Command { std: "/workspace/cargo-home/bin/cargo" "+beta-2021-10-15" "fetch" "--manifest-path" "Cargo.toml", kill_on_drop: false }`
[INFO] running `Command { std: "docker" "create" "-v" "/var/lib/crater-agent-workspace/builds/worker-7/target:/opt/rustwide/target:rw,Z" "-v" "/var/lib/crater-agent-workspace/builds/worker-7/source:/opt/rustwide/workdir:ro,Z" "-v" "/var/lib/crater-agent-workspace/cargo-home:/opt/rustwide/cargo-home:ro,Z" "-v" "/var/lib/crater-agent-workspace/rustup-home:/opt/rustwide/rustup-home:ro,Z" "-e" "SOURCE_DIR=/opt/rustwide/workdir" "-e" "CARGO_TARGET_DIR=/opt/rustwide/target" "-e" "CARGO_HOME=/opt/rustwide/cargo-home" "-e" "RUSTUP_HOME=/opt/rustwide/rustup-home" "-w" "/opt/rustwide/workdir" "-m" "1610612736" "--user" "0:0" "--network" "none" "ghcr.io/rust-lang/crates-build-env/linux@sha256:a89201d6b5b9fd45c15d5952ece0a0129e7e80cb26ec023fd59cf09bc26f1604" "/opt/rustwide/cargo-home/bin/cargo" "+beta-2021-10-15" "metadata" "--no-deps" "--format-version=1", kill_on_drop: false }`
[INFO] [stderr] WARNING: Your kernel does not support swap limit capabilities or the cgroup is not mounted. Memory limited without swap.
[INFO] [stdout] 4343b2e3a47be16cbc8c3f22b16d29a4e8761a67b19334b1527d3affa8faa327
[INFO] running `Command { std: "docker" "start" "-a" "4343b2e3a47be16cbc8c3f22b16d29a4e8761a67b19334b1527d3affa8faa327", kill_on_drop: false }`
[INFO] running `Command { std: "docker" "inspect" "4343b2e3a47be16cbc8c3f22b16d29a4e8761a67b19334b1527d3affa8faa327", kill_on_drop: false }`
[INFO] running `Command { std: "docker" "rm" "-f" "4343b2e3a47be16cbc8c3f22b16d29a4e8761a67b19334b1527d3affa8faa327", kill_on_drop: false }`
[INFO] [stdout] 4343b2e3a47be16cbc8c3f22b16d29a4e8761a67b19334b1527d3affa8faa327
[INFO] running `Command { std: "docker" "create" "-v" "/var/lib/crater-agent-workspace/builds/worker-7/target:/opt/rustwide/target:rw,Z" "-v" "/var/lib/crater-agent-workspace/builds/worker-7/source:/opt/rustwide/workdir:ro,Z" "-v" "/var/lib/crater-agent-workspace/cargo-home:/opt/rustwide/cargo-home:ro,Z" "-v" "/var/lib/crater-agent-workspace/rustup-home:/opt/rustwide/rustup-home:ro,Z" "-e" "SOURCE_DIR=/opt/rustwide/workdir" "-e" "CARGO_TARGET_DIR=/opt/rustwide/target" "-e" "CARGO_INCREMENTAL=0" "-e" "RUST_BACKTRACE=full" "-e" "RUSTFLAGS=--cap-lints=warn" "-e" "CARGO_HOME=/opt/rustwide/cargo-home" "-e" "RUSTUP_HOME=/opt/rustwide/rustup-home" "-w" "/opt/rustwide/workdir" "-m" "1610612736" "--user" "0:0" "--network" "none" "ghcr.io/rust-lang/crates-build-env/linux@sha256:a89201d6b5b9fd45c15d5952ece0a0129e7e80cb26ec023fd59cf09bc26f1604" "/opt/rustwide/cargo-home/bin/cargo" "+beta-2021-10-15" "check" "--frozen" "--all" "--all-targets" "--message-format=json", kill_on_drop: false }`
[INFO] [stdout] e01175afcd14f479b60c9c2ca18251fe94ea9d4de702289222c132d4fee13698
[INFO] [stderr] WARNING: Your kernel does not support swap limit capabilities or the cgroup is not mounted. Memory limited without swap.
[INFO] running `Command { std: "docker" "start" "-a" "e01175afcd14f479b60c9c2ca18251fe94ea9d4de702289222c132d4fee13698", kill_on_drop: false }`
[INFO] [stderr]    Compiling syn v1.0.73
[INFO] [stderr]    Compiling proc-macro-crate v0.1.5
[INFO] [stderr]    Compiling num_enum_derive v0.5.1
[INFO] [stderr]    Compiling derivative v2.2.0
[INFO] [stderr]     Checking num_enum v0.5.1
[INFO] [stderr]     Checking wasm-emulator v0.1.0 (/opt/rustwide/workdir)
[INFO] [stdout] error[E0554]: `#![feature]` may not be used on the beta release channel
[INFO] [stdout]  --> src/main.rs:2:1
[INFO] [stdout]   |
[INFO] [stdout] 2 | #![feature(asm)]
[INFO] [stdout]   | ^^^^^^^^^^^^^^^^
[INFO] [stdout] 
[INFO] [stdout] 
[INFO] [stdout] error[E0554]: `#![feature]` may not be used on the beta release channel
[INFO] [stdout]  --> src/main.rs:2:1
[INFO] [stdout]   |
[INFO] [stdout] 2 | #![feature(asm)]
[INFO] [stdout]   | ^^^^^^^^^^^^^^^^
[INFO] [stdout] 
[INFO] [stdout] 
[INFO] [stdout] error[E0599]: no variant or associated item named `DerefRegister32` found for enum `InstructionSource` in the current scope
[INFO] [stdout]    --> src/cpu.rs:196:32
[INFO] [stdout]     |
[INFO] [stdout] 196 |             InstructionSource::DerefRegister32(register) => {
[INFO] [stdout]     |                                ^^^^^^^^^^^^^^^
[INFO] [stdout]     |                                |
[INFO] [stdout]     |                                variant or associated item not found in `InstructionSource`
[INFO] [stdout]     |                                help: there is a variant with a similar name: `Register32`
[INFO] [stdout]     |
[INFO] [stdout]    ::: src/instruction.rs:61:1
[INFO] [stdout]     |
[INFO] [stdout] 61  | pub enum InstructionSource {
[INFO] [stdout]     | -------------------------- variant or associated item `DerefRegister32` not found here
[INFO] [stdout] 
[INFO] [stdout] 
[INFO] [stdout] error[E0599]: no variant or associated item named `DerefRegister32` found for enum `InstructionSource` in the current scope
[INFO] [stdout]    --> src/main.rs:172:40
[INFO] [stdout]     |
[INFO] [stdout] 172 |                     InstructionSource::DerefRegister32(Register32::try_from(rm_field).unwrap()),
[INFO] [stdout]     |                                        ^^^^^^^^^^^^^^^
[INFO] [stdout]     |                                        |
[INFO] [stdout]     |                                        variant or associated item not found in `InstructionSource`
[INFO] [stdout]     |                                        help: there is a variant with a similar name: `Register32`
[INFO] [stdout]     |
[INFO] [stdout]    ::: src/instruction.rs:61:1
[INFO] [stdout]     |
[INFO] [stdout] 61  | pub enum InstructionSource {
[INFO] [stdout]     | -------------------------- variant or associated item `DerefRegister32` not found here
[INFO] [stdout] 
[INFO] [stdout] 
[INFO] [stdout] error[E0599]: no variant or associated item named `DerefRegister32` found for enum `InstructionSource` in the current scope
[INFO] [stdout]    --> src/cpu.rs:196:32
[INFO] [stdout]     |
[INFO] [stdout] 196 |             InstructionSource::DerefRegister32(register) => {
[INFO] [stdout]     |                                ^^^^^^^^^^^^^^^
[INFO] [stdout]     |                                |
[INFO] [stdout]     |                                variant or associated item not found in `InstructionSource`
[INFO] [stdout]     |                                help: there is a variant with a similar name: `Register32`
[INFO] [stdout]     |
[INFO] [stdout]    ::: src/instruction.rs:61:1
[INFO] [stdout]     |
[INFO] [stdout] 61  | pub enum InstructionSource {
[INFO] [stdout]     | -------------------------- variant or associated item `DerefRegister32` not found here
[INFO] [stdout] 
[INFO] [stdout] 
[INFO] [stdout] error: aborting due to 3 previous errors
[INFO] [stdout] 
[INFO] [stdout] 
[INFO] [stdout] Some errors have detailed explanations: E0554, E0599.
[INFO] [stdout] 
[INFO] [stdout] For more information about an error, try `rustc --explain E0554`.
[INFO] [stdout] 
[INFO] [stderr] error: could not compile `wasm-emulator` due to 4 previous errors
[INFO] [stderr] warning: build failed, waiting for other jobs to finish...
[INFO] [stdout] error[E0599]: no variant or associated item named `DerefRegister32` found for enum `InstructionSource` in the current scope
[INFO] [stdout]    --> src/main.rs:172:40
[INFO] [stdout]     |
[INFO] [stdout] 172 |                     InstructionSource::DerefRegister32(Register32::try_from(rm_field).unwrap()),
[INFO] [stdout]     |                                        ^^^^^^^^^^^^^^^
[INFO] [stdout]     |                                        |
[INFO] [stdout]     |                                        variant or associated item not found in `InstructionSource`
[INFO] [stdout]     |                                        help: there is a variant with a similar name: `Register32`
[INFO] [stdout]     |
[INFO] [stdout]    ::: src/instruction.rs:61:1
[INFO] [stdout]     |
[INFO] [stdout] 61  | pub enum InstructionSource {
[INFO] [stdout]     | -------------------------- variant or associated item `DerefRegister32` not found here
[INFO] [stdout] 
[INFO] [stdout] 
[INFO] [stdout] error: aborting due to 3 previous errors
[INFO] [stdout] 
[INFO] [stdout] 
[INFO] [stdout] Some errors have detailed explanations: E0554, E0599.
[INFO] [stdout] 
[INFO] [stdout] For more information about an error, try `rustc --explain E0554`.
[INFO] [stdout] 
[INFO] [stderr] error: build failed
[INFO] running `Command { std: "docker" "inspect" "e01175afcd14f479b60c9c2ca18251fe94ea9d4de702289222c132d4fee13698", kill_on_drop: false }`
[INFO] running `Command { std: "docker" "rm" "-f" "e01175afcd14f479b60c9c2ca18251fe94ea9d4de702289222c132d4fee13698", kill_on_drop: false }`
[INFO] [stdout] e01175afcd14f479b60c9c2ca18251fe94ea9d4de702289222c132d4fee13698
