[INFO] cloning repository https://github.com/Noxsense/Wusel
[INFO] running `Command { std: "git" "-c" "credential.helper=" "-c" "credential.helper=/workspace/cargo-home/bin/git-credential-null" "clone" "--bare" "https://github.com/Noxsense/Wusel" "/workspace/cache/git-repos/https%3A%2F%2Fgithub.com%2FNoxsense%2FWusel", kill_on_drop: false }`
[INFO] [stderr] Cloning into bare repository '/workspace/cache/git-repos/https%3A%2F%2Fgithub.com%2FNoxsense%2FWusel'...
[INFO] running `Command { std: "git" "rev-parse" "HEAD", kill_on_drop: false }`
[INFO] [stdout] 7bfb52e9c3f87c6ca0b178faa267662062f17e22
[INFO] checking Noxsense/Wusel against 1.55.0 for beta-1.56-3
[INFO] running `Command { std: "git" "clone" "/workspace/cache/git-repos/https%3A%2F%2Fgithub.com%2FNoxsense%2FWusel" "/workspace/builds/worker-0/source", kill_on_drop: false }`
[INFO] [stderr] Cloning into '/workspace/builds/worker-0/source'...
[INFO] [stderr] done.
[INFO] validating manifest of git repo https://github.com/Noxsense/Wusel on toolchain 1.55.0
[INFO] running `Command { std: "/workspace/cargo-home/bin/cargo" "+1.55.0" "metadata" "--manifest-path" "Cargo.toml" "--no-deps", kill_on_drop: false }`
[INFO] started tweaking git repo https://github.com/Noxsense/Wusel
[INFO] finished tweaking git repo https://github.com/Noxsense/Wusel
[INFO] tweaked toml for git repo https://github.com/Noxsense/Wusel written to /workspace/builds/worker-0/source/Cargo.toml
[INFO] crate git repo https://github.com/Noxsense/Wusel already has a lockfile, it will not be regenerated
[INFO] running `Command { std: "/workspace/cargo-home/bin/cargo" "+1.55.0" "fetch" "--manifest-path" "Cargo.toml", kill_on_drop: false }`
[INFO] running `Command { std: "docker" "create" "-v" "/var/lib/crater-agent-workspace/builds/worker-0/target:/opt/rustwide/target:rw,Z" "-v" "/var/lib/crater-agent-workspace/builds/worker-0/source:/opt/rustwide/workdir:ro,Z" "-v" "/var/lib/crater-agent-workspace/cargo-home:/opt/rustwide/cargo-home:ro,Z" "-v" "/var/lib/crater-agent-workspace/rustup-home:/opt/rustwide/rustup-home:ro,Z" "-e" "SOURCE_DIR=/opt/rustwide/workdir" "-e" "CARGO_TARGET_DIR=/opt/rustwide/target" "-e" "CARGO_HOME=/opt/rustwide/cargo-home" "-e" "RUSTUP_HOME=/opt/rustwide/rustup-home" "-w" "/opt/rustwide/workdir" "-m" "1610612736" "--user" "0:0" "--network" "none" "ghcr.io/rust-lang/crates-build-env/linux@sha256:a89201d6b5b9fd45c15d5952ece0a0129e7e80cb26ec023fd59cf09bc26f1604" "/opt/rustwide/cargo-home/bin/cargo" "+1.55.0" "metadata" "--no-deps" "--format-version=1", kill_on_drop: false }`
[INFO] [stderr] WARNING: Your kernel does not support swap limit capabilities or the cgroup is not mounted. Memory limited without swap.
[INFO] [stdout] 4eff0f02451612ff8f3a6b4f1c3610575b3c8f7508abf51e3ad802a7c3fd7590
[INFO] running `Command { std: "docker" "start" "-a" "4eff0f02451612ff8f3a6b4f1c3610575b3c8f7508abf51e3ad802a7c3fd7590", kill_on_drop: false }`
[INFO] running `Command { std: "docker" "inspect" "4eff0f02451612ff8f3a6b4f1c3610575b3c8f7508abf51e3ad802a7c3fd7590", kill_on_drop: false }`
[INFO] running `Command { std: "docker" "rm" "-f" "4eff0f02451612ff8f3a6b4f1c3610575b3c8f7508abf51e3ad802a7c3fd7590", kill_on_drop: false }`
[INFO] [stdout] 4eff0f02451612ff8f3a6b4f1c3610575b3c8f7508abf51e3ad802a7c3fd7590
[INFO] running `Command { std: "docker" "create" "-v" "/var/lib/crater-agent-workspace/builds/worker-0/target:/opt/rustwide/target:rw,Z" "-v" "/var/lib/crater-agent-workspace/builds/worker-0/source:/opt/rustwide/workdir:ro,Z" "-v" "/var/lib/crater-agent-workspace/cargo-home:/opt/rustwide/cargo-home:ro,Z" "-v" "/var/lib/crater-agent-workspace/rustup-home:/opt/rustwide/rustup-home:ro,Z" "-e" "SOURCE_DIR=/opt/rustwide/workdir" "-e" "CARGO_TARGET_DIR=/opt/rustwide/target" "-e" "CARGO_INCREMENTAL=0" "-e" "RUST_BACKTRACE=full" "-e" "RUSTFLAGS=--cap-lints=warn" "-e" "CARGO_HOME=/opt/rustwide/cargo-home" "-e" "RUSTUP_HOME=/opt/rustwide/rustup-home" "-w" "/opt/rustwide/workdir" "-m" "1610612736" "--user" "0:0" "--network" "none" "ghcr.io/rust-lang/crates-build-env/linux@sha256:a89201d6b5b9fd45c15d5952ece0a0129e7e80cb26ec023fd59cf09bc26f1604" "/opt/rustwide/cargo-home/bin/cargo" "+1.55.0" "check" "--frozen" "--all" "--all-targets" "--message-format=json", kill_on_drop: false }`
[INFO] [stderr] WARNING: Your kernel does not support swap limit capabilities or the cgroup is not mounted. Memory limited without swap.
[INFO] [stdout] 419bc47bb68e6be85c9bc00cfa54eacb814802dab201a025650b059ccfa067c1
[INFO] running `Command { std: "docker" "start" "-a" "419bc47bb68e6be85c9bc00cfa54eacb814802dab201a025650b059ccfa067c1", kill_on_drop: false }`
[INFO] [stderr]    Compiling libc v0.2.80
[INFO] [stderr]    Compiling log v0.4.13
[INFO] [stderr]     Checking regex-syntax v0.6.22
[INFO] [stderr]     Checking numtoa v0.1.0
[INFO] [stderr]     Checking thread_local v1.1.0
[INFO] [stderr]     Checking getrandom v0.1.15
[INFO] [stderr]     Checking atty v0.2.14
[INFO] [stderr]     Checking termion v1.5.5
[INFO] [stderr]     Checking regex v1.4.3
[INFO] [stderr]     Checking rand_core v0.5.1
[INFO] [stderr]     Checking rand_chacha v0.2.2
[INFO] [stderr]     Checking rand v0.7.3
[INFO] [stderr]     Checking env_logger v0.8.2
[INFO] [stderr]     Checking wusel v0.1.0 (/opt/rustwide/workdir)
[INFO] [stdout] error[E0308]: mismatched types
[INFO] [stdout]    --> src/main.rs:363:51
[INFO] [stdout]     |
[INFO] [stdout] 363 |     test_world.wusel_new("1st".to_string(), true, (1, 0)); // female
[INFO] [stdout]     |                                                   ^^^^^^ expected struct `Position`, found tuple
[INFO] [stdout]     |
[INFO] [stdout]     = note: expected struct `Position`
[INFO] [stdout]                 found tuple `({integer}, {integer})`
[INFO] [stdout] 
[INFO] [stdout] 
[INFO] [stdout] error[E0308]: mismatched types
[INFO] [stdout]    --> src/main.rs:364:51
[INFO] [stdout]     |
[INFO] [stdout] 364 |     test_world.wusel_new("2nd".to_string(), true, (3, 0)); // female
[INFO] [stdout]     |                                                   ^^^^^^ expected struct `Position`, found tuple
[INFO] [stdout]     |
[INFO] [stdout]     = note: expected struct `Position`
[INFO] [stdout]                 found tuple `({integer}, {integer})`
[INFO] [stdout] 
[INFO] [stdout] 
[INFO] [stdout] warning: function is never used: `test_consume_bread`
[INFO] [stdout]    --> src/main.rs:190:4
[INFO] [stdout]     |
[INFO] [stdout] 190 | fn test_consume_bread() {
[INFO] [stdout]     |    ^^^^^^^^^^^^^^^^^^
[INFO] [stdout]     |
[INFO] [stdout]     = note: `#[warn(dead_code)]` on by default
[INFO] [stdout] 
[INFO] [stdout] 
[INFO] [stdout] warning: associated function is never used: `span`
[INFO] [stdout]    --> src/main.rs:468:16
[INFO] [stdout]     |
[INFO] [stdout] 468 |         pub fn span(a: &Position, b: &Position) -> Self {
[INFO] [stdout]     |                ^^^^
[INFO] [stdout] 
[INFO] [stdout] 
[INFO] [stdout] warning: associated function is never used: `contains_position`
[INFO] [stdout]    --> src/main.rs:482:16
[INFO] [stdout]     |
[INFO] [stdout] 482 |         pub fn contains_position(self: &Self, pos: &Position) -> bool {
[INFO] [stdout]     |                ^^^^^^^^^^^^^^^^^
[INFO] [stdout] 
[INFO] [stdout] 
[INFO] [stdout] warning: associated function is never used: `position_get_neighbour_on`
[INFO] [stdout]    --> src/main.rs:686:16
[INFO] [stdout]     |
[INFO] [stdout] 686 |         pub fn position_get_neighbour_on(
[INFO] [stdout]     |                ^^^^^^^^^^^^^^^^^^^^^^^^^
[INFO] [stdout] 
[INFO] [stdout] 
[INFO] [stdout] warning: associated function is never used: `position_containing`
[INFO] [stdout]    --> src/main.rs:695:16
[INFO] [stdout]     |
[INFO] [stdout] 695 |         pub fn position_containing(self: &Self, pos: Position) -> bool {
[INFO] [stdout]     |                ^^^^^^^^^^^^^^^^^^^
[INFO] [stdout] 
[INFO] [stdout] 
[INFO] [stdout] warning: associated function is never used: `positions_indices_distance`
[INFO] [stdout]    --> src/main.rs:700:12
[INFO] [stdout]     |
[INFO] [stdout] 700 |         fn positions_indices_distance(self: &Self, a_index: usize, b_index: usize) -> f32 {
[INFO] [stdout]     |            ^^^^^^^^^^^^^^^^^^^^^^^^^^
[INFO] [stdout] 
[INFO] [stdout] 
[INFO] [stdout] warning: associated function is never used: `object_duplicate`
[INFO] [stdout]    --> src/main.rs:850:16
[INFO] [stdout]     |
[INFO] [stdout] 850 |         pub fn object_duplicate(
[INFO] [stdout]     |                ^^^^^^^^^^^^^^^^
[INFO] [stdout] 
[INFO] [stdout] 
[INFO] [stdout] warning: associated function is never used: `wusel_get_need`
[INFO] [stdout]     --> src/main.rs:1139:16
[INFO] [stdout]      |
[INFO] [stdout] 1139 |         pub fn wusel_get_need(self: &mut Self, wusel_id: usize, need: Need) -> u32 {
[INFO] [stdout]      |                ^^^^^^^^^^^^^^
[INFO] [stdout] 
[INFO] [stdout] 
[INFO] [stdout] warning: associated function is never used: `wusel_set_need`
[INFO] [stdout]     --> src/main.rs:1148:16
[INFO] [stdout]      |
[INFO] [stdout] 1148 |         pub fn wusel_set_need(self: &mut Self, wusel_id: usize, need: &Need, new_value: u32) {
[INFO] [stdout]      |                ^^^^^^^^^^^^^^
[INFO] [stdout] 
[INFO] [stdout] 
[INFO] [stdout] warning: variant is never constructed: `Construction`
[INFO] [stdout]     --> src/main.rs:1871:9
[INFO] [stdout]      |
[INFO] [stdout] 1871 |         Construction,
[INFO] [stdout]      |         ^^^^^^^^^^^^
[INFO] [stdout] 
[INFO] [stdout] 
[INFO] [stdout] warning: variant is never constructed: `Furniture`
[INFO] [stdout]     --> src/main.rs:1872:9
[INFO] [stdout]      |
[INFO] [stdout] 1872 |         Furniture,
[INFO] [stdout]      |         ^^^^^^^^^
[INFO] [stdout] 
[INFO] [stdout] 
[INFO] [stdout] warning: struct is never constructed: `Recipe`
[INFO] [stdout]     --> src/main.rs:1903:12
[INFO] [stdout]      |
[INFO] [stdout] 1903 |     struct Recipe {
[INFO] [stdout]      |            ^^^^^^
[INFO] [stdout] 
[INFO] [stdout] 
[INFO] [stdout] warning: variant is never constructed: `COOKING`
[INFO] [stdout]     --> src/main.rs:2038:9
[INFO] [stdout]      |
[INFO] [stdout] 2038 |         COOKING,
[INFO] [stdout]      |         ^^^^^^^
[INFO] [stdout] 
[INFO] [stdout] 
[INFO] [stdout] warning: variant is never constructed: `FITNESS`
[INFO] [stdout]     --> src/main.rs:2040:9
[INFO] [stdout]      |
[INFO] [stdout] 2040 |         FITNESS,
[INFO] [stdout]      |         ^^^^^^^
[INFO] [stdout] 
[INFO] [stdout] 
[INFO] [stdout] warning: variant is never constructed: `FINESSE`
[INFO] [stdout]     --> src/main.rs:2041:9
[INFO] [stdout]      |
[INFO] [stdout] 2041 |         FINESSE,
[INFO] [stdout]      |         ^^^^^^^
[INFO] [stdout] 
[INFO] [stdout] 
[INFO] [stdout] warning: associated function is never used: `improve`
[INFO] [stdout]     --> src/main.rs:2478:12
[INFO] [stdout]      |
[INFO] [stdout] 2478 |         fn improve(self: &mut Self, ability: &Ability) {
[INFO] [stdout]      |            ^^^^^^^
[INFO] [stdout] 
[INFO] [stdout] 
[INFO] [stdout] error[E0308]: mismatched types
[INFO] [stdout]    --> src/main.rs:365:52
[INFO] [stdout]     |
[INFO] [stdout] 365 |     test_world.wusel_new("3rd".to_string(), false, (5, 0)); // male
[INFO] [stdout]     |                                                    ^^^^^^ expected struct `Position`, found tuple
[INFO] [stdout]     |
[INFO] [stdout]     = note: expected struct `Position`
[INFO] [stdout]                 found tuple `({integer}, {integer})`
[INFO] [stdout] 
[INFO] [stdout] 
[INFO] [stdout] warning: 16 warnings emitted
[INFO] [stdout] 
[INFO] [stdout] 
[INFO] [stdout] error[E0308]: mismatched types
[INFO] [stdout]    --> src/main.rs:366:52
[INFO] [stdout]     |
[INFO] [stdout] 366 |     test_world.wusel_new("4th".to_string(), false, (9, 0)); // male
[INFO] [stdout]     |                                                    ^^^^^^ expected struct `Position`, found tuple
[INFO] [stdout]     |
[INFO] [stdout]     = note: expected struct `Position`
[INFO] [stdout]                 found tuple `({integer}, {integer})`
[INFO] [stdout] 
[INFO] [stdout] 
[INFO] [stdout] error: aborting due to 4 previous errors
[INFO] [stdout] 
[INFO] [stdout] 
[INFO] [stdout] For more information about this error, try `rustc --explain E0308`.
[INFO] [stdout] 
[INFO] [stderr] error: could not compile `wusel` due to 5 previous errors
[INFO] running `Command { std: "docker" "inspect" "419bc47bb68e6be85c9bc00cfa54eacb814802dab201a025650b059ccfa067c1", kill_on_drop: false }`
[INFO] running `Command { std: "docker" "rm" "-f" "419bc47bb68e6be85c9bc00cfa54eacb814802dab201a025650b059ccfa067c1", kill_on_drop: false }`
[INFO] [stdout] 419bc47bb68e6be85c9bc00cfa54eacb814802dab201a025650b059ccfa067c1
