[INFO] cloning repository https://github.com/Napokue/chip-8
[INFO] running `Command { std: "git" "-c" "credential.helper=" "-c" "credential.helper=/workspace/cargo-home/bin/git-credential-null" "clone" "--bare" "https://github.com/Napokue/chip-8" "/workspace/cache/git-repos/https%3A%2F%2Fgithub.com%2FNapokue%2Fchip-8", kill_on_drop: false }`
[INFO] [stderr] Cloning into bare repository '/workspace/cache/git-repos/https%3A%2F%2Fgithub.com%2FNapokue%2Fchip-8'...
[INFO] running `Command { std: "git" "rev-parse" "HEAD", kill_on_drop: false }`
[INFO] [stdout] b653a20ab26c9f9b01fad9cc25908765300fb573
[INFO] checking Napokue/chip-8 against beta-2021-10-15 for beta-1.56-3
[INFO] running `Command { std: "git" "clone" "/workspace/cache/git-repos/https%3A%2F%2Fgithub.com%2FNapokue%2Fchip-8" "/workspace/builds/worker-1/source", kill_on_drop: false }`
[INFO] [stderr] Cloning into '/workspace/builds/worker-1/source'...
[INFO] [stderr] done.
[INFO] validating manifest of git repo https://github.com/Napokue/chip-8 on toolchain beta-2021-10-15
[INFO] running `Command { std: "/workspace/cargo-home/bin/cargo" "+beta-2021-10-15" "metadata" "--manifest-path" "Cargo.toml" "--no-deps", kill_on_drop: false }`
[INFO] started tweaking git repo https://github.com/Napokue/chip-8
[INFO] finished tweaking git repo https://github.com/Napokue/chip-8
[INFO] tweaked toml for git repo https://github.com/Napokue/chip-8 written to /workspace/builds/worker-1/source/Cargo.toml
[INFO] crate git repo https://github.com/Napokue/chip-8 already has a lockfile, it will not be regenerated
[INFO] running `Command { std: "/workspace/cargo-home/bin/cargo" "+beta-2021-10-15" "fetch" "--manifest-path" "Cargo.toml", kill_on_drop: false }`
[INFO] running `Command { std: "docker" "create" "-v" "/var/lib/crater-agent-workspace/builds/worker-1/target:/opt/rustwide/target:rw,Z" "-v" "/var/lib/crater-agent-workspace/builds/worker-1/source:/opt/rustwide/workdir:ro,Z" "-v" "/var/lib/crater-agent-workspace/cargo-home:/opt/rustwide/cargo-home:ro,Z" "-v" "/var/lib/crater-agent-workspace/rustup-home:/opt/rustwide/rustup-home:ro,Z" "-e" "SOURCE_DIR=/opt/rustwide/workdir" "-e" "CARGO_TARGET_DIR=/opt/rustwide/target" "-e" "CARGO_HOME=/opt/rustwide/cargo-home" "-e" "RUSTUP_HOME=/opt/rustwide/rustup-home" "-w" "/opt/rustwide/workdir" "-m" "1610612736" "--user" "0:0" "--network" "none" "ghcr.io/rust-lang/crates-build-env/linux@sha256:a89201d6b5b9fd45c15d5952ece0a0129e7e80cb26ec023fd59cf09bc26f1604" "/opt/rustwide/cargo-home/bin/cargo" "+beta-2021-10-15" "metadata" "--no-deps" "--format-version=1", kill_on_drop: false }`
[INFO] [stdout] c08fdb8b6e0e7ca9b0d781b2b30c55f909ba0efc3094fc0cde2d324fa4bd5935
[INFO] [stderr] WARNING: Your kernel does not support swap limit capabilities or the cgroup is not mounted. Memory limited without swap.
[INFO] running `Command { std: "docker" "start" "-a" "c08fdb8b6e0e7ca9b0d781b2b30c55f909ba0efc3094fc0cde2d324fa4bd5935", kill_on_drop: false }`
[INFO] running `Command { std: "docker" "inspect" "c08fdb8b6e0e7ca9b0d781b2b30c55f909ba0efc3094fc0cde2d324fa4bd5935", kill_on_drop: false }`
[INFO] running `Command { std: "docker" "rm" "-f" "c08fdb8b6e0e7ca9b0d781b2b30c55f909ba0efc3094fc0cde2d324fa4bd5935", kill_on_drop: false }`
[INFO] [stdout] c08fdb8b6e0e7ca9b0d781b2b30c55f909ba0efc3094fc0cde2d324fa4bd5935
[INFO] running `Command { std: "docker" "create" "-v" "/var/lib/crater-agent-workspace/builds/worker-1/target:/opt/rustwide/target:rw,Z" "-v" "/var/lib/crater-agent-workspace/builds/worker-1/source:/opt/rustwide/workdir:ro,Z" "-v" "/var/lib/crater-agent-workspace/cargo-home:/opt/rustwide/cargo-home:ro,Z" "-v" "/var/lib/crater-agent-workspace/rustup-home:/opt/rustwide/rustup-home:ro,Z" "-e" "SOURCE_DIR=/opt/rustwide/workdir" "-e" "CARGO_TARGET_DIR=/opt/rustwide/target" "-e" "CARGO_INCREMENTAL=0" "-e" "RUST_BACKTRACE=full" "-e" "RUSTFLAGS=--cap-lints=warn" "-e" "CARGO_HOME=/opt/rustwide/cargo-home" "-e" "RUSTUP_HOME=/opt/rustwide/rustup-home" "-w" "/opt/rustwide/workdir" "-m" "1610612736" "--user" "0:0" "--network" "none" "ghcr.io/rust-lang/crates-build-env/linux@sha256:a89201d6b5b9fd45c15d5952ece0a0129e7e80cb26ec023fd59cf09bc26f1604" "/opt/rustwide/cargo-home/bin/cargo" "+beta-2021-10-15" "check" "--frozen" "--all" "--all-targets" "--message-format=json", kill_on_drop: false }`
[INFO] [stdout] f6373341a30c879fec45900e87bb003f46e41a1e6762624d027e8cd00f838b8b
[INFO] [stderr] WARNING: Your kernel does not support swap limit capabilities or the cgroup is not mounted. Memory limited without swap.
[INFO] running `Command { std: "docker" "start" "-a" "f6373341a30c879fec45900e87bb003f46e41a1e6762624d027e8cd00f838b8b", kill_on_drop: false }`
[INFO] [stderr]     Blocking waiting for file lock on package cache
[INFO] [stderr]    Compiling syn v1.0.15
[INFO] [stderr]     Checking colorful v0.2.1
[INFO] [stderr]    Compiling libloading v0.5.2
[INFO] [stderr]    Compiling x11-dl v2.18.4
[INFO] [stderr]     Checking raw-window-handle v0.3.1
[INFO] [stderr]     Checking nix v0.14.1
[INFO] [stderr]     Checking relevant v0.4.2
[INFO] [stderr]     Checking shared_library v0.1.9
[INFO] [stderr]     Checking stb_truetype v0.3.0
[INFO] [stderr]     Checking x11 v2.18.2
[INFO] [stderr]     Checking getrandom v0.1.14
[INFO] [stderr]     Checking parking_lot_core v0.7.0
[INFO] [stderr]     Checking memmap v0.7.0
[INFO] [stderr]     Checking mio-extras v2.0.5
[INFO] [stderr]     Checking gfx-hal v0.4.1
[INFO] [stderr]     Checking rand_core v0.5.1
[INFO] [stderr]     Checking ash v0.29.0
[INFO] [stderr]     Checking parking_lot v0.10.0
[INFO] [stderr]     Checking rusttype v0.8.1
[INFO] [stderr]     Checking rand_chacha v0.2.1
[INFO] [stderr]     Checking dlib v0.4.1
[INFO] [stderr]     Checking rand v0.7.3
[INFO] [stderr]     Checking wayland-sys v0.23.6
[INFO] [stderr]     Checking rusttype v0.7.9
[INFO] [stderr]     Checking andrew v0.2.1
[INFO] [stderr]     Checking rendy-descriptor v0.5.1
[INFO] [stderr]     Checking rendy-memory v0.5.2
[INFO] [stderr]     Checking gfx-backend-empty v0.4.0
[INFO] [stderr]     Checking calloop v0.4.4
[INFO] [stderr]     Checking wayland-commons v0.23.6
[INFO] [stderr]     Checking wayland-client v0.23.6
[INFO] [stderr]    Compiling proc-macro-hack v0.5.11
[INFO] [stderr]    Compiling peek-poke-derive v0.2.0 (https://github.com/kvark/peek-poke?rev=969bd7fe2be1a83f87916dc8b388c63cfd457075#969bd7fe)
[INFO] [stderr]     Checking wayland-protocols v0.23.6
[INFO] [stderr]     Checking gfx-backend-vulkan v0.4.2
[INFO] [stderr]     Checking peek-poke v0.2.0 (https://github.com/kvark/peek-poke?rev=969bd7fe2be1a83f87916dc8b388c63cfd457075#969bd7fe)
[INFO] [stderr]     Checking wgpu-core v0.1.0 (https://github.com/gfx-rs/wgpu?rev=f2323f2b23b7dbe060d324266cf6c1c864152e91#f2323f2b)
[INFO] [stderr]    Compiling futures-macro v0.3.4
[INFO] [stderr]     Checking smithay-client-toolkit v0.6.4
[INFO] [stderr]     Checking futures-util v0.3.4
[INFO] [stderr]     Checking wgpu-native v0.4.0 (https://github.com/gfx-rs/wgpu?rev=f2323f2b23b7dbe060d324266cf6c1c864152e91#f2323f2b)
[INFO] [stderr]     Checking wgpu v0.4.0 (https://github.com/gfx-rs/wgpu-rs#fabb0fd7)
[INFO] [stderr]     Checking winit v0.21.0
[INFO] [stderr]     Checking futures-executor v0.3.4
[INFO] [stderr]     Checking futures v0.3.4
[INFO] [stderr]     Checking chip-8 v0.1.0 (/opt/rustwide/workdir)
[INFO] [stdout] error[E0425]: cannot find value `vs_module` in this scope
[INFO] [stdout]   --> src/engines/graphics.rs:71:26
[INFO] [stdout]    |
[INFO] [stdout] 71 |                 module: &vs_module,
[INFO] [stdout]    |                          ^^^^^^^^^ not found in this scope
[INFO] [stdout] 
[INFO] [stdout] 
[INFO] [stdout] error[E0425]: cannot find value `fs_module` in this scope
[INFO] [stdout]   --> src/engines/graphics.rs:75:26
[INFO] [stdout]    |
[INFO] [stdout] 75 |                 module: &fs_module,
[INFO] [stdout]    |                          ^^^^^^^^^ not found in this scope
[INFO] [stdout] 
[INFO] [stdout] 
[INFO] [stdout] warning: unused import: `boilerplate::Application`
[INFO] [stdout]  --> src/main.rs:2:5
[INFO] [stdout]   |
[INFO] [stdout] 2 |     boilerplate::Application
[INFO] [stdout]   |     ^^^^^^^^^^^^^^^^^^^^^^^^
[INFO] [stdout]   |
[INFO] [stdout]   = note: `#[warn(unused_imports)]` on by default
[INFO] [stdout] 
[INFO] [stdout] 
[INFO] [stdout] warning: unused imports: `ControlFlow`, `event`
[INFO] [stdout]  --> src/engines/graphics.rs:3:5
[INFO] [stdout]   |
[INFO] [stdout] 3 |     event,
[INFO] [stdout]   |     ^^^^^
[INFO] [stdout] 4 |     event_loop::{ControlFlow, EventLoop}
[INFO] [stdout]   |                  ^^^^^^^^^^^
[INFO] [stdout] 
[INFO] [stdout] 
[INFO] [stdout] warning: unnecessary parentheses around assigned value
[INFO] [stdout]   --> src/cpu.rs:59:19
[INFO] [stdout]    |
[INFO] [stdout] 59 |         let nnn = (opcode & 0x0FFF);
[INFO] [stdout]    |                   ^^^^^^^^^^^^^^^^^ help: remove these parentheses
[INFO] [stdout]    |
[INFO] [stdout]    = note: `#[warn(unused_parens)]` on by default
[INFO] [stdout] 
[INFO] [stdout] 
[INFO] [stdout] warning: unused imports: `thread`, `time`
[INFO] [stdout]   --> src/main.rs:12:16
[INFO] [stdout]    |
[INFO] [stdout] 12 | use std::{env, thread, time};
[INFO] [stdout]    |                ^^^^^^  ^^^^
[INFO] [stdout] 
[INFO] [stdout] 
[INFO] [stdout] warning: unused import: `LocalSpawner`
[INFO] [stdout]  --> src/./boilerplate.rs:7:36
[INFO] [stdout]   |
[INFO] [stdout] 7 | use futures::executor::{LocalPool, LocalSpawner};
[INFO] [stdout]   |                                    ^^^^^^^^^^^^
[INFO] [stdout] 
[INFO] [stdout] 
[INFO] [stdout] error[E0425]: cannot find value `vs_module` in this scope
[INFO] [stdout]   --> src/engines/graphics.rs:71:26
[INFO] [stdout]    |
[INFO] [stdout] 71 |                 module: &vs_module,
[INFO] [stdout]    |                          ^^^^^^^^^ not found in this scope
[INFO] [stdout] 
[INFO] [stdout] 
[INFO] [stdout] error[E0425]: cannot find value `fs_module` in this scope
[INFO] [stdout]   --> src/engines/graphics.rs:75:26
[INFO] [stdout]    |
[INFO] [stdout] 75 |                 module: &fs_module,
[INFO] [stdout]    |                          ^^^^^^^^^ not found in this scope
[INFO] [stdout] 
[INFO] [stdout] 
[INFO] [stdout] warning: unused import: `boilerplate::Application`
[INFO] [stdout]  --> src/main.rs:2:5
[INFO] [stdout]   |
[INFO] [stdout] 2 |     boilerplate::Application
[INFO] [stdout]   |     ^^^^^^^^^^^^^^^^^^^^^^^^
[INFO] [stdout]   |
[INFO] [stdout]   = note: `#[warn(unused_imports)]` on by default
[INFO] [stdout] 
[INFO] [stdout] 
[INFO] [stdout] warning: unused imports: `ControlFlow`, `event`
[INFO] [stdout]  --> src/engines/graphics.rs:3:5
[INFO] [stdout]   |
[INFO] [stdout] 3 |     event,
[INFO] [stdout]   |     ^^^^^
[INFO] [stdout] 4 |     event_loop::{ControlFlow, EventLoop}
[INFO] [stdout]   |                  ^^^^^^^^^^^
[INFO] [stdout] 
[INFO] [stdout] 
[INFO] [stdout] warning: unnecessary parentheses around assigned value
[INFO] [stdout]   --> src/cpu.rs:59:19
[INFO] [stdout]    |
[INFO] [stdout] 59 |         let nnn = (opcode & 0x0FFF);
[INFO] [stdout]    |                   ^^^^^^^^^^^^^^^^^ help: remove these parentheses
[INFO] [stdout]    |
[INFO] [stdout]    = note: `#[warn(unused_parens)]` on by default
[INFO] [stdout] 
[INFO] [stdout] 
[INFO] [stdout] warning: unused imports: `thread`, `time`
[INFO] [stdout]   --> src/main.rs:12:16
[INFO] [stdout]    |
[INFO] [stdout] 12 | use std::{env, thread, time};
[INFO] [stdout]    |                ^^^^^^  ^^^^
[INFO] [stdout] 
[INFO] [stdout] 
[INFO] [stdout] warning: unused import: `LocalSpawner`
[INFO] [stdout]  --> src/./boilerplate.rs:7:36
[INFO] [stdout]   |
[INFO] [stdout] 7 | use futures::executor::{LocalPool, LocalSpawner};
[INFO] [stdout]   |                                    ^^^^^^^^^^^^
[INFO] [stdout] 
[INFO] [stdout] 
[INFO] [stdout] error: aborting due to 2 previous errors; 5 warnings emitted
[INFO] [stdout] 
[INFO] [stdout] 
[INFO] [stdout] For more information about this error, try `rustc --explain E0425`.
[INFO] [stdout] 
[INFO] [stderr] error: could not compile `chip-8` due to 3 previous errors; 5 warnings emitted
[INFO] [stderr] warning: build failed, waiting for other jobs to finish...
[INFO] [stdout] error: aborting due to 2 previous errors; 5 warnings emitted
[INFO] [stdout] 
[INFO] [stdout] 
[INFO] [stdout] For more information about this error, try `rustc --explain E0425`.
[INFO] [stdout] 
[INFO] [stderr] error: build failed
[INFO] running `Command { std: "docker" "inspect" "f6373341a30c879fec45900e87bb003f46e41a1e6762624d027e8cd00f838b8b", kill_on_drop: false }`
[INFO] running `Command { std: "docker" "rm" "-f" "f6373341a30c879fec45900e87bb003f46e41a1e6762624d027e8cd00f838b8b", kill_on_drop: false }`
[INFO] [stdout] f6373341a30c879fec45900e87bb003f46e41a1e6762624d027e8cd00f838b8b
