[INFO] cloning repository https://github.com/NLnetLabs/krill-kmip-protocol
[INFO] running `Command { std: "git" "-c" "credential.helper=" "-c" "credential.helper=/workspace/cargo-home/bin/git-credential-null" "clone" "--bare" "https://github.com/NLnetLabs/krill-kmip-protocol" "/workspace/cache/git-repos/https%3A%2F%2Fgithub.com%2FNLnetLabs%2Fkrill-kmip-protocol", kill_on_drop: false }`
[INFO] [stderr] Cloning into bare repository '/workspace/cache/git-repos/https%3A%2F%2Fgithub.com%2FNLnetLabs%2Fkrill-kmip-protocol'...
[INFO] running `Command { std: "git" "rev-parse" "HEAD", kill_on_drop: false }`
[INFO] [stdout] 95b3b7598ba01fe6cb67725639bc2748563ddebf
[INFO] checking NLnetLabs/krill-kmip-protocol against beta-2021-10-15 for beta-1.56-3
[INFO] running `Command { std: "git" "clone" "/workspace/cache/git-repos/https%3A%2F%2Fgithub.com%2FNLnetLabs%2Fkrill-kmip-protocol" "/workspace/builds/worker-12/source", kill_on_drop: false }`
[INFO] [stderr] Cloning into '/workspace/builds/worker-12/source'...
[INFO] [stderr] done.
[INFO] validating manifest of git repo https://github.com/NLnetLabs/krill-kmip-protocol on toolchain beta-2021-10-15
[INFO] running `Command { std: "/workspace/cargo-home/bin/cargo" "+beta-2021-10-15" "metadata" "--manifest-path" "Cargo.toml" "--no-deps", kill_on_drop: false }`
[INFO] started tweaking git repo https://github.com/NLnetLabs/krill-kmip-protocol
[INFO] removed 1 missing examples
[INFO] finished tweaking git repo https://github.com/NLnetLabs/krill-kmip-protocol
[INFO] tweaked toml for git repo https://github.com/NLnetLabs/krill-kmip-protocol written to /workspace/builds/worker-12/source/Cargo.toml
[INFO] crate git repo https://github.com/NLnetLabs/krill-kmip-protocol already has a lockfile, it will not be regenerated
[INFO] running `Command { std: "/workspace/cargo-home/bin/cargo" "+beta-2021-10-15" "fetch" "--manifest-path" "Cargo.toml", kill_on_drop: false }`
[INFO] [stderr]     Blocking waiting for file lock on package cache
[INFO] [stderr]     Blocking waiting for file lock on package cache
[INFO] running `Command { std: "docker" "create" "-v" "/var/lib/crater-agent-workspace/builds/worker-12/target:/opt/rustwide/target:rw,Z" "-v" "/var/lib/crater-agent-workspace/builds/worker-12/source:/opt/rustwide/workdir:ro,Z" "-v" "/var/lib/crater-agent-workspace/cargo-home:/opt/rustwide/cargo-home:ro,Z" "-v" "/var/lib/crater-agent-workspace/rustup-home:/opt/rustwide/rustup-home:ro,Z" "-e" "SOURCE_DIR=/opt/rustwide/workdir" "-e" "CARGO_TARGET_DIR=/opt/rustwide/target" "-e" "CARGO_HOME=/opt/rustwide/cargo-home" "-e" "RUSTUP_HOME=/opt/rustwide/rustup-home" "-w" "/opt/rustwide/workdir" "-m" "1610612736" "--user" "0:0" "--network" "none" "ghcr.io/rust-lang/crates-build-env/linux@sha256:a89201d6b5b9fd45c15d5952ece0a0129e7e80cb26ec023fd59cf09bc26f1604" "/opt/rustwide/cargo-home/bin/cargo" "+beta-2021-10-15" "metadata" "--no-deps" "--format-version=1", kill_on_drop: false }`
[INFO] [stdout] 794c813a1b5f800b4468b140fa9ac8acfbda19b57f689c2b500235636753c59f
[INFO] running `Command { std: "docker" "start" "-a" "794c813a1b5f800b4468b140fa9ac8acfbda19b57f689c2b500235636753c59f", kill_on_drop: false }`
[INFO] running `Command { std: "docker" "inspect" "794c813a1b5f800b4468b140fa9ac8acfbda19b57f689c2b500235636753c59f", kill_on_drop: false }`
[INFO] running `Command { std: "docker" "rm" "-f" "794c813a1b5f800b4468b140fa9ac8acfbda19b57f689c2b500235636753c59f", kill_on_drop: false }`
[INFO] [stdout] 794c813a1b5f800b4468b140fa9ac8acfbda19b57f689c2b500235636753c59f
[INFO] running `Command { std: "docker" "create" "-v" "/var/lib/crater-agent-workspace/builds/worker-12/target:/opt/rustwide/target:rw,Z" "-v" "/var/lib/crater-agent-workspace/builds/worker-12/source:/opt/rustwide/workdir:ro,Z" "-v" "/var/lib/crater-agent-workspace/cargo-home:/opt/rustwide/cargo-home:ro,Z" "-v" "/var/lib/crater-agent-workspace/rustup-home:/opt/rustwide/rustup-home:ro,Z" "-e" "SOURCE_DIR=/opt/rustwide/workdir" "-e" "CARGO_TARGET_DIR=/opt/rustwide/target" "-e" "CARGO_INCREMENTAL=0" "-e" "RUST_BACKTRACE=full" "-e" "RUSTFLAGS=--cap-lints=warn" "-e" "CARGO_HOME=/opt/rustwide/cargo-home" "-e" "RUSTUP_HOME=/opt/rustwide/rustup-home" "-w" "/opt/rustwide/workdir" "-m" "1610612736" "--user" "0:0" "--network" "none" "ghcr.io/rust-lang/crates-build-env/linux@sha256:a89201d6b5b9fd45c15d5952ece0a0129e7e80cb26ec023fd59cf09bc26f1604" "/opt/rustwide/cargo-home/bin/cargo" "+beta-2021-10-15" "check" "--frozen" "--all" "--all-targets" "--message-format=json", kill_on_drop: false }`
[INFO] [stdout] ec3fb8f6b427b9aed9085bb5efe6a16e72626571c9ba9b2720938334392b7591
[INFO] running `Command { std: "docker" "start" "-a" "ec3fb8f6b427b9aed9085bb5efe6a16e72626571c9ba9b2720938334392b7591", kill_on_drop: false }`
[INFO] [stderr]     Blocking waiting for file lock on package cache
[INFO] [stderr]    Compiling syn v1.0.78
[INFO] [stderr]    Compiling semver v1.0.4
[INFO] [stderr]    Compiling serde v1.0.130
[INFO] [stderr]    Compiling serde_derive v1.0.130
[INFO] [stderr]     Checking hex v0.4.3
[INFO] [stderr]     Checking ansi_term v0.12.1
[INFO] [stderr]     Checking diff v0.1.12
[INFO] [stderr]     Checking textwrap v0.11.0
[INFO] [stderr]    Compiling quote v1.0.10
[INFO] [stderr]     Checking atty v0.2.14
[INFO] [stderr]     Checking thread-id v3.3.0
[INFO] [stderr]     Checking simple-logging v2.0.2
[INFO] [stderr]     Checking pretty_assertions v0.7.2
[INFO] [stderr]     Checking clap v2.33.3
[INFO] [stderr]    Compiling proc-macro-error-attr v1.0.4
[INFO] [stderr]    Compiling rustc_version v0.4.0
[INFO] [stderr]    Compiling kmip-ttlv v0.3.1
[INFO] [stderr]    Compiling kmip-protocol v0.4.0 (/opt/rustwide/workdir)
[INFO] [stderr]     Checking serde_bytes v0.11.5
[INFO] [stderr]    Compiling proc-macro-error v1.0.4
[INFO] [stderr]    Compiling trait-set v0.2.0
[INFO] [stderr]    Compiling maybe-async v0.2.6
[INFO] [stderr]    Compiling enum-flags v0.1.8
[INFO] [stderr]    Compiling enum-display-derive v0.1.1
[INFO] [stderr]    Compiling structopt-derive v0.4.16
[INFO] [stderr]     Checking structopt v0.3.23
[INFO] [stdout] error: This demo requires one of the tls-with-xxx features to be enabled.
[INFO] [stdout]  --> examples/demo/main.rs:9:1
[INFO] [stdout]   |
[INFO] [stdout] 9 | compile_error!("This demo requires one of the tls-with-xxx features to be enabled.");
[INFO] [stdout]   | ^^^^^^^^^^^^^^^^^^^^^^^^^^^^^^^^^^^^^^^^^^^^^^^^^^^^^^^^^^^^^^^^^^^^^^^^^^^^^^^^^^^^^
[INFO] [stdout] 
[INFO] [stdout] 
[INFO] [stdout] error[E0432]: unresolved import `kmip_protocol::client`
[INFO] [stdout]  --> examples/demo/util.rs:1:20
[INFO] [stdout]   |
[INFO] [stdout] 1 | use kmip_protocol::client::Client;
[INFO] [stdout]   |                    ^^^^^^ could not find `client` in `kmip_protocol`
[INFO] [stdout] 
[INFO] [stdout] 
[INFO] [stdout] error[E0432]: unresolved import `kmip_protocol::client`
[INFO] [stdout]   --> examples/demo/main.rs:16:20
[INFO] [stdout]    |
[INFO] [stdout] 16 | use kmip_protocol::client::{Client, ClientCertificate, ConnectionSettings};
[INFO] [stdout]    |                    ^^^^^^ could not find `client` in `kmip_protocol`
[INFO] [stdout] 
[INFO] [stdout] 
[INFO] [stdout] error[E0433]: failed to resolve: could not find `client` in `kmip_protocol`
[INFO] [stdout]   --> examples/demo/util.rs:38:65
[INFO] [stdout]    |
[INFO] [stdout] 38 | impl<T: ReadWrite, U> SelfLoggingError<T, U> for kmip_protocol::client::Result<U> {
[INFO] [stdout]    |                                                                 ^^^^^^ could not find `client` in `kmip_protocol`
[INFO] [stdout] 
[INFO] [stdout] 
[INFO] [stdout] error[E0433]: failed to resolve: could not find `client` in `kmip_protocol`
[INFO] [stdout]    --> examples/demo/main.rs:100:32
[INFO] [stdout]     |
[INFO] [stdout] 100 | ) -> Result<(), kmip_protocol::client::Error> {
[INFO] [stdout]     |                                ^^^^^^ could not find `client` in `kmip_protocol`
[INFO] [stdout] 
[INFO] [stdout] 
[INFO] [stdout] error[E0433]: failed to resolve: could not find `client` in `kmip_protocol`
[INFO] [stdout]    --> examples/demo/main.rs:156:97
[INFO] [stdout]     |
[INFO] [stdout] 156 | async fn query_server_properties<T: ReadWrite>(client: &Client<T>) -> Result<(), kmip_protocol::client::Error> {
[INFO] [stdout]     |                                                                                                 ^^^^^^ could not find `client` in `kmip_protocol`
[INFO] [stdout] 
[INFO] [stdout] 
[INFO] [stdout] warning: unused import: `structopt::StructOpt`
[INFO] [stdout]   --> examples/demo/main.rs:19:5
[INFO] [stdout]    |
[INFO] [stdout] 19 | use structopt::StructOpt;
[INFO] [stdout]    |     ^^^^^^^^^^^^^^^^^^^^
[INFO] [stdout]    |
[INFO] [stdout]    = note: `#[warn(unused_imports)]` on by default
[INFO] [stdout] 
[INFO] [stdout] 
[INFO] [stdout] warning: unused import: `util::init_logging`
[INFO] [stdout]   --> examples/demo/main.rs:20:5
[INFO] [stdout]    |
[INFO] [stdout] 20 | use util::init_logging;
[INFO] [stdout]    |     ^^^^^^^^^^^^^^^^^^
[INFO] [stdout] 
[INFO] [stdout] 
[INFO] [stdout] error[E0601]: `main` function not found in crate `demo`
[INFO] [stdout]    --> examples/demo/main.rs:1:1
[INFO] [stdout]     |
[INFO] [stdout] 1   | / #[cfg(not(any(
[INFO] [stdout] 2   | |     feature = "tls-with-openssl",
[INFO] [stdout] 3   | |     feature = "tls-with-openssl-vendored",
[INFO] [stdout] 4   | |     feature = "tls-with-rustls",
[INFO] [stdout] ...   |
[INFO] [stdout] 226 | |     }
[INFO] [stdout] 227 | | }
[INFO] [stdout]     | |_^ consider adding a `main` function to `examples/demo/main.rs`
[INFO] [stdout] 
[INFO] [stdout] 
[INFO] [stdout] warning: unused import: `SelfLoggingError`
[INFO] [stdout]   --> examples/demo/main.rs:24:12
[INFO] [stdout]    |
[INFO] [stdout] 24 |     util::{SelfLoggingError, ToCsvString},
[INFO] [stdout]    |            ^^^^^^^^^^^^^^^^
[INFO] [stdout] 
[INFO] [stdout] 
[INFO] [stdout] warning: unused import: `ToCsvString`
[INFO] [stdout]   --> examples/demo/main.rs:24:30
[INFO] [stdout]    |
[INFO] [stdout] 24 |     util::{SelfLoggingError, ToCsvString},
[INFO] [stdout]    |                              ^^^^^^^^^^^
[INFO] [stdout] 
[INFO] [stdout] 
[INFO] [stdout] error: aborting due to 7 previous errors; 4 warnings emitted
[INFO] [stdout] 
[INFO] [stdout] 
[INFO] [stdout] Some errors have detailed explanations: E0432, E0433, E0601.
[INFO] [stdout] 
[INFO] [stdout] For more information about an error, try `rustc --explain E0432`.
[INFO] [stdout] 
[INFO] [stderr] error: could not compile `kmip-protocol` due to 8 previous errors; 4 warnings emitted
[INFO] [stderr] warning: build failed, waiting for other jobs to finish...
[INFO] [stderr] error: build failed
[INFO] running `Command { std: "docker" "inspect" "ec3fb8f6b427b9aed9085bb5efe6a16e72626571c9ba9b2720938334392b7591", kill_on_drop: false }`
[INFO] running `Command { std: "docker" "rm" "-f" "ec3fb8f6b427b9aed9085bb5efe6a16e72626571c9ba9b2720938334392b7591", kill_on_drop: false }`
[INFO] [stdout] ec3fb8f6b427b9aed9085bb5efe6a16e72626571c9ba9b2720938334392b7591
