[INFO] cloning repository https://github.com/MelonShooter/burdbot-aes-encoder
[INFO] running `Command { std: "git" "-c" "credential.helper=" "-c" "credential.helper=/workspace/cargo-home/bin/git-credential-null" "clone" "--bare" "https://github.com/MelonShooter/burdbot-aes-encoder" "/workspace/cache/git-repos/https%3A%2F%2Fgithub.com%2FMelonShooter%2Fburdbot-aes-encoder", kill_on_drop: false }`
[INFO] [stderr] Cloning into bare repository '/workspace/cache/git-repos/https%3A%2F%2Fgithub.com%2FMelonShooter%2Fburdbot-aes-encoder'...
[INFO] running `Command { std: "git" "rev-parse" "HEAD", kill_on_drop: false }`
[INFO] [stdout] ef0f73caddbf38a932bbe946291834fa507be33c
[INFO] checking MelonShooter/burdbot-aes-encoder against 1.55.0 for beta-1.56-3
[INFO] running `Command { std: "git" "clone" "/workspace/cache/git-repos/https%3A%2F%2Fgithub.com%2FMelonShooter%2Fburdbot-aes-encoder" "/workspace/builds/worker-83/source", kill_on_drop: false }`
[INFO] [stderr] Cloning into '/workspace/builds/worker-83/source'...
[INFO] [stderr] done.
[INFO] validating manifest of git repo https://github.com/MelonShooter/burdbot-aes-encoder on toolchain 1.55.0
[INFO] running `Command { std: "/workspace/cargo-home/bin/cargo" "+1.55.0" "metadata" "--manifest-path" "Cargo.toml" "--no-deps", kill_on_drop: false }`
[INFO] started tweaking git repo https://github.com/MelonShooter/burdbot-aes-encoder
[INFO] finished tweaking git repo https://github.com/MelonShooter/burdbot-aes-encoder
[INFO] tweaked toml for git repo https://github.com/MelonShooter/burdbot-aes-encoder written to /workspace/builds/worker-83/source/Cargo.toml
[INFO] crate git repo https://github.com/MelonShooter/burdbot-aes-encoder already has a lockfile, it will not be regenerated
[INFO] running `Command { std: "/workspace/cargo-home/bin/cargo" "+1.55.0" "fetch" "--manifest-path" "Cargo.toml", kill_on_drop: false }`
[INFO] [stderr]     Blocking waiting for file lock on package cache
[INFO] [stderr]     Blocking waiting for file lock on package cache
[INFO] running `Command { std: "docker" "create" "-v" "/var/lib/crater-agent-workspace/builds/worker-83/target:/opt/rustwide/target:rw,Z" "-v" "/var/lib/crater-agent-workspace/builds/worker-83/source:/opt/rustwide/workdir:ro,Z" "-v" "/var/lib/crater-agent-workspace/cargo-home:/opt/rustwide/cargo-home:ro,Z" "-v" "/var/lib/crater-agent-workspace/rustup-home:/opt/rustwide/rustup-home:ro,Z" "-e" "SOURCE_DIR=/opt/rustwide/workdir" "-e" "CARGO_TARGET_DIR=/opt/rustwide/target" "-e" "CARGO_HOME=/opt/rustwide/cargo-home" "-e" "RUSTUP_HOME=/opt/rustwide/rustup-home" "-w" "/opt/rustwide/workdir" "-m" "1610612736" "--user" "0:0" "--network" "none" "ghcr.io/rust-lang/crates-build-env/linux@sha256:a89201d6b5b9fd45c15d5952ece0a0129e7e80cb26ec023fd59cf09bc26f1604" "/opt/rustwide/cargo-home/bin/cargo" "+1.55.0" "metadata" "--no-deps" "--format-version=1", kill_on_drop: false }`
[INFO] [stdout] a4591180ba87736bef451752c4514c8b1ea1fcf08ad3cde1852037411dfd2e9c
[INFO] running `Command { std: "docker" "start" "-a" "a4591180ba87736bef451752c4514c8b1ea1fcf08ad3cde1852037411dfd2e9c", kill_on_drop: false }`
[INFO] running `Command { std: "docker" "inspect" "a4591180ba87736bef451752c4514c8b1ea1fcf08ad3cde1852037411dfd2e9c", kill_on_drop: false }`
[INFO] running `Command { std: "docker" "rm" "-f" "a4591180ba87736bef451752c4514c8b1ea1fcf08ad3cde1852037411dfd2e9c", kill_on_drop: false }`
[INFO] [stdout] a4591180ba87736bef451752c4514c8b1ea1fcf08ad3cde1852037411dfd2e9c
[INFO] running `Command { std: "docker" "create" "-v" "/var/lib/crater-agent-workspace/builds/worker-83/target:/opt/rustwide/target:rw,Z" "-v" "/var/lib/crater-agent-workspace/builds/worker-83/source:/opt/rustwide/workdir:ro,Z" "-v" "/var/lib/crater-agent-workspace/cargo-home:/opt/rustwide/cargo-home:ro,Z" "-v" "/var/lib/crater-agent-workspace/rustup-home:/opt/rustwide/rustup-home:ro,Z" "-e" "SOURCE_DIR=/opt/rustwide/workdir" "-e" "CARGO_TARGET_DIR=/opt/rustwide/target" "-e" "CARGO_INCREMENTAL=0" "-e" "RUST_BACKTRACE=full" "-e" "RUSTFLAGS=--cap-lints=warn" "-e" "CARGO_HOME=/opt/rustwide/cargo-home" "-e" "RUSTUP_HOME=/opt/rustwide/rustup-home" "-w" "/opt/rustwide/workdir" "-m" "1610612736" "--user" "0:0" "--network" "none" "ghcr.io/rust-lang/crates-build-env/linux@sha256:a89201d6b5b9fd45c15d5952ece0a0129e7e80cb26ec023fd59cf09bc26f1604" "/opt/rustwide/cargo-home/bin/cargo" "+1.55.0" "check" "--frozen" "--all" "--all-targets" "--message-format=json", kill_on_drop: false }`
[INFO] [stdout] 9bada0c7f2989236cec897c92ce322813111d9fbae4461df26e6083d76ff695f
[INFO] running `Command { std: "docker" "start" "-a" "9bada0c7f2989236cec897c92ce322813111d9fbae4461df26e6083d76ff695f", kill_on_drop: false }`
[INFO] [stderr]     Blocking waiting for file lock on package cache
[INFO] [stderr]     Checking cpufeatures v0.1.4
[INFO] [stderr]     Checking hex v0.4.3
[INFO] [stderr]     Checking cipher v0.3.0
[INFO] [stderr]     Checking aes v0.7.4
[INFO] [stderr]     Checking aes-encoder-burdbot v0.1.0 (/opt/rustwide/workdir)
[INFO] [stdout] error[E0583]: file not found for module `secret`
[INFO] [stdout]  --> src/main.rs:2:1
[INFO] [stdout]   |
[INFO] [stdout] 2 | mod secret;
[INFO] [stdout]   | ^^^^^^^^^^^
[INFO] [stdout]   |
[INFO] [stdout]   = help: to create the module `secret`, create file "src/secret.rs" or "src/secret/mod.rs"
[INFO] [stdout] 
[INFO] [stdout] 
[INFO] [stdout] error[E0583]: file not found for module `secret`
[INFO] [stdout]  --> src/main.rs:2:1
[INFO] [stdout]   |
[INFO] [stdout] 2 | mod secret;
[INFO] [stdout]   | ^^^^^^^^^^^
[INFO] [stdout]   |
[INFO] [stdout]   = help: to create the module `secret`, create file "src/secret.rs" or "src/secret/mod.rs"
[INFO] [stdout] 
[INFO] [stdout] 
[INFO] [stdout] error[E0425]: cannot find value `AES_KEY` in module `secret`
[INFO] [stdout]   --> src/encoder.rs:24:30
[INFO] [stdout]    |
[INFO] [stdout] 24 |     let key = decode(secret::AES_KEY).expect("Bad key.");
[INFO] [stdout]    |                              ^^^^^^^ not found in `secret`
[INFO] [stdout] 
[INFO] [stdout] 
[INFO] [stdout] error[E0425]: cannot find value `AES_KEY` in module `secret`
[INFO] [stdout]   --> src/encoder.rs:24:30
[INFO] [stdout]    |
[INFO] [stdout] 24 |     let key = decode(secret::AES_KEY).expect("Bad key.");
[INFO] [stdout]    |                              ^^^^^^^ not found in `secret`
[INFO] [stdout] 
[INFO] [stdout] 
[INFO] [stdout] error: aborting due to 2 previous errors
[INFO] [stdout] 
[INFO] [stdout] 
[INFO] [stdout] error: aborting due to 2 previous errors
[INFO] [stdout] 
[INFO] [stdout] 
[INFO] [stdout] Some errors have detailed explanations: E0425, E0583.
[INFO] [stdout] 
[INFO] [stdout] For more information about an error, try `rustc --explain E0425`.
[INFO] [stdout] 
[INFO] [stdout] Some errors have detailed explanations: E0425, E0583.
[INFO] [stdout] 
[INFO] [stderr] error: could not compile `aes-encoder-burdbot` due to 3 previous errors
[INFO] [stdout] For more information about an error, try `rustc --explain E0425`.
[INFO] [stdout] 
[INFO] [stderr] warning: build failed, waiting for other jobs to finish...
[INFO] [stderr] error: build failed
[INFO] running `Command { std: "docker" "inspect" "9bada0c7f2989236cec897c92ce322813111d9fbae4461df26e6083d76ff695f", kill_on_drop: false }`
[INFO] running `Command { std: "docker" "rm" "-f" "9bada0c7f2989236cec897c92ce322813111d9fbae4461df26e6083d76ff695f", kill_on_drop: false }`
[INFO] [stdout] 9bada0c7f2989236cec897c92ce322813111d9fbae4461df26e6083d76ff695f
