[INFO] cloning repository https://github.com/Mark-Simulacrum/ecap-rs
[INFO] running `Command { std: "git" "-c" "credential.helper=" "-c" "credential.helper=/workspace/cargo-home/bin/git-credential-null" "clone" "--bare" "https://github.com/Mark-Simulacrum/ecap-rs" "/workspace/cache/git-repos/https%3A%2F%2Fgithub.com%2FMark-Simulacrum%2Fecap-rs", kill_on_drop: false }`
[INFO] [stderr] Cloning into bare repository '/workspace/cache/git-repos/https%3A%2F%2Fgithub.com%2FMark-Simulacrum%2Fecap-rs'...
[INFO] running `Command { std: "git" "rev-parse" "HEAD", kill_on_drop: false }`
[INFO] [stdout] 842f70a5bded587308c329ffbf7eacf3289a380c
[INFO] checking Mark-Simulacrum/ecap-rs against 1.55.0 for beta-1.56-3
[INFO] running `Command { std: "git" "clone" "/workspace/cache/git-repos/https%3A%2F%2Fgithub.com%2FMark-Simulacrum%2Fecap-rs" "/workspace/builds/worker-30/source", kill_on_drop: false }`
[INFO] [stderr] Cloning into '/workspace/builds/worker-30/source'...
[INFO] [stderr] done.
[INFO] validating manifest of git repo https://github.com/Mark-Simulacrum/ecap-rs on toolchain 1.55.0
[INFO] running `Command { std: "/workspace/cargo-home/bin/cargo" "+1.55.0" "metadata" "--manifest-path" "Cargo.toml" "--no-deps", kill_on_drop: false }`
[INFO] started tweaking git repo https://github.com/Mark-Simulacrum/ecap-rs
[INFO] finished tweaking git repo https://github.com/Mark-Simulacrum/ecap-rs
[INFO] tweaked toml for git repo https://github.com/Mark-Simulacrum/ecap-rs written to /workspace/builds/worker-30/source/Cargo.toml
[INFO] crate git repo https://github.com/Mark-Simulacrum/ecap-rs already has a lockfile, it will not be regenerated
[INFO] running `Command { std: "/workspace/cargo-home/bin/cargo" "+1.55.0" "fetch" "--manifest-path" "Cargo.toml", kill_on_drop: false }`
[INFO] [stderr]     Blocking waiting for file lock on package cache
[INFO] [stderr]     Blocking waiting for file lock on package cache
[INFO] running `Command { std: "docker" "create" "-v" "/var/lib/crater-agent-workspace/builds/worker-30/target:/opt/rustwide/target:rw,Z" "-v" "/var/lib/crater-agent-workspace/builds/worker-30/source:/opt/rustwide/workdir:ro,Z" "-v" "/var/lib/crater-agent-workspace/cargo-home:/opt/rustwide/cargo-home:ro,Z" "-v" "/var/lib/crater-agent-workspace/rustup-home:/opt/rustwide/rustup-home:ro,Z" "-e" "SOURCE_DIR=/opt/rustwide/workdir" "-e" "CARGO_TARGET_DIR=/opt/rustwide/target" "-e" "CARGO_HOME=/opt/rustwide/cargo-home" "-e" "RUSTUP_HOME=/opt/rustwide/rustup-home" "-w" "/opt/rustwide/workdir" "-m" "1610612736" "--user" "0:0" "--network" "none" "ghcr.io/rust-lang/crates-build-env/linux@sha256:a89201d6b5b9fd45c15d5952ece0a0129e7e80cb26ec023fd59cf09bc26f1604" "/opt/rustwide/cargo-home/bin/cargo" "+1.55.0" "metadata" "--no-deps" "--format-version=1", kill_on_drop: false }`
[INFO] [stdout] 908017111f8c821621cc6dad1775c8b36401d22b22f7c955d88cd6dab53189aa
[INFO] running `Command { std: "docker" "start" "-a" "908017111f8c821621cc6dad1775c8b36401d22b22f7c955d88cd6dab53189aa", kill_on_drop: false }`
[INFO] running `Command { std: "docker" "inspect" "908017111f8c821621cc6dad1775c8b36401d22b22f7c955d88cd6dab53189aa", kill_on_drop: false }`
[INFO] running `Command { std: "docker" "rm" "-f" "908017111f8c821621cc6dad1775c8b36401d22b22f7c955d88cd6dab53189aa", kill_on_drop: false }`
[INFO] [stdout] 908017111f8c821621cc6dad1775c8b36401d22b22f7c955d88cd6dab53189aa
[INFO] running `Command { std: "docker" "create" "-v" "/var/lib/crater-agent-workspace/builds/worker-30/target:/opt/rustwide/target:rw,Z" "-v" "/var/lib/crater-agent-workspace/builds/worker-30/source:/opt/rustwide/workdir:ro,Z" "-v" "/var/lib/crater-agent-workspace/cargo-home:/opt/rustwide/cargo-home:ro,Z" "-v" "/var/lib/crater-agent-workspace/rustup-home:/opt/rustwide/rustup-home:ro,Z" "-e" "SOURCE_DIR=/opt/rustwide/workdir" "-e" "CARGO_TARGET_DIR=/opt/rustwide/target" "-e" "CARGO_INCREMENTAL=0" "-e" "RUST_BACKTRACE=full" "-e" "RUSTFLAGS=--cap-lints=warn" "-e" "CARGO_HOME=/opt/rustwide/cargo-home" "-e" "RUSTUP_HOME=/opt/rustwide/rustup-home" "-w" "/opt/rustwide/workdir" "-m" "1610612736" "--user" "0:0" "--network" "none" "ghcr.io/rust-lang/crates-build-env/linux@sha256:a89201d6b5b9fd45c15d5952ece0a0129e7e80cb26ec023fd59cf09bc26f1604" "/opt/rustwide/cargo-home/bin/cargo" "+1.55.0" "check" "--frozen" "--all" "--all-targets" "--message-format=json", kill_on_drop: false }`
[INFO] [stdout] 0613c88c561db1f51a0c459af99f1459b554ccb4039d642b96f0a4058634d2b2
[INFO] running `Command { std: "docker" "start" "-a" "0613c88c561db1f51a0c459af99f1459b554ccb4039d642b96f0a4058634d2b2", kill_on_drop: false }`
[INFO] [stderr]     Blocking waiting for file lock on package cache
[INFO] [stderr] warning: output filename collision.
[INFO] [stderr] The lib target `ecap-common` in package `ecap-common v0.1.0 (/opt/rustwide/workdir/ecap-common)` has the same output filename as the lib target `ecap-common` in package `ecap-common v0.1.0 (/opt/rustwide/workdir/ecap-common)`.
[INFO] [stderr] Colliding filename is: /opt/rustwide/target/debug/deps/libecap_common.so
[INFO] [stderr] The targets should have unique names.
[INFO] [stderr] Consider changing their names to be unique or compiling them separately.
[INFO] [stderr] This may become a hard error in the future; see <https://github.com/rust-lang/cargo/issues/6313>.
[INFO] [stderr]     Checking parse-generics-shim v0.1.1
[INFO] [stderr]    Compiling lazy_static v1.0.1
[INFO] [stderr]    Compiling cc v1.0.17
[INFO] [stderr]     Checking libc v0.2.42
[INFO] [stderr]     Checking crossbeam v0.3.2
[INFO] [stderr]     Checking mopa v0.2.2 (https://github.com/Mark-Simulacrum/mopa?branch=fork#52317ba6)
[INFO] [stderr]     Checking ecap v0.1.0 (/opt/rustwide/workdir/ecap)
[INFO] [stderr]    Compiling ecap-sys v0.1.0 (/opt/rustwide/workdir/ecap-sys)
[INFO] [stderr]     Checking erased-ecap v0.1.0 (/opt/rustwide/workdir/erased-ecap)
[INFO] [stdout] error[E0554]: `#![feature]` may not be used on the stable release channel
[INFO] [stdout]  --> erased-ecap/src/lib.rs:1:1
[INFO] [stdout]   |
[INFO] [stdout] 1 | #![feature(crate_in_paths, core_intrinsics)]
[INFO] [stdout]   | ^^^^^^^^^^^^^^^^^^^^^^^^^^^^^^^^^^^^^^^^^^^^
[INFO] [stdout]   |
[INFO] [stdout]   = help: the feature `crate_in_paths` has been stable since 1.30.0 and no longer requires an attribute to enable
[INFO] [stdout] 
[INFO] [stdout] 
[INFO] [stdout] error[E0554]: `#![feature]` may not be used on the stable release channel
[INFO] [stdout]  --> erased-ecap/src/lib.rs:1:1
[INFO] [stdout]   |
[INFO] [stdout] 1 | #![feature(crate_in_paths, core_intrinsics)]
[INFO] [stdout]   | ^^^^^^^^^^^^^^^^^^^^^^^^^^^^^^^^^^^^^^^^^^^^
[INFO] [stdout]   |
[INFO] [stdout]   = help: the feature `crate_in_paths` has been stable since 1.30.0 and no longer requires an attribute to enable
[INFO] [stdout] 
[INFO] [stdout] 
[INFO] [stdout] error: aborting due to previous error
[INFO] [stdout] 
[INFO] [stdout] 
[INFO] [stdout] error: aborting due to previous error
[INFO] [stdout] 
[INFO] [stdout] 
[INFO] [stdout] For more information about this error, try `rustc --explain E0554`.
[INFO] [stdout] 
[INFO] [stdout] For more information about this error, try `rustc --explain E0554`.
[INFO] [stdout] 
[INFO] [stderr] error: could not compile `erased-ecap` due to 2 previous errors
[INFO] [stderr] warning: build failed, waiting for other jobs to finish...
[INFO] [stdout] error[E0554]: `#![feature]` may not be used on the stable release channel
[INFO] [stdout]  --> erased-ecap/src/lib.rs:1:1
[INFO] [stdout]   |
[INFO] [stdout] 1 | #![feature(crate_in_paths, core_intrinsics)]
[INFO] [stdout]   | ^^^^^^^^^^^^^^^^^^^^^^^^^^^^^^^^^^^^^^^^^^^^
[INFO] [stdout]   |
[INFO] [stdout]   = help: the feature `crate_in_paths` has been stable since 1.30.0 and no longer requires an attribute to enable
[INFO] [stdout] 
[INFO] [stdout] 
[INFO] [stderr] The following warnings were emitted during compilation:
[INFO] [stderr] 
[INFO] [stderr] warning: src/shim.cpp:5:10: fatal error: libecap/common/forward.h: No such file or directory
[INFO] [stderr] warning:     5 | #include <libecap/common/forward.h>
[INFO] [stderr] warning:       |          ^~~~~~~~~~~~~~~~~~~~~~~~~~
[INFO] [stderr] warning: compilation terminated.
[INFO] [stderr] 
[INFO] [stdout] error: aborting due to previous error
[INFO] [stdout] 
[INFO] [stdout] 
[INFO] [stdout] For more information about this error, try `rustc --explain E0554`.
[INFO] [stdout] 
[INFO] [stderr] error: build failed
[INFO] running `Command { std: "docker" "inspect" "0613c88c561db1f51a0c459af99f1459b554ccb4039d642b96f0a4058634d2b2", kill_on_drop: false }`
[INFO] running `Command { std: "docker" "rm" "-f" "0613c88c561db1f51a0c459af99f1459b554ccb4039d642b96f0a4058634d2b2", kill_on_drop: false }`
[INFO] [stdout] 0613c88c561db1f51a0c459af99f1459b554ccb4039d642b96f0a4058634d2b2
