[INFO] cloning repository https://github.com/MarcusTL12/AdventOfCode2016Rust
[INFO] running `Command { std: "git" "-c" "credential.helper=" "-c" "credential.helper=/workspace/cargo-home/bin/git-credential-null" "clone" "--bare" "https://github.com/MarcusTL12/AdventOfCode2016Rust" "/workspace/cache/git-repos/https%3A%2F%2Fgithub.com%2FMarcusTL12%2FAdventOfCode2016Rust", kill_on_drop: false }`
[INFO] [stderr] Cloning into bare repository '/workspace/cache/git-repos/https%3A%2F%2Fgithub.com%2FMarcusTL12%2FAdventOfCode2016Rust'...
[INFO] running `Command { std: "git" "rev-parse" "HEAD", kill_on_drop: false }`
[INFO] [stdout] 9530809f1762cc86a820bfd9e609fabe535f66b0
[INFO] checking MarcusTL12/AdventOfCode2016Rust against beta-2021-10-15 for beta-1.56-3
[INFO] running `Command { std: "git" "clone" "/workspace/cache/git-repos/https%3A%2F%2Fgithub.com%2FMarcusTL12%2FAdventOfCode2016Rust" "/workspace/builds/worker-66/source", kill_on_drop: false }`
[INFO] [stderr] Cloning into '/workspace/builds/worker-66/source'...
[INFO] [stderr] done.
[INFO] validating manifest of git repo https://github.com/MarcusTL12/AdventOfCode2016Rust on toolchain beta-2021-10-15
[INFO] running `Command { std: "/workspace/cargo-home/bin/cargo" "+beta-2021-10-15" "metadata" "--manifest-path" "Cargo.toml" "--no-deps", kill_on_drop: false }`
[INFO] started tweaking git repo https://github.com/MarcusTL12/AdventOfCode2016Rust
[INFO] finished tweaking git repo https://github.com/MarcusTL12/AdventOfCode2016Rust
[INFO] tweaked toml for git repo https://github.com/MarcusTL12/AdventOfCode2016Rust written to /workspace/builds/worker-66/source/Cargo.toml
[INFO] crate git repo https://github.com/MarcusTL12/AdventOfCode2016Rust already has a lockfile, it will not be regenerated
[INFO] running `Command { std: "/workspace/cargo-home/bin/cargo" "+beta-2021-10-15" "fetch" "--manifest-path" "Cargo.toml", kill_on_drop: false }`
[INFO] [stderr]     Updating crates.io index
[INFO] [stderr]     Updating git repository `https://github.com/MarcusTL12/VecLinkedList_Rust`
[INFO] [stderr]     Blocking waiting for file lock on package cache
[INFO] [stderr]  Downloading crates ...
[INFO] [stderr]   Downloaded num-bigint v0.4.2
[INFO] running `Command { std: "docker" "create" "-v" "/var/lib/crater-agent-workspace/builds/worker-66/target:/opt/rustwide/target:rw,Z" "-v" "/var/lib/crater-agent-workspace/builds/worker-66/source:/opt/rustwide/workdir:ro,Z" "-v" "/var/lib/crater-agent-workspace/cargo-home:/opt/rustwide/cargo-home:ro,Z" "-v" "/var/lib/crater-agent-workspace/rustup-home:/opt/rustwide/rustup-home:ro,Z" "-e" "SOURCE_DIR=/opt/rustwide/workdir" "-e" "CARGO_TARGET_DIR=/opt/rustwide/target" "-e" "CARGO_HOME=/opt/rustwide/cargo-home" "-e" "RUSTUP_HOME=/opt/rustwide/rustup-home" "-w" "/opt/rustwide/workdir" "-m" "1610612736" "--user" "0:0" "--network" "none" "ghcr.io/rust-lang/crates-build-env/linux@sha256:a89201d6b5b9fd45c15d5952ece0a0129e7e80cb26ec023fd59cf09bc26f1604" "/opt/rustwide/cargo-home/bin/cargo" "+beta-2021-10-15" "metadata" "--no-deps" "--format-version=1", kill_on_drop: false }`
[INFO] [stdout] c7c6add645e419e5877c4663004e24ecbbb6a5559ff5fc8bf0880f8199ac413b
[INFO] running `Command { std: "docker" "start" "-a" "c7c6add645e419e5877c4663004e24ecbbb6a5559ff5fc8bf0880f8199ac413b", kill_on_drop: false }`
[INFO] running `Command { std: "docker" "inspect" "c7c6add645e419e5877c4663004e24ecbbb6a5559ff5fc8bf0880f8199ac413b", kill_on_drop: false }`
[INFO] running `Command { std: "docker" "rm" "-f" "c7c6add645e419e5877c4663004e24ecbbb6a5559ff5fc8bf0880f8199ac413b", kill_on_drop: false }`
[INFO] [stdout] c7c6add645e419e5877c4663004e24ecbbb6a5559ff5fc8bf0880f8199ac413b
[INFO] running `Command { std: "docker" "create" "-v" "/var/lib/crater-agent-workspace/builds/worker-66/target:/opt/rustwide/target:rw,Z" "-v" "/var/lib/crater-agent-workspace/builds/worker-66/source:/opt/rustwide/workdir:ro,Z" "-v" "/var/lib/crater-agent-workspace/cargo-home:/opt/rustwide/cargo-home:ro,Z" "-v" "/var/lib/crater-agent-workspace/rustup-home:/opt/rustwide/rustup-home:ro,Z" "-e" "SOURCE_DIR=/opt/rustwide/workdir" "-e" "CARGO_TARGET_DIR=/opt/rustwide/target" "-e" "CARGO_INCREMENTAL=0" "-e" "RUST_BACKTRACE=full" "-e" "RUSTFLAGS=--cap-lints=warn" "-e" "CARGO_HOME=/opt/rustwide/cargo-home" "-e" "RUSTUP_HOME=/opt/rustwide/rustup-home" "-w" "/opt/rustwide/workdir" "-m" "1610612736" "--user" "0:0" "--network" "none" "ghcr.io/rust-lang/crates-build-env/linux@sha256:a89201d6b5b9fd45c15d5952ece0a0129e7e80cb26ec023fd59cf09bc26f1604" "/opt/rustwide/cargo-home/bin/cargo" "+beta-2021-10-15" "check" "--frozen" "--all" "--all-targets" "--message-format=json", kill_on_drop: false }`
[INFO] [stdout] 9a4ff48e4c5600958592f7e17c4e077b63cb86981cdcc74d01e3360827776eeb
[INFO] running `Command { std: "docker" "start" "-a" "9a4ff48e4c5600958592f7e17c4e077b63cb86981cdcc74d01e3360827776eeb", kill_on_drop: false }`
[INFO] [stderr]    Compiling memchr v2.4.1
[INFO] [stderr]     Checking regex-syntax v0.6.25
[INFO] [stderr]     Checking either v1.5.3
[INFO] [stderr]     Checking md5 v0.7.0
[INFO] [stderr]     Checking vec_linked_list v0.1.0 (https://github.com/MarcusTL12/VecLinkedList_Rust?branch=Dev#1606998b)
[INFO] [stderr]     Checking arrayvec v0.7.1
[INFO] [stderr]    Compiling num-traits v0.2.14
[INFO] [stderr]    Compiling num-integer v0.1.44
[INFO] [stderr]    Compiling num-bigint v0.4.2
[INFO] [stderr]    Compiling num-rational v0.4.0
[INFO] [stderr]    Compiling num-iter v0.1.42
[INFO] [stderr]     Checking itertools v0.10.1
[INFO] [stderr]     Checking aho-corasick v0.7.18
[INFO] [stderr]     Checking num-complex v0.4.0
[INFO] [stderr]     Checking regex v1.5.4
[INFO] [stderr]     Checking num v0.4.0
[INFO] [stderr]     Checking adventofcode_2016 v0.1.0 (/opt/rustwide/workdir)
[INFO] [stdout] error[E0107]: this struct takes 2 generic arguments but 1 generic argument was supplied
[INFO] [stdout]   --> src/day10.rs:95:6
[INFO] [stdout]    |
[INFO] [stdout] 95 | ) -> ArrayVec<[u32; 2]> {
[INFO] [stdout]    |      ^^^^^^^^ -------- supplied 1 generic argument
[INFO] [stdout]    |      |
[INFO] [stdout]    |      expected 2 generic arguments
[INFO] [stdout]    |
[INFO] [stdout] note: struct defined here, with 2 generic parameters: `T`, `CAP`
[INFO] [stdout]   --> /opt/rustwide/cargo-home/registry/src/github.com-1ecc6299db9ec823/arrayvec-0.7.1/src/arrayvec.rs:42:12
[INFO] [stdout]    |
[INFO] [stdout] 42 | pub struct ArrayVec<T, const CAP: usize> {
[INFO] [stdout]    |            ^^^^^^^^ -        ---
[INFO] [stdout] help: add missing generic argument
[INFO] [stdout]    |
[INFO] [stdout] 95 | ) -> ArrayVec<[u32; 2], CAP> {
[INFO] [stdout]    |                       +++++
[INFO] [stdout] 
[INFO] [stdout] 
[INFO] [stdout] error[E0107]: this struct takes 2 generic arguments but 1 generic argument was supplied
[INFO] [stdout]   --> src/day10.rs:93:34
[INFO] [stdout]    |
[INFO] [stdout] 93 |     memo: &mut HashMap<EntityId, ArrayVec<[u32; 2]>>,
[INFO] [stdout]    |                                  ^^^^^^^^ -------- supplied 1 generic argument
[INFO] [stdout]    |                                  |
[INFO] [stdout]    |                                  expected 2 generic arguments
[INFO] [stdout]    |
[INFO] [stdout] note: struct defined here, with 2 generic parameters: `T`, `CAP`
[INFO] [stdout]   --> /opt/rustwide/cargo-home/registry/src/github.com-1ecc6299db9ec823/arrayvec-0.7.1/src/arrayvec.rs:42:12
[INFO] [stdout]    |
[INFO] [stdout] 42 | pub struct ArrayVec<T, const CAP: usize> {
[INFO] [stdout]    |            ^^^^^^^^ -        ---
[INFO] [stdout] help: add missing generic argument
[INFO] [stdout]    |
[INFO] [stdout] 93 |     memo: &mut HashMap<EntityId, ArrayVec<[u32; 2], CAP>>,
[INFO] [stdout]    |                                                   +++++
[INFO] [stdout] 
[INFO] [stdout] 
[INFO] [stdout] error[E0107]: this struct takes 2 generic arguments but 1 generic argument was supplied
[INFO] [stdout]   --> src/day10.rs:98:38
[INFO] [stdout]    |
[INFO] [stdout] 98 |         memo: &mut HashMap<EntityId, ArrayVec<[u32; 2]>>,
[INFO] [stdout]    |                                      ^^^^^^^^ -------- supplied 1 generic argument
[INFO] [stdout]    |                                      |
[INFO] [stdout]    |                                      expected 2 generic arguments
[INFO] [stdout]    |
[INFO] [stdout] note: struct defined here, with 2 generic parameters: `T`, `CAP`
[INFO] [stdout]   --> /opt/rustwide/cargo-home/registry/src/github.com-1ecc6299db9ec823/arrayvec-0.7.1/src/arrayvec.rs:42:12
[INFO] [stdout]    |
[INFO] [stdout] 42 | pub struct ArrayVec<T, const CAP: usize> {
[INFO] [stdout]    |            ^^^^^^^^ -        ---
[INFO] [stdout] help: add missing generic argument
[INFO] [stdout]    |
[INFO] [stdout] 98 |         memo: &mut HashMap<EntityId, ArrayVec<[u32; 2], CAP>>,
[INFO] [stdout]    |                                                       +++++
[INFO] [stdout] 
[INFO] [stdout] 
[INFO] [stdout] error[E0107]: this struct takes 2 generic arguments but 1 generic argument was supplied
[INFO] [stdout]    --> src/day14.rs:103:18
[INFO] [stdout]     |
[INFO] [stdout] 103 |     target: &mut ArrayVec<[u8; 32]>,
[INFO] [stdout]     |                  ^^^^^^^^ -------- supplied 1 generic argument
[INFO] [stdout]     |                  |
[INFO] [stdout]     |                  expected 2 generic arguments
[INFO] [stdout]     |
[INFO] [stdout] note: struct defined here, with 2 generic parameters: `T`, `CAP`
[INFO] [stdout]    --> /opt/rustwide/cargo-home/registry/src/github.com-1ecc6299db9ec823/arrayvec-0.7.1/src/arrayvec.rs:42:12
[INFO] [stdout]     |
[INFO] [stdout] 42  | pub struct ArrayVec<T, const CAP: usize> {
[INFO] [stdout]     |            ^^^^^^^^ -        ---
[INFO] [stdout] help: add missing generic argument
[INFO] [stdout]     |
[INFO] [stdout] 103 |     target: &mut ArrayVec<[u8; 32], CAP>,
[INFO] [stdout]     |                                   +++++
[INFO] [stdout] 
[INFO] [stdout] 
[INFO] [stdout] error[E0107]: this struct takes 2 generic arguments but 1 generic argument was supplied
[INFO] [stdout]   --> src/day10.rs:95:6
[INFO] [stdout]    |
[INFO] [stdout] 95 | ) -> ArrayVec<[u32; 2]> {
[INFO] [stdout]    |      ^^^^^^^^ -------- supplied 1 generic argument
[INFO] [stdout]    |      |
[INFO] [stdout]    |      expected 2 generic arguments
[INFO] [stdout]    |
[INFO] [stdout] note: struct defined here, with 2 generic parameters: `T`, `CAP`
[INFO] [stdout]   --> /opt/rustwide/cargo-home/registry/src/github.com-1ecc6299db9ec823/arrayvec-0.7.1/src/arrayvec.rs:42:12
[INFO] [stdout]    |
[INFO] [stdout] 42 | pub struct ArrayVec<T, const CAP: usize> {
[INFO] [stdout]    |            ^^^^^^^^ -        ---
[INFO] [stdout] help: add missing generic argument
[INFO] [stdout]    |
[INFO] [stdout] 95 | ) -> ArrayVec<[u32; 2], CAP> {
[INFO] [stdout]    |                       +++++
[INFO] [stdout] 
[INFO] [stdout] 
[INFO] [stdout] error[E0107]: this struct takes 2 generic arguments but 1 generic argument was supplied
[INFO] [stdout]   --> src/day10.rs:93:34
[INFO] [stdout]    |
[INFO] [stdout] 93 |     memo: &mut HashMap<EntityId, ArrayVec<[u32; 2]>>,
[INFO] [stdout]    |                                  ^^^^^^^^ -------- supplied 1 generic argument
[INFO] [stdout]    |                                  |
[INFO] [stdout]    |                                  expected 2 generic arguments
[INFO] [stdout]    |
[INFO] [stdout] note: struct defined here, with 2 generic parameters: `T`, `CAP`
[INFO] [stdout]   --> /opt/rustwide/cargo-home/registry/src/github.com-1ecc6299db9ec823/arrayvec-0.7.1/src/arrayvec.rs:42:12
[INFO] [stdout]    |
[INFO] [stdout] 42 | pub struct ArrayVec<T, const CAP: usize> {
[INFO] [stdout]    |            ^^^^^^^^ -        ---
[INFO] [stdout] help: add missing generic argument
[INFO] [stdout]    |
[INFO] [stdout] 93 |     memo: &mut HashMap<EntityId, ArrayVec<[u32; 2], CAP>>,
[INFO] [stdout]    |                                                   +++++
[INFO] [stdout] 
[INFO] [stdout] 
[INFO] [stdout] error[E0107]: this struct takes 2 generic arguments but 1 generic argument was supplied
[INFO] [stdout]   --> src/day10.rs:98:38
[INFO] [stdout]    |
[INFO] [stdout] 98 |         memo: &mut HashMap<EntityId, ArrayVec<[u32; 2]>>,
[INFO] [stdout]    |                                      ^^^^^^^^ -------- supplied 1 generic argument
[INFO] [stdout]    |                                      |
[INFO] [stdout]    |                                      expected 2 generic arguments
[INFO] [stdout]    |
[INFO] [stdout] note: struct defined here, with 2 generic parameters: `T`, `CAP`
[INFO] [stdout]   --> /opt/rustwide/cargo-home/registry/src/github.com-1ecc6299db9ec823/arrayvec-0.7.1/src/arrayvec.rs:42:12
[INFO] [stdout]    |
[INFO] [stdout] 42 | pub struct ArrayVec<T, const CAP: usize> {
[INFO] [stdout]    |            ^^^^^^^^ -        ---
[INFO] [stdout] help: add missing generic argument
[INFO] [stdout]    |
[INFO] [stdout] 98 |         memo: &mut HashMap<EntityId, ArrayVec<[u32; 2], CAP>>,
[INFO] [stdout]    |                                                       +++++
[INFO] [stdout] 
[INFO] [stdout] 
[INFO] [stdout] error[E0107]: this struct takes 2 generic arguments but 1 generic argument was supplied
[INFO] [stdout]    --> src/day14.rs:103:18
[INFO] [stdout]     |
[INFO] [stdout] 103 |     target: &mut ArrayVec<[u8; 32]>,
[INFO] [stdout]     |                  ^^^^^^^^ -------- supplied 1 generic argument
[INFO] [stdout]     |                  |
[INFO] [stdout]     |                  expected 2 generic arguments
[INFO] [stdout]     |
[INFO] [stdout] note: struct defined here, with 2 generic parameters: `T`, `CAP`
[INFO] [stdout]    --> /opt/rustwide/cargo-home/registry/src/github.com-1ecc6299db9ec823/arrayvec-0.7.1/src/arrayvec.rs:42:12
[INFO] [stdout]     |
[INFO] [stdout] 42  | pub struct ArrayVec<T, const CAP: usize> {
[INFO] [stdout]     |            ^^^^^^^^ -        ---
[INFO] [stdout] help: add missing generic argument
[INFO] [stdout]     |
[INFO] [stdout] 103 |     target: &mut ArrayVec<[u8; 32], CAP>,
[INFO] [stdout]     |                                   +++++
[INFO] [stdout] 
[INFO] [stdout] 
[INFO] [stdout] error: aborting due to 4 previous errors
[INFO] [stdout] 
[INFO] [stdout] 
[INFO] [stdout] For more information about this error, try `rustc --explain E0107`.
[INFO] [stdout] 
[INFO] [stdout] error: aborting due to 4 previous errors
[INFO] [stdout] 
[INFO] [stdout] 
[INFO] [stdout] For more information about this error, try `rustc --explain E0107`.
[INFO] [stdout] 
[INFO] [stderr] error: could not compile `adventofcode_2016` due to 5 previous errors
[INFO] [stderr] warning: build failed, waiting for other jobs to finish...
[INFO] [stderr] error: build failed
[INFO] running `Command { std: "docker" "inspect" "9a4ff48e4c5600958592f7e17c4e077b63cb86981cdcc74d01e3360827776eeb", kill_on_drop: false }`
[INFO] running `Command { std: "docker" "rm" "-f" "9a4ff48e4c5600958592f7e17c4e077b63cb86981cdcc74d01e3360827776eeb", kill_on_drop: false }`
[INFO] [stdout] 9a4ff48e4c5600958592f7e17c4e077b63cb86981cdcc74d01e3360827776eeb
