[INFO] cloning repository https://github.com/MarcoPolo/words-with-friends-query
[INFO] running `Command { std: "git" "-c" "credential.helper=" "-c" "credential.helper=/workspace/cargo-home/bin/git-credential-null" "clone" "--bare" "https://github.com/MarcoPolo/words-with-friends-query" "/workspace/cache/git-repos/https%3A%2F%2Fgithub.com%2FMarcoPolo%2Fwords-with-friends-query", kill_on_drop: false }`
[INFO] [stderr] Cloning into bare repository '/workspace/cache/git-repos/https%3A%2F%2Fgithub.com%2FMarcoPolo%2Fwords-with-friends-query'...
[INFO] running `Command { std: "git" "rev-parse" "HEAD", kill_on_drop: false }`
[INFO] [stdout] bc84783190c7db20a50662c058a07fba74b8ac4b
[INFO] checking MarcoPolo/words-with-friends-query against beta-2021-10-15 for beta-1.56-3
[INFO] running `Command { std: "git" "clone" "/workspace/cache/git-repos/https%3A%2F%2Fgithub.com%2FMarcoPolo%2Fwords-with-friends-query" "/workspace/builds/worker-110/source", kill_on_drop: false }`
[INFO] [stderr] Cloning into '/workspace/builds/worker-110/source'...
[INFO] [stderr] done.
[INFO] validating manifest of git repo https://github.com/MarcoPolo/words-with-friends-query on toolchain beta-2021-10-15
[INFO] running `Command { std: "/workspace/cargo-home/bin/cargo" "+beta-2021-10-15" "metadata" "--manifest-path" "Cargo.toml" "--no-deps", kill_on_drop: false }`
[INFO] started tweaking git repo https://github.com/MarcoPolo/words-with-friends-query
[INFO] finished tweaking git repo https://github.com/MarcoPolo/words-with-friends-query
[INFO] tweaked toml for git repo https://github.com/MarcoPolo/words-with-friends-query written to /workspace/builds/worker-110/source/Cargo.toml
[INFO] crate git repo https://github.com/MarcoPolo/words-with-friends-query already has a lockfile, it will not be regenerated
[INFO] running `Command { std: "/workspace/cargo-home/bin/cargo" "+beta-2021-10-15" "fetch" "--manifest-path" "Cargo.toml", kill_on_drop: false }`
[INFO] [stderr]     Blocking waiting for file lock on package cache
[INFO] [stderr]     Updating git repository `https://github.com/MarcoPolo/twilio-rs.git`
[INFO] [stderr]     Blocking waiting for file lock on package cache
[INFO] running `Command { std: "docker" "create" "-v" "/var/lib/crater-agent-workspace/builds/worker-110/target:/opt/rustwide/target:rw,Z" "-v" "/var/lib/crater-agent-workspace/builds/worker-110/source:/opt/rustwide/workdir:ro,Z" "-v" "/var/lib/crater-agent-workspace/cargo-home:/opt/rustwide/cargo-home:ro,Z" "-v" "/var/lib/crater-agent-workspace/rustup-home:/opt/rustwide/rustup-home:ro,Z" "-e" "SOURCE_DIR=/opt/rustwide/workdir" "-e" "CARGO_TARGET_DIR=/opt/rustwide/target" "-e" "CARGO_HOME=/opt/rustwide/cargo-home" "-e" "RUSTUP_HOME=/opt/rustwide/rustup-home" "-w" "/opt/rustwide/workdir" "-m" "1610612736" "--user" "0:0" "--network" "none" "ghcr.io/rust-lang/crates-build-env/linux@sha256:a89201d6b5b9fd45c15d5952ece0a0129e7e80cb26ec023fd59cf09bc26f1604" "/opt/rustwide/cargo-home/bin/cargo" "+beta-2021-10-15" "metadata" "--no-deps" "--format-version=1", kill_on_drop: false }`
[INFO] [stdout] fc3009676ab0d32a598233948c26ceeff429ede3cd13a417be6da404de753fe5
[INFO] running `Command { std: "docker" "start" "-a" "fc3009676ab0d32a598233948c26ceeff429ede3cd13a417be6da404de753fe5", kill_on_drop: false }`
[INFO] running `Command { std: "docker" "inspect" "fc3009676ab0d32a598233948c26ceeff429ede3cd13a417be6da404de753fe5", kill_on_drop: false }`
[INFO] running `Command { std: "docker" "rm" "-f" "fc3009676ab0d32a598233948c26ceeff429ede3cd13a417be6da404de753fe5", kill_on_drop: false }`
[INFO] [stdout] fc3009676ab0d32a598233948c26ceeff429ede3cd13a417be6da404de753fe5
[INFO] running `Command { std: "docker" "create" "-v" "/var/lib/crater-agent-workspace/builds/worker-110/target:/opt/rustwide/target:rw,Z" "-v" "/var/lib/crater-agent-workspace/builds/worker-110/source:/opt/rustwide/workdir:ro,Z" "-v" "/var/lib/crater-agent-workspace/cargo-home:/opt/rustwide/cargo-home:ro,Z" "-v" "/var/lib/crater-agent-workspace/rustup-home:/opt/rustwide/rustup-home:ro,Z" "-e" "SOURCE_DIR=/opt/rustwide/workdir" "-e" "CARGO_TARGET_DIR=/opt/rustwide/target" "-e" "CARGO_INCREMENTAL=0" "-e" "RUST_BACKTRACE=full" "-e" "RUSTFLAGS=--cap-lints=warn" "-e" "CARGO_HOME=/opt/rustwide/cargo-home" "-e" "RUSTUP_HOME=/opt/rustwide/rustup-home" "-w" "/opt/rustwide/workdir" "-m" "1610612736" "--user" "0:0" "--network" "none" "ghcr.io/rust-lang/crates-build-env/linux@sha256:a89201d6b5b9fd45c15d5952ece0a0129e7e80cb26ec023fd59cf09bc26f1604" "/opt/rustwide/cargo-home/bin/cargo" "+beta-2021-10-15" "check" "--frozen" "--all" "--all-targets" "--message-format=json", kill_on_drop: false }`
[INFO] [stdout] 3ef91785cf8830124ae9a7cdaeeac71748842c79932cf31d26aaa1446ebce978
[INFO] running `Command { std: "docker" "start" "-a" "3ef91785cf8830124ae9a7cdaeeac71748842c79932cf31d26aaa1446ebce978", kill_on_drop: false }`
[INFO] [stderr]    Compiling gcc v0.3.28
[INFO] [stderr]     Checking libc v0.2.11
[INFO] [stderr]    Compiling pkg-config v0.3.8
[INFO] [stderr]    Compiling winapi-build v0.1.1
[INFO] [stderr]    Compiling semver v0.1.20
[INFO] [stderr]     Checking matches v0.1.2
[INFO] [stderr]     Checking winapi v0.2.7
[INFO] [stderr]     Checking bitflags v0.6.0
[INFO] [stderr]     Checking lazy_static v0.2.1
[INFO] [stderr]     Checking log v0.3.6
[INFO] [stderr]     Checking unicode-normalization v0.1.2
[INFO] [stderr]     Checking rustc-serialize v0.3.19
[INFO] [stderr]     Checking libc v0.1.12
[INFO] [stderr]     Checking typeable v0.1.2
[INFO] [stderr]     Checking traitobject v0.0.1
[INFO] [stderr]     Checking httparse v1.1.2
[INFO] [stderr]     Checking language-tags v0.2.2
[INFO] [stderr]     Checking unicode-bidi v0.2.3
[INFO] [stderr]     Checking hpack v0.2.0
[INFO] [stderr]     Checking mime v0.2.0
[INFO] [stderr]    Compiling kernel32-sys v0.2.2
[INFO] [stderr]    Compiling openssl-sys v0.7.11
[INFO] [stderr]    Compiling rustc_version v0.1.7
[INFO] [stdout] error[E0642]: patterns aren't allowed in functions without bodies
[INFO] [stdout]    --> /opt/rustwide/cargo-home/registry/src/github.com-1ecc6299db9ec823/rustc-serialize-0.3.19/src/serialize.rs:147:45
[INFO] [stdout]     |
[INFO] [stdout] 147 | ...                   &f_name: &str,
[INFO] [stdout]     |                       ^^^^^^^ pattern not allowed in function without body
[INFO] [stdout] 
[INFO] [stdout] 
[INFO] [stderr]     Checking rand v0.3.14
[INFO] [stderr]     Checking num_cpus v0.2.12
[INFO] [stderr]     Checking solicit v0.4.4
[INFO] [stderr]     Checking idna v0.1.0
[INFO] [stderr]     Checking time v0.1.35
[INFO] [stderr]    Compiling unicase v1.4.0
[INFO] [stderr]    Compiling openssl-sys-extras v0.7.11
[INFO] [stderr]    Compiling openssl v0.7.11
[INFO] [stderr]    Compiling rust-crypto v0.2.35
[INFO] [stderr]     Checking url v1.1.0
[INFO] [stderr] error: failed to run custom build command for `openssl-sys-extras v0.7.11`
[INFO] [stderr] 
[INFO] [stderr] Caused by:
[INFO] [stderr]   process didn't exit successfully: `/opt/rustwide/target/debug/build/openssl-sys-extras-16790ef743713486/build-script-build` (exit status: 101)
[INFO] [stderr]   --- stdout
[INFO] [stderr]   TARGET = Some("x86_64-unknown-linux-gnu")
[INFO] [stderr]   OPT_LEVEL = Some("0")
[INFO] [stderr]   PROFILE = Some("debug")
[INFO] [stderr]   TARGET = Some("x86_64-unknown-linux-gnu")
[INFO] [stderr]   debug=true opt-level=0
[INFO] [stderr]   HOST = Some("x86_64-unknown-linux-gnu")
[INFO] [stderr]   TARGET = Some("x86_64-unknown-linux-gnu")
[INFO] [stderr]   TARGET = Some("x86_64-unknown-linux-gnu")
[INFO] [stderr]   HOST = Some("x86_64-unknown-linux-gnu")
[INFO] [stderr]   CC_x86_64-unknown-linux-gnu = None
[INFO] [stderr]   CC_x86_64_unknown_linux_gnu = None
[INFO] [stderr]   HOST_CC = None
[INFO] [stderr]   CC = None
[INFO] [stderr]   HOST = Some("x86_64-unknown-linux-gnu")
[INFO] [stderr]   TARGET = Some("x86_64-unknown-linux-gnu")
[INFO] [stderr]   HOST = Some("x86_64-unknown-linux-gnu")
[INFO] [stderr]   CFLAGS_x86_64-unknown-linux-gnu = None
[INFO] [stderr]   CFLAGS_x86_64_unknown_linux_gnu = None
[INFO] [stderr]   HOST_CFLAGS = None
[INFO] [stderr]   CFLAGS = None
[INFO] [stderr]   running: "cc" "-O0" "-ffunction-sections" "-fdata-sections" "-g" "-m64" "-fPIC" "-o" "/opt/rustwide/target/debug/build/openssl-sys-extras-3208b3421e229b55/out/src/openssl_shim.o" "-c" "src/openssl_shim.c"
[INFO] [stderr]   ExitStatus(ExitStatus(256))
[INFO] [stderr] 
[INFO] [stderr] 
[INFO] [stderr]   command did not execute successfully, got: exit status: 1
[INFO] [stderr] 
[INFO] [stderr] 
[INFO] [stderr] 
[INFO] [stderr]   --- stderr
[INFO] [stderr]   src/openssl_shim.c: In function 'DH_new_from_params':
[INFO] [stderr]   src/openssl_shim.c:128:7: error: dereferencing pointer to incomplete type 'DH' {aka 'struct dh_st'}
[INFO] [stderr]     128 |     dh->p = p;
[INFO] [stderr]         |       ^~
[INFO] [stderr]   src/openssl_shim.c: In function 'X509_get_extensions_shim':
[INFO] [stderr]   src/openssl_shim.c:139:13: error: dereferencing pointer to incomplete type 'X509' {aka 'struct x509_st'}
[INFO] [stderr]     139 |     return x->cert_info ? x->cert_info->extensions : NULL;
[INFO] [stderr]         |             ^~
[INFO] [stderr]   thread 'main' panicked at 'explicit panic', /opt/rustwide/cargo-home/registry/src/github.com-1ecc6299db9ec823/gcc-0.3.28/src/lib.rs:840:5
[INFO] [stderr]   stack backtrace:
[INFO] [stderr]      0:     0x563306d64ffc - std::backtrace_rs::backtrace::libunwind::trace::h51faa62df48810e4
[INFO] [stderr]                                  at /rustc/58268ff091703ace98c3c2a8c5f2fb2c3aecace2/library/std/src/../../backtrace/src/backtrace/libunwind.rs:90:5
[INFO] [stderr]      1:     0x563306d64ffc - std::backtrace_rs::backtrace::trace_unsynchronized::h91de4d8e16d607e4
[INFO] [stderr]                                  at /rustc/58268ff091703ace98c3c2a8c5f2fb2c3aecace2/library/std/src/../../backtrace/src/backtrace/mod.rs:66:5
[INFO] [stderr]      2:     0x563306d64ffc - std::sys_common::backtrace::_print_fmt::h71b0935f97e4322c
[INFO] [stderr]                                  at /rustc/58268ff091703ace98c3c2a8c5f2fb2c3aecace2/library/std/src/sys_common/backtrace.rs:67:5
[INFO] [stderr]      3:     0x563306d64ffc - <std::sys_common::backtrace::_print::DisplayBacktrace as core::fmt::Display>::fmt::h9a78218788c14e18
[INFO] [stderr]                                  at /rustc/58268ff091703ace98c3c2a8c5f2fb2c3aecace2/library/std/src/sys_common/backtrace.rs:46:22
[INFO] [stderr]      4:     0x563306d8499c - core::fmt::write::h3381b3176fe2b3d3
[INFO] [stderr]                                  at /rustc/58268ff091703ace98c3c2a8c5f2fb2c3aecace2/library/core/src/fmt/mod.rs:1150:17
[INFO] [stderr]      5:     0x563306d61ad5 - std::io::Write::write_fmt::h1d5220480c7a2437
[INFO] [stderr]                                  at /rustc/58268ff091703ace98c3c2a8c5f2fb2c3aecace2/library/std/src/io/mod.rs:1667:15
[INFO] [stderr]      6:     0x563306d66830 - std::sys_common::backtrace::_print::h4b77abc4d907ed0e
[INFO] [stderr]                                  at /rustc/58268ff091703ace98c3c2a8c5f2fb2c3aecace2/library/std/src/sys_common/backtrace.rs:49:5
[INFO] [stderr]      7:     0x563306d66830 - std::sys_common::backtrace::print::hb170c60b542377ad
[INFO] [stderr]                                  at /rustc/58268ff091703ace98c3c2a8c5f2fb2c3aecace2/library/std/src/sys_common/backtrace.rs:36:9
[INFO] [stderr]      8:     0x563306d66830 - std::panicking::default_hook::{{closure}}::h12bbda9af8901ee3
[INFO] [stderr]                                  at /rustc/58268ff091703ace98c3c2a8c5f2fb2c3aecace2/library/std/src/panicking.rs:210:50
[INFO] [stderr]      9:     0x563306d663e7 - std::panicking::default_hook::h8c6c66d3f3ba6768
[INFO] [stderr]                                  at /rustc/58268ff091703ace98c3c2a8c5f2fb2c3aecace2/library/std/src/panicking.rs:227:9
[INFO] [stderr]     10:     0x563306d66ee4 - std::panicking::rust_panic_with_hook::h36f2fa0bb09f4069
[INFO] [stderr]                                  at /rustc/58268ff091703ace98c3c2a8c5f2fb2c3aecace2/library/std/src/panicking.rs:624:17
[INFO] [stderr]     11:     0x563306d34a12 - std::panicking::begin_panic::{{closure}}::hb25e3631c3ace77c
[INFO] [stderr]                                  at /rustc/58268ff091703ace98c3c2a8c5f2fb2c3aecace2/library/std/src/panicking.rs:544:9
[INFO] [stderr]     12:     0x563306d342b9 - std::sys_common::backtrace::__rust_end_short_backtrace::h0f1b3b224e364a50
[INFO] [stderr]                                  at /rustc/58268ff091703ace98c3c2a8c5f2fb2c3aecace2/library/std/src/sys_common/backtrace.rs:141:18
[INFO] [stderr]     13:     0x563306d34953 - std::panicking::begin_panic::hbe82a4ed7e019889
[INFO] [stderr]                                  at /rustc/58268ff091703ace98c3c2a8c5f2fb2c3aecace2/library/std/src/panicking.rs:543:12
[INFO] [stderr]     14:     0x563306d2cffd - gcc::fail::hf96c1b0ecaf2d483
[INFO] [stderr]                                  at /opt/rustwide/cargo-home/registry/src/github.com-1ecc6299db9ec823/gcc-0.3.28/src/lib.rs:840:5
[INFO] [stderr]     15:     0x563306d2cf26 - gcc::run::h5bbee48c1100bad4
[INFO] [stderr]                                  at /opt/rustwide/cargo-home/registry/src/github.com-1ecc6299db9ec823/gcc-0.3.28/src/lib.rs:834:9
[INFO] [stderr]     16:     0x563306d2546d - gcc::Config::compile_object::hb4e37769b33c9a9f
[INFO] [stderr]                                  at /opt/rustwide/cargo-home/registry/src/github.com-1ecc6299db9ec823/gcc-0.3.28/src/lib.rs:375:9
[INFO] [stderr]     17:     0x563306d2445d - gcc::Config::compile::h5e1bf1132080ada2
[INFO] [stderr]                                  at /opt/rustwide/cargo-home/registry/src/github.com-1ecc6299db9ec823/gcc-0.3.28/src/lib.rs:330:13
[INFO] [stderr]     18:     0x563306d20e66 - build_script_build::main::ha21247416a61a454
[INFO] [stderr]                                  at /opt/rustwide/cargo-home/registry/src/github.com-1ecc6299db9ec823/openssl-sys-extras-0.7.11/build.rs:19:5
[INFO] [stderr]     19:     0x563306d2293b - core::ops::function::FnOnce::call_once::hded5f7679348199c
[INFO] [stderr]                                  at /rustc/58268ff091703ace98c3c2a8c5f2fb2c3aecace2/library/core/src/ops/function.rs:227:5
[INFO] [stderr]     20:     0x563306d236ce - std::sys_common::backtrace::__rust_begin_short_backtrace::hb0cd7641264dd6d9
[INFO] [stderr]                                  at /rustc/58268ff091703ace98c3c2a8c5f2fb2c3aecace2/library/std/src/sys_common/backtrace.rs:125:18
[INFO] [stderr]     21:     0x563306d22bc1 - std::rt::lang_start::{{closure}}::h623c2ce48af6d05d
[INFO] [stderr]                                  at /rustc/58268ff091703ace98c3c2a8c5f2fb2c3aecace2/library/std/src/rt.rs:63:18
[INFO] [stderr]     22:     0x563306d673ea - core::ops::function::impls::<impl core::ops::function::FnOnce<A> for &F>::call_once::hc590b210ed55e22f
[INFO] [stderr]                                  at /rustc/58268ff091703ace98c3c2a8c5f2fb2c3aecace2/library/core/src/ops/function.rs:259:13
[INFO] [stderr]     23:     0x563306d673ea - std::panicking::try::do_call::h5f0600b7a33ea1af
[INFO] [stderr]                                  at /rustc/58268ff091703ace98c3c2a8c5f2fb2c3aecace2/library/std/src/panicking.rs:403:40
[INFO] [stderr]     24:     0x563306d673ea - std::panicking::try::he15826df0f376a33
[INFO] [stderr]                                  at /rustc/58268ff091703ace98c3c2a8c5f2fb2c3aecace2/library/std/src/panicking.rs:367:19
[INFO] [stderr]     25:     0x563306d673ea - std::panic::catch_unwind::hd8af3a578b6b4c86
[INFO] [stderr]                                  at /rustc/58268ff091703ace98c3c2a8c5f2fb2c3aecace2/library/std/src/panic.rs:129:14
[INFO] [stderr]     26:     0x563306d673ea - std::rt::lang_start_internal::{{closure}}::h301d1329324ae1f0
[INFO] [stderr]                                  at /rustc/58268ff091703ace98c3c2a8c5f2fb2c3aecace2/library/std/src/rt.rs:45:48
[INFO] [stderr]     27:     0x563306d673ea - std::panicking::try::do_call::h941e8fdb0bd03655
[INFO] [stderr]                                  at /rustc/58268ff091703ace98c3c2a8c5f2fb2c3aecace2/library/std/src/panicking.rs:403:40
[INFO] [stderr]     28:     0x563306d673ea - std::panicking::try::ha20a77bf65530f63
[INFO] [stderr]                                  at /rustc/58268ff091703ace98c3c2a8c5f2fb2c3aecace2/library/std/src/panicking.rs:367:19
[INFO] [stderr]     29:     0x563306d673ea - std::panic::catch_unwind::h33afc061cc69ef90
[INFO] [stderr]                                  at /rustc/58268ff091703ace98c3c2a8c5f2fb2c3aecace2/library/std/src/panic.rs:129:14
[INFO] [stderr]     30:     0x563306d673ea - std::rt::lang_start_internal::hc05c244593147106
[INFO] [stderr]                                  at /rustc/58268ff091703ace98c3c2a8c5f2fb2c3aecace2/library/std/src/rt.rs:45:20
[INFO] [stderr]     31:     0x563306d22b90 - std::rt::lang_start::h6088083411370d48
[INFO] [stderr]                                  at /rustc/58268ff091703ace98c3c2a8c5f2fb2c3aecace2/library/std/src/rt.rs:62:5
[INFO] [stderr]     32:     0x563306d2203c - main
[INFO] [stderr]     33:     0x7faa754d80b3 - __libc_start_main
[INFO] [stderr]     34:     0x563306d209ee - _start
[INFO] [stderr]     35:                0x0 - <unknown>
[INFO] [stderr] warning: build failed, waiting for other jobs to finish...
[INFO] [stdout] error: aborting due to previous error
[INFO] [stdout] 
[INFO] [stdout] 
[INFO] [stdout] For more information about this error, try `rustc --explain E0642`.
[INFO] [stdout] 
[INFO] [stdout] error[E0713]: borrow may still be in use when destructor runs
[INFO] [stdout]    --> /opt/rustwide/cargo-home/registry/src/github.com-1ecc6299db9ec823/url-1.1.0/src/form_urlencoded.rs:246:40
[INFO] [stdout]     |
[INFO] [stdout] 244 | impl<'a> Target for ::UrlQuery<'a> {
[INFO] [stdout]     |      -- lifetime `'a` defined here
[INFO] [stdout] 245 |     fn as_mut_string(&mut self) -> &mut String { &mut self.url.serialization }
[INFO] [stdout] 246 |     fn finish(self) -> &'a mut ::Url { self.url }
[INFO] [stdout]     |                                        ^^^^^^^^ - here, drop of `self` needs exclusive access to `*self.url`, because the type `UrlQuery<'_>` implements the `Drop` trait
[INFO] [stdout]     |                                        |
[INFO] [stdout]     |                                        returning this value requires that `*self.url` is borrowed for `'a`
[INFO] [stdout] 
[INFO] [stdout] 
[INFO] [stdout] error: aborting due to previous error
[INFO] [stdout] 
[INFO] [stdout] 
[INFO] [stdout] For more information about this error, try `rustc --explain E0713`.
[INFO] [stdout] 
[INFO] [stderr] error: build failed
[INFO] running `Command { std: "docker" "inspect" "3ef91785cf8830124ae9a7cdaeeac71748842c79932cf31d26aaa1446ebce978", kill_on_drop: false }`
[INFO] running `Command { std: "docker" "rm" "-f" "3ef91785cf8830124ae9a7cdaeeac71748842c79932cf31d26aaa1446ebce978", kill_on_drop: false }`
[INFO] [stdout] 3ef91785cf8830124ae9a7cdaeeac71748842c79932cf31d26aaa1446ebce978
