[INFO] cloning repository https://github.com/Macrolol/rustix
[INFO] running `Command { std: "git" "-c" "credential.helper=" "-c" "credential.helper=/workspace/cargo-home/bin/git-credential-null" "clone" "--bare" "https://github.com/Macrolol/rustix" "/workspace/cache/git-repos/https%3A%2F%2Fgithub.com%2FMacrolol%2Frustix", kill_on_drop: false }`
[INFO] [stderr] Cloning into bare repository '/workspace/cache/git-repos/https%3A%2F%2Fgithub.com%2FMacrolol%2Frustix'...
[INFO] running `Command { std: "git" "rev-parse" "HEAD", kill_on_drop: false }`
[INFO] [stdout] a768775ad366c1d5871d4c67ccd4e8f7a1051f74
[INFO] checking Macrolol/rustix against 1.55.0 for beta-1.56-3
[INFO] running `Command { std: "git" "clone" "/workspace/cache/git-repos/https%3A%2F%2Fgithub.com%2FMacrolol%2Frustix" "/workspace/builds/worker-3/source", kill_on_drop: false }`
[INFO] [stderr] Cloning into '/workspace/builds/worker-3/source'...
[INFO] [stderr] done.
[INFO] validating manifest of git repo https://github.com/Macrolol/rustix on toolchain 1.55.0
[INFO] running `Command { std: "/workspace/cargo-home/bin/cargo" "+1.55.0" "metadata" "--manifest-path" "Cargo.toml" "--no-deps", kill_on_drop: false }`
[INFO] started tweaking git repo https://github.com/Macrolol/rustix
[INFO] finished tweaking git repo https://github.com/Macrolol/rustix
[INFO] tweaked toml for git repo https://github.com/Macrolol/rustix written to /workspace/builds/worker-3/source/Cargo.toml
[INFO] crate git repo https://github.com/Macrolol/rustix already has a lockfile, it will not be regenerated
[INFO] running `Command { std: "/workspace/cargo-home/bin/cargo" "+1.55.0" "fetch" "--manifest-path" "Cargo.toml", kill_on_drop: false }`
[INFO] [stderr]     Blocking waiting for file lock on package cache
[INFO] running `Command { std: "docker" "create" "-v" "/var/lib/crater-agent-workspace/builds/worker-3/target:/opt/rustwide/target:rw,Z" "-v" "/var/lib/crater-agent-workspace/builds/worker-3/source:/opt/rustwide/workdir:ro,Z" "-v" "/var/lib/crater-agent-workspace/cargo-home:/opt/rustwide/cargo-home:ro,Z" "-v" "/var/lib/crater-agent-workspace/rustup-home:/opt/rustwide/rustup-home:ro,Z" "-e" "SOURCE_DIR=/opt/rustwide/workdir" "-e" "CARGO_TARGET_DIR=/opt/rustwide/target" "-e" "CARGO_HOME=/opt/rustwide/cargo-home" "-e" "RUSTUP_HOME=/opt/rustwide/rustup-home" "-w" "/opt/rustwide/workdir" "-m" "1610612736" "--user" "0:0" "--network" "none" "ghcr.io/rust-lang/crates-build-env/linux@sha256:a89201d6b5b9fd45c15d5952ece0a0129e7e80cb26ec023fd59cf09bc26f1604" "/opt/rustwide/cargo-home/bin/cargo" "+1.55.0" "metadata" "--no-deps" "--format-version=1", kill_on_drop: false }`
[INFO] [stdout] 6952e5943dfef37ecad5df87f714064abf6edee51f64455edfffbcb42d2c289e
[INFO] [stderr] WARNING: Your kernel does not support swap limit capabilities or the cgroup is not mounted. Memory limited without swap.
[INFO] running `Command { std: "docker" "start" "-a" "6952e5943dfef37ecad5df87f714064abf6edee51f64455edfffbcb42d2c289e", kill_on_drop: false }`
[INFO] running `Command { std: "docker" "inspect" "6952e5943dfef37ecad5df87f714064abf6edee51f64455edfffbcb42d2c289e", kill_on_drop: false }`
[INFO] running `Command { std: "docker" "rm" "-f" "6952e5943dfef37ecad5df87f714064abf6edee51f64455edfffbcb42d2c289e", kill_on_drop: false }`
[INFO] [stdout] 6952e5943dfef37ecad5df87f714064abf6edee51f64455edfffbcb42d2c289e
[INFO] running `Command { std: "docker" "create" "-v" "/var/lib/crater-agent-workspace/builds/worker-3/target:/opt/rustwide/target:rw,Z" "-v" "/var/lib/crater-agent-workspace/builds/worker-3/source:/opt/rustwide/workdir:ro,Z" "-v" "/var/lib/crater-agent-workspace/cargo-home:/opt/rustwide/cargo-home:ro,Z" "-v" "/var/lib/crater-agent-workspace/rustup-home:/opt/rustwide/rustup-home:ro,Z" "-e" "SOURCE_DIR=/opt/rustwide/workdir" "-e" "CARGO_TARGET_DIR=/opt/rustwide/target" "-e" "CARGO_INCREMENTAL=0" "-e" "RUST_BACKTRACE=full" "-e" "RUSTFLAGS=--cap-lints=warn" "-e" "CARGO_HOME=/opt/rustwide/cargo-home" "-e" "RUSTUP_HOME=/opt/rustwide/rustup-home" "-w" "/opt/rustwide/workdir" "-m" "1610612736" "--user" "0:0" "--network" "none" "ghcr.io/rust-lang/crates-build-env/linux@sha256:a89201d6b5b9fd45c15d5952ece0a0129e7e80cb26ec023fd59cf09bc26f1604" "/opt/rustwide/cargo-home/bin/cargo" "+1.55.0" "check" "--frozen" "--all" "--all-targets" "--message-format=json", kill_on_drop: false }`
[INFO] [stderr] WARNING: Your kernel does not support swap limit capabilities or the cgroup is not mounted. Memory limited without swap.
[INFO] [stdout] 30122d9483527a36c914d81e10b3e5080eb5b6f1e3d984a4b3b9a431e2ff103d
[INFO] running `Command { std: "docker" "start" "-a" "30122d9483527a36c914d81e10b3e5080eb5b6f1e3d984a4b3b9a431e2ff103d", kill_on_drop: false }`
[INFO] [stderr]     Checking kernel v0.1.0 (/opt/rustwide/workdir)
[INFO] [stdout] warning: unused imports: `array`, `collections::HashMap`
[INFO] [stdout]  --> src/buffer.rs:1:11
[INFO] [stdout]   |
[INFO] [stdout] 1 | use std::{array, collections::HashMap, rc::Rc, cell::RefCell};
[INFO] [stdout]   |           ^^^^^  ^^^^^^^^^^^^^^^^^^^^
[INFO] [stdout]   |
[INFO] [stdout]   = note: `#[warn(unused_imports)]` on by default
[INFO] [stdout] 
[INFO] [stdout] 
[INFO] [stdout] warning: unused import: `std::borrow::BorrowMut`
[INFO] [stdout]  --> src/disk.rs:1:5
[INFO] [stdout]   |
[INFO] [stdout] 1 | use std::borrow::BorrowMut;
[INFO] [stdout]   |     ^^^^^^^^^^^^^^^^^^^^^^
[INFO] [stdout] 
[INFO] [stdout] 
[INFO] [stdout] warning: unused imports: `array`, `collections::HashMap`
[INFO] [stdout]  --> src/buffer.rs:1:11
[INFO] [stdout]   |
[INFO] [stdout] 1 | use std::{array, collections::HashMap, rc::Rc, cell::RefCell};
[INFO] [stdout]   |           ^^^^^  ^^^^^^^^^^^^^^^^^^^^
[INFO] [stdout]   |
[INFO] [stdout]   = note: `#[warn(unused_imports)]` on by default
[INFO] [stdout] 
[INFO] [stdout] 
[INFO] [stdout] warning: unused import: `std::borrow::BorrowMut`
[INFO] [stdout]  --> src/disk.rs:1:5
[INFO] [stdout]   |
[INFO] [stdout] 1 | use std::borrow::BorrowMut;
[INFO] [stdout]   |     ^^^^^^^^^^^^^^^^^^^^^^
[INFO] [stdout] 
[INFO] [stdout] 
[INFO] [stdout] error[E0599]: no method named `get_nums` found for reference `&Rc<RefCell<BufferHeader>>` in the current scope
[INFO] [stdout]   --> src/buffer.rs:89:20
[INFO] [stdout]    |
[INFO] [stdout] 89 |             if buf.get_nums() == buffer_nums{
[INFO] [stdout]    |                    ^^^^^^^^ method not found in `&Rc<RefCell<BufferHeader>>`
[INFO] [stdout] 
[INFO] [stdout] 
[INFO] [stdout] error[E0308]: mismatched types
[INFO] [stdout]    --> src/buffer.rs:146:38
[INFO] [stdout]     |
[INFO] [stdout] 146 |         let index = self.hash_header(&buffer_to_add);
[INFO] [stdout]     |                                      ^^^^^^^^^^^^^^ expected struct `BufferHeader`, found struct `Rc`
[INFO] [stdout]     |
[INFO] [stdout]     = note: expected reference `&BufferHeader`
[INFO] [stdout]                found reference `&Rc<RefCell<BufferHeader>>`
[INFO] [stdout] 
[INFO] [stdout] 
[INFO] [stdout] error[E0599]: no method named `get_nums` found for reference `&Rc<RefCell<BufferHeader>>` in the current scope
[INFO] [stdout]   --> src/buffer.rs:89:20
[INFO] [stdout]    |
[INFO] [stdout] 89 |             if buf.get_nums() == buffer_nums{
[INFO] [stdout]    |                    ^^^^^^^^ method not found in `&Rc<RefCell<BufferHeader>>`
[INFO] [stdout] 
[INFO] [stdout] 
[INFO] [stdout] error[E0308]: mismatched types
[INFO] [stdout]    --> src/buffer.rs:180:45
[INFO] [stdout]     |
[INFO] [stdout] 180 |         let free_list = FreeList{ my_list : free_list };
[INFO] [stdout]     |                                             ^^^^^^^^^ expected struct `RefCell`, found struct `BufferHeader`
[INFO] [stdout]     |
[INFO] [stdout]     = note: expected struct `Vec<Rc<RefCell<BufferHeader>>>`
[INFO] [stdout]                found struct `Vec<Rc<BufferHeader>>`
[INFO] [stdout] 
[INFO] [stdout] 
[INFO] [stdout] error: aborting due to 3 previous errors; 2 warnings emitted
[INFO] [stdout] 
[INFO] [stdout] 
[INFO] [stdout] Some errors have detailed explanations: E0308, E0599.
[INFO] [stdout] 
[INFO] [stdout] For more information about an error, try `rustc --explain E0308`.
[INFO] [stdout] 
[INFO] [stderr] error: could not compile `kernel` due to 4 previous errors; 2 warnings emitted
[INFO] [stderr] warning: build failed, waiting for other jobs to finish...
[INFO] [stdout] error[E0308]: mismatched types
[INFO] [stdout]    --> src/buffer.rs:146:38
[INFO] [stdout]     |
[INFO] [stdout] 146 |         let index = self.hash_header(&buffer_to_add);
[INFO] [stdout]     |                                      ^^^^^^^^^^^^^^ expected struct `BufferHeader`, found struct `Rc`
[INFO] [stdout]     |
[INFO] [stdout]     = note: expected reference `&BufferHeader`
[INFO] [stdout]                found reference `&Rc<RefCell<BufferHeader>>`
[INFO] [stdout] 
[INFO] [stdout] 
[INFO] [stdout] error[E0308]: mismatched types
[INFO] [stdout]    --> src/buffer.rs:180:45
[INFO] [stdout]     |
[INFO] [stdout] 180 |         let free_list = FreeList{ my_list : free_list };
[INFO] [stdout]     |                                             ^^^^^^^^^ expected struct `RefCell`, found struct `BufferHeader`
[INFO] [stdout]     |
[INFO] [stdout]     = note: expected struct `Vec<Rc<RefCell<BufferHeader>>>`
[INFO] [stdout]                found struct `Vec<Rc<BufferHeader>>`
[INFO] [stdout] 
[INFO] [stdout] 
[INFO] [stderr] error: build failed
[INFO] [stdout] error: aborting due to 3 previous errors; 2 warnings emitted
[INFO] [stdout] 
[INFO] [stdout] 
[INFO] [stdout] Some errors have detailed explanations: E0308, E0599.
[INFO] [stdout] 
[INFO] [stdout] For more information about an error, try `rustc --explain E0308`.
[INFO] [stdout] 
[INFO] running `Command { std: "docker" "inspect" "30122d9483527a36c914d81e10b3e5080eb5b6f1e3d984a4b3b9a431e2ff103d", kill_on_drop: false }`
[INFO] running `Command { std: "docker" "rm" "-f" "30122d9483527a36c914d81e10b3e5080eb5b6f1e3d984a4b3b9a431e2ff103d", kill_on_drop: false }`
[INFO] [stdout] 30122d9483527a36c914d81e10b3e5080eb5b6f1e3d984a4b3b9a431e2ff103d
