[INFO] cloning repository https://github.com/Machtan/protoboard
[INFO] running `Command { std: "git" "-c" "credential.helper=" "-c" "credential.helper=/workspace/cargo-home/bin/git-credential-null" "clone" "--bare" "https://github.com/Machtan/protoboard" "/workspace/cache/git-repos/https%3A%2F%2Fgithub.com%2FMachtan%2Fprotoboard", kill_on_drop: false }`
[INFO] [stderr] Cloning into bare repository '/workspace/cache/git-repos/https%3A%2F%2Fgithub.com%2FMachtan%2Fprotoboard'...
[INFO] running `Command { std: "git" "rev-parse" "HEAD", kill_on_drop: false }`
[INFO] [stdout] b49a08a179f1335ec42efcbfeab280ea0c11f8a9
[INFO] checking Machtan/protoboard against beta-2021-10-15 for beta-1.56-3
[INFO] running `Command { std: "git" "clone" "/workspace/cache/git-repos/https%3A%2F%2Fgithub.com%2FMachtan%2Fprotoboard" "/workspace/builds/worker-10/source", kill_on_drop: false }`
[INFO] [stderr] Cloning into '/workspace/builds/worker-10/source'...
[INFO] [stderr] done.
[INFO] validating manifest of git repo https://github.com/Machtan/protoboard on toolchain beta-2021-10-15
[INFO] running `Command { std: "/workspace/cargo-home/bin/cargo" "+beta-2021-10-15" "metadata" "--manifest-path" "Cargo.toml" "--no-deps", kill_on_drop: false }`
[INFO] started tweaking git repo https://github.com/Machtan/protoboard
[INFO] finished tweaking git repo https://github.com/Machtan/protoboard
[INFO] tweaked toml for git repo https://github.com/Machtan/protoboard written to /workspace/builds/worker-10/source/Cargo.toml
[INFO] crate git repo https://github.com/Machtan/protoboard already has a lockfile, it will not be regenerated
[INFO] running `Command { std: "/workspace/cargo-home/bin/cargo" "+beta-2021-10-15" "fetch" "--manifest-path" "Cargo.toml", kill_on_drop: false }`
[INFO] [stderr]     Updating git repository `https://github.com/Machtan/glorious`
[INFO] [stderr]  Downloading crates ...
[INFO] [stderr]   Downloaded ref_filter_map v1.0.1
[INFO] [stderr]   Downloaded sdl2_ttf v0.19.0
[INFO] [stderr]   Downloaded serde_json v0.7.1
[INFO] [stderr]   Downloaded quasi v0.11.0
[INFO] [stderr]   Downloaded lru_time_cache v0.4.0
[INFO] [stderr]   Downloaded sdl2_image v0.19.0
[INFO] [stderr]   Downloaded sdl2-sys v0.19.0
[INFO] [stderr]   Downloaded serde_macros v0.7.8
[INFO] [stderr]   Downloaded sdl2 v0.19.0
[INFO] [stderr]   Downloaded quasi_codegen v0.11.0
[INFO] [stderr]   Downloaded serde v0.7.8
[INFO] [stderr]   Downloaded quasi_macros v0.11.0
[INFO] [stderr]   Downloaded aster v0.17.0
[INFO] [stderr]   Downloaded serde_codegen v0.7.8
[INFO] running `Command { std: "docker" "create" "-v" "/var/lib/crater-agent-workspace/builds/worker-10/target:/opt/rustwide/target:rw,Z" "-v" "/var/lib/crater-agent-workspace/builds/worker-10/source:/opt/rustwide/workdir:ro,Z" "-v" "/var/lib/crater-agent-workspace/cargo-home:/opt/rustwide/cargo-home:ro,Z" "-v" "/var/lib/crater-agent-workspace/rustup-home:/opt/rustwide/rustup-home:ro,Z" "-e" "SOURCE_DIR=/opt/rustwide/workdir" "-e" "CARGO_TARGET_DIR=/opt/rustwide/target" "-e" "CARGO_HOME=/opt/rustwide/cargo-home" "-e" "RUSTUP_HOME=/opt/rustwide/rustup-home" "-w" "/opt/rustwide/workdir" "-m" "1610612736" "--user" "0:0" "--network" "none" "ghcr.io/rust-lang/crates-build-env/linux@sha256:a89201d6b5b9fd45c15d5952ece0a0129e7e80cb26ec023fd59cf09bc26f1604" "/opt/rustwide/cargo-home/bin/cargo" "+beta-2021-10-15" "metadata" "--no-deps" "--format-version=1", kill_on_drop: false }`
[INFO] [stderr] WARNING: Your kernel does not support swap limit capabilities or the cgroup is not mounted. Memory limited without swap.
[INFO] [stdout] 68bf28f43dcef4a5eb59ba9fbb980b88f9c85e2390e741d789a58b5d233bed54
[INFO] running `Command { std: "docker" "start" "-a" "68bf28f43dcef4a5eb59ba9fbb980b88f9c85e2390e741d789a58b5d233bed54", kill_on_drop: false }`
[INFO] running `Command { std: "docker" "inspect" "68bf28f43dcef4a5eb59ba9fbb980b88f9c85e2390e741d789a58b5d233bed54", kill_on_drop: false }`
[INFO] running `Command { std: "docker" "rm" "-f" "68bf28f43dcef4a5eb59ba9fbb980b88f9c85e2390e741d789a58b5d233bed54", kill_on_drop: false }`
[INFO] [stdout] 68bf28f43dcef4a5eb59ba9fbb980b88f9c85e2390e741d789a58b5d233bed54
[INFO] running `Command { std: "docker" "create" "-v" "/var/lib/crater-agent-workspace/builds/worker-10/target:/opt/rustwide/target:rw,Z" "-v" "/var/lib/crater-agent-workspace/builds/worker-10/source:/opt/rustwide/workdir:ro,Z" "-v" "/var/lib/crater-agent-workspace/cargo-home:/opt/rustwide/cargo-home:ro,Z" "-v" "/var/lib/crater-agent-workspace/rustup-home:/opt/rustwide/rustup-home:ro,Z" "-e" "SOURCE_DIR=/opt/rustwide/workdir" "-e" "CARGO_TARGET_DIR=/opt/rustwide/target" "-e" "CARGO_INCREMENTAL=0" "-e" "RUST_BACKTRACE=full" "-e" "RUSTFLAGS=--cap-lints=warn" "-e" "CARGO_HOME=/opt/rustwide/cargo-home" "-e" "RUSTUP_HOME=/opt/rustwide/rustup-home" "-w" "/opt/rustwide/workdir" "-m" "1610612736" "--user" "0:0" "--network" "none" "ghcr.io/rust-lang/crates-build-env/linux@sha256:a89201d6b5b9fd45c15d5952ece0a0129e7e80cb26ec023fd59cf09bc26f1604" "/opt/rustwide/cargo-home/bin/cargo" "+beta-2021-10-15" "check" "--frozen" "--all" "--all-targets" "--message-format=json", kill_on_drop: false }`
[INFO] [stdout] a1e90dca73018a103c1fbb7da9f34fce595f605bff4c12b7107c740b90c8cf79
[INFO] [stderr] WARNING: Your kernel does not support swap limit capabilities or the cgroup is not mounted. Memory limited without swap.
[INFO] running `Command { std: "docker" "start" "-a" "a1e90dca73018a103c1fbb7da9f34fce595f605bff4c12b7107c740b90c8cf79", kill_on_drop: false }`
[INFO] [stderr]     Checking libc v0.2.11
[INFO] [stderr]     Checking num-traits v0.1.32
[INFO] [stderr]     Checking rustc-serialize v0.3.19
[INFO] [stderr]    Compiling winapi-build v0.1.1
[INFO] [stderr]    Compiling sdl2-sys v0.19.0
[INFO] [stderr]     Checking winapi v0.2.7
[INFO] [stderr]    Compiling aster v0.17.0
[INFO] [stderr]     Checking lazy_static v0.2.1
[INFO] [stderr]    Compiling serde_codegen v0.7.8
[INFO] [stderr]     Checking bitflags v0.6.0
[INFO] [stderr]     Checking serde v0.7.8
[INFO] [stderr]    Compiling quasi v0.11.0
[INFO] [stderr]     Checking bitflags v0.5.0
[INFO] [stderr]     Checking utf8-ranges v0.1.3
[INFO] [stderr]     Checking regex-syntax v0.3.3
[INFO] [stderr]     Checking ref_filter_map v1.0.1
[INFO] [stderr]     Checking log v0.3.6
[INFO] [stderr]     Checking lru_time_cache v0.4.0
[INFO] [stdout] error[E0463]: can't find crate for `syntax`
[INFO] [stdout]   --> /opt/rustwide/cargo-home/registry/src/github.com-1ecc6299db9ec823/quasi-0.11.0/src/lib.rs:19:1
[INFO] [stdout]    |
[INFO] [stdout] 19 | extern crate syntax;
[INFO] [stdout]    | ^^^^^^^^^^^^^^^^^^^^ can't find crate
[INFO] [stdout] 
[INFO] [stdout] 
[INFO] [stdout] error: aborting due to previous error
[INFO] [stdout] 
[INFO] [stdout] 
[INFO] [stdout] For more information about this error, try `rustc --explain E0463`.
[INFO] [stdout] 
[INFO] [stderr] error: could not compile `quasi` due to 2 previous errors
[INFO] [stderr] warning: build failed, waiting for other jobs to finish...
[INFO] [stdout] error[E0463]: can't find crate for `syntax`
[INFO] [stdout]   --> /opt/rustwide/cargo-home/registry/src/github.com-1ecc6299db9ec823/aster-0.17.0/src/lib.rs:10:1
[INFO] [stdout]    |
[INFO] [stdout] 10 | extern crate syntax;
[INFO] [stdout]    | ^^^^^^^^^^^^^^^^^^^^ can't find crate
[INFO] [stdout] 
[INFO] [stdout] 
[INFO] [stdout] error: aborting due to previous error
[INFO] [stdout] 
[INFO] [stdout] 
[INFO] [stdout] For more information about this error, try `rustc --explain E0463`.
[INFO] [stdout] 
[INFO] [stdout] error[E0642]: patterns aren't allowed in functions without bodies
[INFO] [stdout]    --> /opt/rustwide/cargo-home/registry/src/github.com-1ecc6299db9ec823/rustc-serialize-0.3.19/src/serialize.rs:147:45
[INFO] [stdout]     |
[INFO] [stdout] 147 | ...                   &f_name: &str,
[INFO] [stdout]     |                       ^^^^^^^ pattern not allowed in function without body
[INFO] [stdout] 
[INFO] [stdout] 
[INFO] [stdout] error: aborting due to previous error
[INFO] [stdout] 
[INFO] [stdout] 
[INFO] [stdout] For more information about this error, try `rustc --explain E0642`.
[INFO] [stdout] 
[INFO] [stderr] error: build failed
[INFO] running `Command { std: "docker" "inspect" "a1e90dca73018a103c1fbb7da9f34fce595f605bff4c12b7107c740b90c8cf79", kill_on_drop: false }`
[INFO] running `Command { std: "docker" "rm" "-f" "a1e90dca73018a103c1fbb7da9f34fce595f605bff4c12b7107c740b90c8cf79", kill_on_drop: false }`
[INFO] [stdout] a1e90dca73018a103c1fbb7da9f34fce595f605bff4c12b7107c740b90c8cf79
