[INFO] cloning repository https://github.com/LykenSol/rust-gpu-shadertoys
[INFO] running `Command { std: "git" "-c" "credential.helper=" "-c" "credential.helper=/workspace/cargo-home/bin/git-credential-null" "clone" "--bare" "https://github.com/LykenSol/rust-gpu-shadertoys" "/workspace/cache/git-repos/https%3A%2F%2Fgithub.com%2FLykenSol%2Frust-gpu-shadertoys", kill_on_drop: false }`
[INFO] [stderr] Cloning into bare repository '/workspace/cache/git-repos/https%3A%2F%2Fgithub.com%2FLykenSol%2Frust-gpu-shadertoys'...
[INFO] running `Command { std: "git" "rev-parse" "HEAD", kill_on_drop: false }`
[INFO] [stdout] b57573137cadb8fd183da79c0878c4bb4a870148
[INFO] checking LykenSol/rust-gpu-shadertoys against beta-2021-10-15 for beta-1.56-3
[INFO] running `Command { std: "git" "clone" "/workspace/cache/git-repos/https%3A%2F%2Fgithub.com%2FLykenSol%2Frust-gpu-shadertoys" "/workspace/builds/worker-10/source", kill_on_drop: false }`
[INFO] [stderr] Cloning into '/workspace/builds/worker-10/source'...
[INFO] [stderr] done.
[INFO] validating manifest of git repo https://github.com/LykenSol/rust-gpu-shadertoys on toolchain beta-2021-10-15
[INFO] running `Command { std: "/workspace/cargo-home/bin/cargo" "+beta-2021-10-15" "metadata" "--manifest-path" "Cargo.toml" "--no-deps", kill_on_drop: false }`
[INFO] removed /workspace/builds/worker-10/source/rust-toolchain
[INFO] started tweaking git repo https://github.com/LykenSol/rust-gpu-shadertoys
[INFO] finished tweaking git repo https://github.com/LykenSol/rust-gpu-shadertoys
[INFO] tweaked toml for git repo https://github.com/LykenSol/rust-gpu-shadertoys written to /workspace/builds/worker-10/source/Cargo.toml
[INFO] crate git repo https://github.com/LykenSol/rust-gpu-shadertoys already has a lockfile, it will not be regenerated
[INFO] running `Command { std: "/workspace/cargo-home/bin/cargo" "+beta-2021-10-15" "fetch" "--manifest-path" "Cargo.toml", kill_on_drop: false }`
[INFO] [stderr]     Updating git repository `https://github.com/EmbarkStudios/rust-gpu`
[INFO] [stderr]     Updating git repository `https://github.com/gfx-rs/rspirv.git`
[INFO] [stderr]     Updating git submodule `https://github.com/KhronosGroup/SPIRV-Headers.git`
[INFO] [stderr]     Blocking waiting for file lock on package cache
[INFO] running `Command { std: "docker" "create" "-v" "/var/lib/crater-agent-workspace/builds/worker-10/target:/opt/rustwide/target:rw,Z" "-v" "/var/lib/crater-agent-workspace/builds/worker-10/source:/opt/rustwide/workdir:ro,Z" "-v" "/var/lib/crater-agent-workspace/cargo-home:/opt/rustwide/cargo-home:ro,Z" "-v" "/var/lib/crater-agent-workspace/rustup-home:/opt/rustwide/rustup-home:ro,Z" "-e" "SOURCE_DIR=/opt/rustwide/workdir" "-e" "CARGO_TARGET_DIR=/opt/rustwide/target" "-e" "CARGO_HOME=/opt/rustwide/cargo-home" "-e" "RUSTUP_HOME=/opt/rustwide/rustup-home" "-w" "/opt/rustwide/workdir" "-m" "1610612736" "--user" "0:0" "--network" "none" "ghcr.io/rust-lang/crates-build-env/linux@sha256:a89201d6b5b9fd45c15d5952ece0a0129e7e80cb26ec023fd59cf09bc26f1604" "/opt/rustwide/cargo-home/bin/cargo" "+beta-2021-10-15" "metadata" "--no-deps" "--format-version=1", kill_on_drop: false }`
[INFO] [stdout] bbb12611401cee94cc6a2f0f4840c772203b085882254154e113ff2b4de1fd03
[INFO] [stderr] WARNING: Your kernel does not support swap limit capabilities or the cgroup is not mounted. Memory limited without swap.
[INFO] running `Command { std: "docker" "start" "-a" "bbb12611401cee94cc6a2f0f4840c772203b085882254154e113ff2b4de1fd03", kill_on_drop: false }`
[INFO] running `Command { std: "docker" "inspect" "bbb12611401cee94cc6a2f0f4840c772203b085882254154e113ff2b4de1fd03", kill_on_drop: false }`
[INFO] running `Command { std: "docker" "rm" "-f" "bbb12611401cee94cc6a2f0f4840c772203b085882254154e113ff2b4de1fd03", kill_on_drop: false }`
[INFO] [stdout] bbb12611401cee94cc6a2f0f4840c772203b085882254154e113ff2b4de1fd03
[INFO] running `Command { std: "docker" "create" "-v" "/var/lib/crater-agent-workspace/builds/worker-10/target:/opt/rustwide/target:rw,Z" "-v" "/var/lib/crater-agent-workspace/builds/worker-10/source:/opt/rustwide/workdir:ro,Z" "-v" "/var/lib/crater-agent-workspace/cargo-home:/opt/rustwide/cargo-home:ro,Z" "-v" "/var/lib/crater-agent-workspace/rustup-home:/opt/rustwide/rustup-home:ro,Z" "-e" "SOURCE_DIR=/opt/rustwide/workdir" "-e" "CARGO_TARGET_DIR=/opt/rustwide/target" "-e" "CARGO_INCREMENTAL=0" "-e" "RUST_BACKTRACE=full" "-e" "RUSTFLAGS=--cap-lints=warn" "-e" "CARGO_HOME=/opt/rustwide/cargo-home" "-e" "RUSTUP_HOME=/opt/rustwide/rustup-home" "-w" "/opt/rustwide/workdir" "-m" "1610612736" "--user" "0:0" "--network" "none" "ghcr.io/rust-lang/crates-build-env/linux@sha256:a89201d6b5b9fd45c15d5952ece0a0129e7e80cb26ec023fd59cf09bc26f1604" "/opt/rustwide/cargo-home/bin/cargo" "+beta-2021-10-15" "check" "--frozen" "--all" "--all-targets" "--message-format=json", kill_on_drop: false }`
[INFO] [stdout] 9ff18815f987e166caccc1833e5bd728b554fc792a11d3d04698085e828b3230
[INFO] [stderr] WARNING: Your kernel does not support swap limit capabilities or the cgroup is not mounted. Memory limited without swap.
[INFO] running `Command { std: "docker" "start" "-a" "9ff18815f987e166caccc1833e5bd728b554fc792a11d3d04698085e828b3230", kill_on_drop: false }`
[INFO] [stderr]    Compiling proc-macro2 v1.0.24
[INFO] [stderr]    Compiling libc v0.2.80
[INFO] [stderr]    Compiling unicode-xid v0.2.1
[INFO] [stderr]    Compiling syn v1.0.60
[INFO] [stderr]    Compiling autocfg v1.0.1
[INFO] [stderr]    Compiling bitflags v1.2.1
[INFO] [stderr]    Compiling libm v0.2.1
[INFO] [stderr]    Compiling byteorder v1.3.4
[INFO] [stderr]    Compiling pkg-config v0.3.19
[INFO] [stderr]    Compiling log v0.4.11
[INFO] [stderr]    Compiling memchr v2.3.4
[INFO] [stderr]    Compiling serde v1.0.117
[INFO] [stderr]    Compiling serde_derive v1.0.117
[INFO] [stderr]    Compiling ryu v1.0.5
[INFO] [stderr]    Compiling xml-rs v0.8.3
[INFO] [stderr]    Compiling serde_json v1.0.60
[INFO] [stderr]    Compiling nix v0.18.0
[INFO] [stderr]    Compiling version_check v0.9.2
[INFO] [stderr]    Compiling proc-macro-hack v0.5.19
[INFO] [stderr]    Compiling cfg-if v1.0.0
[INFO] [stderr]    Compiling proc-macro-nested v0.1.6
[INFO] [stderr]    Compiling hashbrown v0.9.1
[INFO] [stderr]    Compiling rustc_codegen_spirv v0.3.0 (https://github.com/EmbarkStudios/rust-gpu?rev=a173208d803aeac9295464df703c53d987db2664#a173208d)
[INFO] [stderr]    Compiling itoa v0.4.6
[INFO] [stderr]    Compiling bimap v0.6.0
[INFO] [stderr]    Compiling rustc-demangle v0.1.18
[INFO] [stderr]    Compiling maybe-uninit v2.0.0
[INFO] [stderr]    Compiling smallvec v1.6.1
[INFO] [stderr]    Compiling topological-sort v0.1.0
[INFO] [stderr]    Compiling raw-string v0.3.5
[INFO] [stderr]     Checking inplace_it v0.3.2
[INFO] [stderr]    Compiling winit v0.23.0
[INFO] [stderr]     Checking typed-arena v2.0.1
[INFO] [stderr]     Checking libloading v0.6.6
[INFO] [stderr]     Checking instant v0.1.9
[INFO] [stderr]     Checking sharded-slab v0.1.0
[INFO] [stderr]     Checking regex v1.4.2
[INFO] [stderr]     Checking dlib v0.4.2
[INFO] [stderr]     Checking ash v0.31.0
[INFO] [stderr]     Checking tracing-log v0.1.1
[INFO] [stderr]     Checking wgpu-types v0.6.1
[INFO] [stderr]     Checking andrew v0.3.1
[INFO] [stderr]    Compiling num-traits v0.2.14
[INFO] [stderr]    Compiling indexmap v1.6.0
[INFO] [stderr]    Compiling num-integer v0.1.44
[INFO] [stderr]    Compiling nom v6.0.1
[INFO] [stderr]    Compiling quote v1.0.9
[INFO] [stderr]     Checking fxhash v0.2.1
[INFO] [stderr]     Checking regex-automata v0.1.9
[INFO] [stderr]    Compiling wayland-scanner v0.28.2
[INFO] [stderr]    Compiling wayland-sys v0.28.2
[INFO] [stderr]    Compiling x11 v2.18.2
[INFO] [stderr]    Compiling x11-dl v2.18.5
[INFO] [stderr]    Compiling jobserver v0.1.21
[INFO] [stderr]    Compiling filetime v0.2.13
[INFO] [stderr]    Compiling xattr v0.2.2
[INFO] [stderr]     Checking raw-window-handle v0.3.3
[INFO] [stderr]     Checking parking_lot_core v0.8.0
[INFO] [stderr]     Checking net2 v0.2.36
[INFO] [stderr]     Checking time v0.1.44
[INFO] [stderr]     Checking iovec v0.1.4
[INFO] [stderr]     Checking memmap v0.7.0
[INFO] [stderr]     Checking thread-id v3.3.0
[INFO] [stderr]     Checking matchers v0.0.1
[INFO] [stderr]    Compiling cc v1.0.66
[INFO] [stderr]    Compiling tar v0.4.30
[INFO] [stderr]     Checking gfx-hal v0.6.0
[INFO] [stderr]     Checking glam v0.12.0
[INFO] [stderr]     Checking spirv_headers v1.5.0
[INFO] [stderr]     Checking parking_lot v0.11.1
[INFO] [stderr]     Checking mio v0.6.23
[INFO] [stderr]    Compiling spirv_headers v1.5.0 (https://github.com/gfx-rs/rspirv.git?rev=ee1e913#ee1e9135)
[INFO] [stderr]     Checking xcursor v0.3.3
[INFO] [stderr]     Checking chrono v0.4.19
[INFO] [stderr]     Checking mio-extras v2.0.6
[INFO] [stderr]     Checking gfx-memory v0.2.2
[INFO] [stderr]     Checking gfx-descriptor v0.2.0
[INFO] [stderr]     Checking gfx-backend-empty v0.6.0
[INFO] [stderr]     Checking wayland-commons v0.28.2
[INFO] [stderr]     Checking calloop v0.6.5
[INFO] [stderr]    Compiling wayland-client v0.28.2
[INFO] [stderr]    Compiling wayland-protocols v0.28.2
[INFO] [stderr]    Compiling spirv-tools-sys v0.3.0
[INFO] [stderr]     Checking gfx-backend-vulkan v0.6.5
[INFO] [stderr]     Checking wayland-cursor v0.28.2
[INFO] [stderr] error: could not compile `syn`
[INFO] [stderr] 
[INFO] [stderr] Caused by:
[INFO] [stderr]   process didn't exit successfully: `rustc --crate-name syn --edition=2018 /opt/rustwide/cargo-home/registry/src/github.com-1ecc6299db9ec823/syn-1.0.60/src/lib.rs --error-format=json --json=diagnostic-rendered-ansi --crate-type lib --emit=dep-info,metadata,link -C opt-level=3 -C embed-bitcode=no -C debuginfo=2 -C debug-assertions=on --cfg 'feature="clone-impls"' --cfg 'feature="default"' --cfg 'feature="derive"' --cfg 'feature="extra-traits"' --cfg 'feature="full"' --cfg 'feature="parsing"' --cfg 'feature="printing"' --cfg 'feature="proc-macro"' --cfg 'feature="quote"' --cfg 'feature="visit"' --cfg 'feature="visit-mut"' -C metadata=71036523dd1544dd -C extra-filename=-71036523dd1544dd --out-dir /opt/rustwide/target/debug/deps -L dependency=/opt/rustwide/target/debug/deps --extern proc_macro2=/opt/rustwide/target/debug/deps/libproc_macro2-09831831720c0324.rmeta --extern quote=/opt/rustwide/target/debug/deps/libquote-da60a936a612dfb0.rmeta --extern unicode_xid=/opt/rustwide/target/debug/deps/libunicode_xid-2790bc5113c1e65b.rmeta --cap-lints allow --cap-lints=warn --cfg syn_disable_nightly_tests` (signal: 9, SIGKILL: kill)
[INFO] [stderr] warning: build failed, waiting for other jobs to finish...
[INFO] [stderr] The following warnings were emitted during compilation:
[INFO] [stderr] 
[INFO] [stderr] warning: c++: fatal error: Killed signal terminated program cc1plus
[INFO] [stderr] warning: compilation terminated.
[INFO] [stderr] warning: c++: fatal error: Killed signal terminated program cc1plus
[INFO] [stderr] warning: compilation terminated.
[INFO] [stderr] warning: c++: fatal error: Killed signal terminated program cc1plus
[INFO] [stderr] warning: compilation terminated.
[INFO] [stderr] warning: c++: fatal error: Killed signal terminated program cc1plus
[INFO] [stderr] warning: compilation terminated.
[INFO] [stderr] warning: c++: fatal error: Killed signal terminated program cc1plus
[INFO] [stderr] warning: compilation terminated.
[INFO] [stderr] warning: c++: fatal error: Killed signal terminated program cc1plus
[INFO] [stderr] warning: compilation terminated.
[INFO] [stderr] warning: c++: fatal error: Killed signal terminated program cc1plus
[INFO] [stderr] warning: compilation terminated.
[INFO] [stderr] 
[INFO] [stderr] error: build failed
[INFO] running `Command { std: "docker" "inspect" "9ff18815f987e166caccc1833e5bd728b554fc792a11d3d04698085e828b3230", kill_on_drop: false }`
[INFO] running `Command { std: "docker" "rm" "-f" "9ff18815f987e166caccc1833e5bd728b554fc792a11d3d04698085e828b3230", kill_on_drop: false }`
[INFO] [stdout] 9ff18815f987e166caccc1833e5bd728b554fc792a11d3d04698085e828b3230
