[INFO] cloning repository https://github.com/LukeDowell/bevy_roguelike
[INFO] running `Command { std: "git" "-c" "credential.helper=" "-c" "credential.helper=/workspace/cargo-home/bin/git-credential-null" "clone" "--bare" "https://github.com/LukeDowell/bevy_roguelike" "/workspace/cache/git-repos/https%3A%2F%2Fgithub.com%2FLukeDowell%2Fbevy_roguelike", kill_on_drop: false }`
[INFO] [stderr] Cloning into bare repository '/workspace/cache/git-repos/https%3A%2F%2Fgithub.com%2FLukeDowell%2Fbevy_roguelike'...
[INFO] running `Command { std: "git" "rev-parse" "HEAD", kill_on_drop: false }`
[INFO] [stdout] 7508fbcf5bde031a5b202db2c83d1e35cf4f8e34
[INFO] checking LukeDowell/bevy_roguelike against beta-2021-10-15 for beta-1.56-3
[INFO] running `Command { std: "git" "clone" "/workspace/cache/git-repos/https%3A%2F%2Fgithub.com%2FLukeDowell%2Fbevy_roguelike" "/workspace/builds/worker-5/source", kill_on_drop: false }`
[INFO] [stderr] Cloning into '/workspace/builds/worker-5/source'...
[INFO] [stderr] done.
[INFO] validating manifest of git repo https://github.com/LukeDowell/bevy_roguelike on toolchain beta-2021-10-15
[INFO] running `Command { std: "/workspace/cargo-home/bin/cargo" "+beta-2021-10-15" "metadata" "--manifest-path" "Cargo.toml" "--no-deps", kill_on_drop: false }`
[INFO] removed /workspace/builds/worker-5/source/.cargo/config.toml
[INFO] started tweaking git repo https://github.com/LukeDowell/bevy_roguelike
[INFO] finished tweaking git repo https://github.com/LukeDowell/bevy_roguelike
[INFO] tweaked toml for git repo https://github.com/LukeDowell/bevy_roguelike written to /workspace/builds/worker-5/source/Cargo.toml
[INFO] crate git repo https://github.com/LukeDowell/bevy_roguelike already has a lockfile, it will not be regenerated
[INFO] running `Command { std: "/workspace/cargo-home/bin/cargo" "+beta-2021-10-15" "fetch" "--manifest-path" "Cargo.toml", kill_on_drop: false }`
[INFO] [stderr] warning: unused manifest key: dependencies.bevy.commit
[INFO] [stderr]     Blocking waiting for file lock on package cache
[INFO] [stderr]     Blocking waiting for file lock on package cache
[INFO] running `Command { std: "docker" "create" "-v" "/var/lib/crater-agent-workspace/builds/worker-5/target:/opt/rustwide/target:rw,Z" "-v" "/var/lib/crater-agent-workspace/builds/worker-5/source:/opt/rustwide/workdir:ro,Z" "-v" "/var/lib/crater-agent-workspace/cargo-home:/opt/rustwide/cargo-home:ro,Z" "-v" "/var/lib/crater-agent-workspace/rustup-home:/opt/rustwide/rustup-home:ro,Z" "-e" "SOURCE_DIR=/opt/rustwide/workdir" "-e" "CARGO_TARGET_DIR=/opt/rustwide/target" "-e" "CARGO_HOME=/opt/rustwide/cargo-home" "-e" "RUSTUP_HOME=/opt/rustwide/rustup-home" "-w" "/opt/rustwide/workdir" "-m" "1610612736" "--user" "0:0" "--network" "none" "ghcr.io/rust-lang/crates-build-env/linux@sha256:a89201d6b5b9fd45c15d5952ece0a0129e7e80cb26ec023fd59cf09bc26f1604" "/opt/rustwide/cargo-home/bin/cargo" "+beta-2021-10-15" "metadata" "--no-deps" "--format-version=1", kill_on_drop: false }`
[INFO] [stderr] WARNING: Your kernel does not support swap limit capabilities or the cgroup is not mounted. Memory limited without swap.
[INFO] [stdout] d45238fc4367eeb45227f986e07662c84212b5bdf0aa8e9583c45356a5cd8f0e
[INFO] running `Command { std: "docker" "start" "-a" "d45238fc4367eeb45227f986e07662c84212b5bdf0aa8e9583c45356a5cd8f0e", kill_on_drop: false }`
[INFO] running `Command { std: "docker" "inspect" "d45238fc4367eeb45227f986e07662c84212b5bdf0aa8e9583c45356a5cd8f0e", kill_on_drop: false }`
[INFO] running `Command { std: "docker" "rm" "-f" "d45238fc4367eeb45227f986e07662c84212b5bdf0aa8e9583c45356a5cd8f0e", kill_on_drop: false }`
[INFO] [stdout] d45238fc4367eeb45227f986e07662c84212b5bdf0aa8e9583c45356a5cd8f0e
[INFO] running `Command { std: "docker" "create" "-v" "/var/lib/crater-agent-workspace/builds/worker-5/target:/opt/rustwide/target:rw,Z" "-v" "/var/lib/crater-agent-workspace/builds/worker-5/source:/opt/rustwide/workdir:ro,Z" "-v" "/var/lib/crater-agent-workspace/cargo-home:/opt/rustwide/cargo-home:ro,Z" "-v" "/var/lib/crater-agent-workspace/rustup-home:/opt/rustwide/rustup-home:ro,Z" "-e" "SOURCE_DIR=/opt/rustwide/workdir" "-e" "CARGO_TARGET_DIR=/opt/rustwide/target" "-e" "CARGO_INCREMENTAL=0" "-e" "RUST_BACKTRACE=full" "-e" "RUSTFLAGS=--cap-lints=warn" "-e" "CARGO_HOME=/opt/rustwide/cargo-home" "-e" "RUSTUP_HOME=/opt/rustwide/rustup-home" "-w" "/opt/rustwide/workdir" "-m" "1610612736" "--user" "0:0" "--network" "none" "ghcr.io/rust-lang/crates-build-env/linux@sha256:a89201d6b5b9fd45c15d5952ece0a0129e7e80cb26ec023fd59cf09bc26f1604" "/opt/rustwide/cargo-home/bin/cargo" "+beta-2021-10-15" "check" "--frozen" "--all" "--all-targets" "--message-format=json", kill_on_drop: false }`
[INFO] [stdout] 6d4fdc973d5465a577524a75e1abd4663ae69b0f11b2bada248a2685b51f1f2c
[INFO] [stderr] WARNING: Your kernel does not support swap limit capabilities or the cgroup is not mounted. Memory limited without swap.
[INFO] running `Command { std: "docker" "start" "-a" "6d4fdc973d5465a577524a75e1abd4663ae69b0f11b2bada248a2685b51f1f2c", kill_on_drop: false }`
[INFO] [stderr] warning: unused manifest key: dependencies.bevy.commit
[INFO] [stderr]    Compiling getrandom v0.2.2
[INFO] [stderr]     Checking once_cell v1.5.2
[INFO] [stderr]     Checking fixedbitset v0.2.0
[INFO] [stderr]     Checking bytemuck v1.5.0
[INFO] [stderr]    Compiling khronos-egl v3.0.0
[INFO] [stderr]     Checking ttf-parser v0.11.0
[INFO] [stderr]    Compiling cfg_aliases v0.1.1
[INFO] [stderr]     Checking glow v0.7.2
[INFO] [stderr]    Compiling ahash v0.7.0
[INFO] [stderr]     Checking async-channel v1.6.0
[INFO] [stderr]     Checking time v0.1.43
[INFO] [stderr]     Checking tracing-log v0.1.1
[INFO] [stderr]     Checking mio v0.7.8
[INFO] [stderr]     Checking gpu-descriptor-types v0.1.1
[INFO] [stderr]     Checking gpu-alloc-types v0.2.0
[INFO] [stderr]     Checking wgpu-types v0.7.0
[INFO] [stderr]     Checking indexmap v1.6.1
[INFO] [stderr]    Compiling cc v1.0.66
[INFO] [stderr]    Compiling wgpu-core v0.7.0
[INFO] [stderr]    Compiling thiserror-impl v1.0.23
[INFO] [stderr]    Compiling tracing-attributes v0.1.12
[INFO] [stderr]     Checking async-executor v1.4.0
[INFO] [stderr]     Checking thread_local v1.1.3
[INFO] [stderr]     Checking image v0.23.13
[INFO] [stderr]     Checking glam v0.12.0
[INFO] [stderr]     Checking chrono v0.4.19
[INFO] [stderr]     Checking gltf-json v0.15.2
[INFO] [stderr]     Checking notify v5.0.0-pre.5
[INFO] [stderr]    Compiling bevy_ecs_macros v0.4.0 (https://github.com/bevyengine/bevy#a5d2501b)
[INFO] [stderr]    Compiling bevy_derive v0.4.0 (https://github.com/bevyengine/bevy#a5d2501b)
[INFO] [stderr]     Checking regex v1.4.3
[INFO] [stderr]     Checking bevy_tasks v0.4.0 (https://github.com/bevyengine/bevy#a5d2501b)
[INFO] [stderr]     Checking petgraph v0.5.1
[INFO] [stderr]     Checking uuid v0.8.2
[INFO] [stderr]     Checking rand_core v0.6.2
[INFO] [stderr]     Checking owned_ttf_parser v0.11.0
[INFO] [stderr]     Checking gilrs-core v0.3.0
[INFO] [stderr]     Checking rand_chacha v0.3.0
[INFO] [stderr]     Checking ab_glyph v0.2.9
[INFO] [stderr]     Checking rand v0.8.3
[INFO] [stderr]     Checking gilrs v0.8.0
[INFO] [stderr]     Checking glyph_brush_layout v0.2.1
[INFO] [stderr]    Compiling bevy_reflect_derive v0.4.0 (https://github.com/bevyengine/bevy#a5d2501b)
[INFO] [stderr]    Compiling spirv-reflect v0.2.3
[INFO] [stderr]    Compiling spirv_cross v0.23.0
[INFO] [stderr]    Compiling minimp3-sys v0.3.2
[INFO] [stderr]     Checking thiserror v1.0.23
[INFO] [stderr]     Checking hexasphere v3.1.1
[INFO] [stderr]     Checking naga v0.3.2
[INFO] [stderr]     Checking cpal v0.13.1
[INFO] [stderr]     Checking tracing v0.1.23
[INFO] [stderr]     Checking gltf v0.15.2
[INFO] [stderr]     Checking minimp3 v0.5.1
[INFO] [stderr]     Checking bevy_utils v0.4.0 (https://github.com/bevyengine/bevy#a5d2501b)
[INFO] [stderr]     Checking tracing-subscriber v0.2.15
[INFO] [stderr]     Checking gpu-alloc v0.3.0
[INFO] [stderr]     Checking gpu-descriptor v0.1.1
[INFO] [stderr]     Checking bevy_ecs v0.4.0 (https://github.com/bevyengine/bevy#a5d2501b)
[INFO] [stderr] error: could not compile `naga`
[INFO] [stderr] 
[INFO] [stderr] Caused by:
[INFO] [stderr]   process didn't exit successfully: `rustc --crate-name naga --edition=2018 /opt/rustwide/cargo-home/registry/src/github.com-1ecc6299db9ec823/naga-0.3.2/src/lib.rs --error-format=json --json=diagnostic-rendered-ansi --crate-type lib --emit=dep-info,metadata -C embed-bitcode=no -C debuginfo=2 --cfg 'feature="default"' --cfg 'feature="glsl-out"' --cfg 'feature="msl-out"' --cfg 'feature="petgraph"' --cfg 'feature="spirv"' --cfg 'feature="spv-in"' --cfg 'feature="spv-out"' --cfg 'feature="wgsl-in"' -C metadata=94071715fd2e80d2 -C extra-filename=-94071715fd2e80d2 --out-dir /opt/rustwide/target/debug/deps -L dependency=/opt/rustwide/target/debug/deps --extern bit_set=/opt/rustwide/target/debug/deps/libbit_set-24b837e5ed2ca0b7.rmeta --extern bitflags=/opt/rustwide/target/debug/deps/libbitflags-c4186936f71f7ec2.rmeta --extern fxhash=/opt/rustwide/target/debug/deps/libfxhash-15842947e260cff8.rmeta --extern log=/opt/rustwide/target/debug/deps/liblog-a00eaae0aaa71643.rmeta --extern num_traits=/opt/rustwide/target/debug/deps/libnum_traits-951edd8d0a867919.rmeta --extern petgraph=/opt/rustwide/target/debug/deps/libpetgraph-6cbd129a43d70775.rmeta --extern spirv=/opt/rustwide/target/debug/deps/libspirv_headers-499a9bf8a8232f79.rmeta --extern thiserror=/opt/rustwide/target/debug/deps/libthiserror-881daa6f106ba93b.rmeta --cap-lints allow --cap-lints=warn` (signal: 9, SIGKILL: kill)
[INFO] [stderr] warning: build failed, waiting for other jobs to finish...
[INFO] [stderr] The following warnings were emitted during compilation:
[INFO] [stderr] 
[INFO] [stderr] warning: src/wrapper.cpp:2: warning: ignoring #pragma warning  [-Wunknown-pragmas]
[INFO] [stderr] warning:     2 | #pragma warning(disable : 4996 4101)
[INFO] [stderr] warning:       | 
[INFO] [stderr] warning: c++: fatal error: Killed signal terminated program cc1plus
[INFO] [stderr] warning: compilation terminated.
[INFO] [stderr] warning: c++: fatal error: Killed signal terminated program cc1plus
[INFO] [stderr] warning: compilation terminated.
[INFO] [stderr] warning: c++: fatal error: Killed signal terminated program cc1plus
[INFO] [stderr] warning: compilation terminated.
[INFO] [stderr] 
[INFO] [stderr] error: build failed
[INFO] running `Command { std: "docker" "inspect" "6d4fdc973d5465a577524a75e1abd4663ae69b0f11b2bada248a2685b51f1f2c", kill_on_drop: false }`
[INFO] running `Command { std: "docker" "rm" "-f" "6d4fdc973d5465a577524a75e1abd4663ae69b0f11b2bada248a2685b51f1f2c", kill_on_drop: false }`
[INFO] [stdout] 6d4fdc973d5465a577524a75e1abd4663ae69b0f11b2bada248a2685b51f1f2c
