[INFO] cloning repository https://github.com/LorenzoEvans/ai10cle-api
[INFO] running `Command { std: "git" "-c" "credential.helper=" "-c" "credential.helper=/workspace/cargo-home/bin/git-credential-null" "clone" "--bare" "https://github.com/LorenzoEvans/ai10cle-api" "/workspace/cache/git-repos/https%3A%2F%2Fgithub.com%2FLorenzoEvans%2Fai10cle-api", kill_on_drop: false }`
[INFO] [stderr] Cloning into bare repository '/workspace/cache/git-repos/https%3A%2F%2Fgithub.com%2FLorenzoEvans%2Fai10cle-api'...
[INFO] running `Command { std: "git" "rev-parse" "HEAD", kill_on_drop: false }`
[INFO] [stdout] f455ad7bb1bbf46216a21b0a1a5d99d08f3ff480
[INFO] checking LorenzoEvans/ai10cle-api against 1.55.0 for beta-1.56-3
[INFO] running `Command { std: "git" "clone" "/workspace/cache/git-repos/https%3A%2F%2Fgithub.com%2FLorenzoEvans%2Fai10cle-api" "/workspace/builds/worker-3/source", kill_on_drop: false }`
[INFO] [stderr] Cloning into '/workspace/builds/worker-3/source'...
[INFO] [stderr] done.
[INFO] validating manifest of git repo https://github.com/LorenzoEvans/ai10cle-api on toolchain 1.55.0
[INFO] running `Command { std: "/workspace/cargo-home/bin/cargo" "+1.55.0" "metadata" "--manifest-path" "Cargo.toml" "--no-deps", kill_on_drop: false }`
[INFO] started tweaking git repo https://github.com/LorenzoEvans/ai10cle-api
[INFO] finished tweaking git repo https://github.com/LorenzoEvans/ai10cle-api
[INFO] tweaked toml for git repo https://github.com/LorenzoEvans/ai10cle-api written to /workspace/builds/worker-3/source/Cargo.toml
[INFO] crate git repo https://github.com/LorenzoEvans/ai10cle-api already has a lockfile, it will not be regenerated
[INFO] running `Command { std: "/workspace/cargo-home/bin/cargo" "+1.55.0" "fetch" "--manifest-path" "Cargo.toml", kill_on_drop: false }`
[INFO] [stderr]     Blocking waiting for file lock on package cache
[INFO] [stderr]  Downloading crates ...
[INFO] [stderr]   Downloaded alcoholic_jwt v1.0.0
[INFO] running `Command { std: "docker" "create" "-v" "/var/lib/crater-agent-workspace/builds/worker-3/target:/opt/rustwide/target:rw,Z" "-v" "/var/lib/crater-agent-workspace/builds/worker-3/source:/opt/rustwide/workdir:ro,Z" "-v" "/var/lib/crater-agent-workspace/cargo-home:/opt/rustwide/cargo-home:ro,Z" "-v" "/var/lib/crater-agent-workspace/rustup-home:/opt/rustwide/rustup-home:ro,Z" "-e" "SOURCE_DIR=/opt/rustwide/workdir" "-e" "CARGO_TARGET_DIR=/opt/rustwide/target" "-e" "CARGO_HOME=/opt/rustwide/cargo-home" "-e" "RUSTUP_HOME=/opt/rustwide/rustup-home" "-w" "/opt/rustwide/workdir" "-m" "1610612736" "--user" "0:0" "--network" "none" "ghcr.io/rust-lang/crates-build-env/linux@sha256:a89201d6b5b9fd45c15d5952ece0a0129e7e80cb26ec023fd59cf09bc26f1604" "/opt/rustwide/cargo-home/bin/cargo" "+1.55.0" "metadata" "--no-deps" "--format-version=1", kill_on_drop: false }`
[INFO] [stdout] 5d8730c666e636f9b06697aa99166808cac4b96f9702b2ad801d64ff0b960b83
[INFO] [stderr] WARNING: Your kernel does not support swap limit capabilities or the cgroup is not mounted. Memory limited without swap.
[INFO] running `Command { std: "docker" "start" "-a" "5d8730c666e636f9b06697aa99166808cac4b96f9702b2ad801d64ff0b960b83", kill_on_drop: false }`
[INFO] running `Command { std: "docker" "inspect" "5d8730c666e636f9b06697aa99166808cac4b96f9702b2ad801d64ff0b960b83", kill_on_drop: false }`
[INFO] running `Command { std: "docker" "rm" "-f" "5d8730c666e636f9b06697aa99166808cac4b96f9702b2ad801d64ff0b960b83", kill_on_drop: false }`
[INFO] [stdout] 5d8730c666e636f9b06697aa99166808cac4b96f9702b2ad801d64ff0b960b83
[INFO] running `Command { std: "docker" "create" "-v" "/var/lib/crater-agent-workspace/builds/worker-3/target:/opt/rustwide/target:rw,Z" "-v" "/var/lib/crater-agent-workspace/builds/worker-3/source:/opt/rustwide/workdir:ro,Z" "-v" "/var/lib/crater-agent-workspace/cargo-home:/opt/rustwide/cargo-home:ro,Z" "-v" "/var/lib/crater-agent-workspace/rustup-home:/opt/rustwide/rustup-home:ro,Z" "-e" "SOURCE_DIR=/opt/rustwide/workdir" "-e" "CARGO_TARGET_DIR=/opt/rustwide/target" "-e" "CARGO_INCREMENTAL=0" "-e" "RUST_BACKTRACE=full" "-e" "RUSTFLAGS=--cap-lints=warn" "-e" "CARGO_HOME=/opt/rustwide/cargo-home" "-e" "RUSTUP_HOME=/opt/rustwide/rustup-home" "-w" "/opt/rustwide/workdir" "-m" "1610612736" "--user" "0:0" "--network" "none" "ghcr.io/rust-lang/crates-build-env/linux@sha256:a89201d6b5b9fd45c15d5952ece0a0129e7e80cb26ec023fd59cf09bc26f1604" "/opt/rustwide/cargo-home/bin/cargo" "+1.55.0" "check" "--frozen" "--all" "--all-targets" "--message-format=json", kill_on_drop: false }`
[INFO] [stdout] bd775c0f53c202891b5304203fc75a6eb08378bf30abae5e9f402dc3c5b8ed89
[INFO] [stderr] WARNING: Your kernel does not support swap limit capabilities or the cgroup is not mounted. Memory limited without swap.
[INFO] running `Command { std: "docker" "start" "-a" "bd775c0f53c202891b5304203fc75a6eb08378bf30abae5e9f402dc3c5b8ed89", kill_on_drop: false }`
[INFO] [stderr]    Compiling syn v1.0.41
[INFO] [stderr]    Compiling cc v1.0.60
[INFO] [stderr]     Checking once_cell v1.4.1
[INFO] [stderr]     Checking tinyvec v0.3.4
[INFO] [stderr]    Compiling encoding_rs v0.8.24
[INFO] [stderr]    Compiling openssl v0.10.30
[INFO] [stderr]     Checking base64 v0.12.3
[INFO] [stderr]     Checking futures-channel v0.3.5
[INFO] [stderr]    Compiling miniz_oxide v0.4.2
[INFO] [stderr]     Checking tracing-core v0.1.16
[INFO] [stderr]     Checking bytestring v0.1.5
[INFO] [stderr]     Checking try_from v0.3.2
[INFO] [stderr]    Compiling error-chain v0.12.4
[INFO] [stderr]     Checking lru-cache v0.1.2
[INFO] [stderr]     Checking num_cpus v1.13.0
[INFO] [stderr]     Checking signal-hook-registry v1.2.1
[INFO] [stderr]     Checking parking_lot_core v0.8.0
[INFO] [stderr]     Checking getrandom v0.1.15
[INFO] [stderr]     Checking socket2 v0.3.15
[INFO] [stderr]     Checking hostname v0.3.1
[INFO] [stderr]     Checking rand_os v0.1.3
[INFO] [stderr]     Checking rand v0.5.6
[INFO] [stderr]     Checking want v0.2.0
[INFO] [stderr]     Checking base64 v0.10.1
[INFO] [stderr]     Checking bytes v0.4.12
[INFO] [stderr]     Checking futures-task v0.3.5
[INFO] [stderr]     Checking threadpool v1.8.1
[INFO] [stderr]     Checking futures-cpupool v0.1.8
[INFO] [stderr]     Checking tokio-executor v0.1.10
[INFO] [stderr]     Checking resolv-conf v0.6.3
[INFO] [stderr]     Checking block-cipher v0.8.0
[INFO] [stderr]     Checking unicode-normalization v0.1.13
[INFO] [stderr]     Checking mio-uds v0.6.8
[INFO] [stderr]     Checking parking_lot v0.11.0
[INFO] [stderr]     Checking rand v0.6.5
[INFO] [stderr]     Checking parking_lot_core v0.6.2
[INFO] [stderr]     Checking sha2 v0.8.2
[INFO] [stderr]     Checking rand_core v0.5.1
[INFO] [stderr]     Checking tracing v0.1.19
[INFO] [stderr]     Checking blowfish v0.6.0
[INFO] [stderr]     Checking tokio-threadpool v0.1.18
[INFO] [stderr]     Checking tokio-current-thread v0.1.7
[INFO] [stderr]     Checking tokio-timer v0.2.13
[INFO] [stderr]     Checking tokio v0.2.22
[INFO] [stderr]     Checking scheduled-thread-pool v0.2.5
[INFO] [stderr]     Checking rand_chacha v0.2.2
[INFO] [stderr]     Checking parking_lot v0.9.0
[INFO] [stderr]     Checking tokio-io v0.1.13
[INFO] [stderr]     Checking http v0.1.21
[INFO] [stderr]     Checking tokio-buf v0.1.1
[INFO] [stderr]     Checking string v0.2.1
[INFO] [stderr]     Checking bcrypt v0.8.2
[INFO] [stderr]     Checking r2d2 v0.8.9
[INFO] [stderr]     Checking rand v0.7.3
[INFO] [stderr]     Checking tokio-reactor v0.1.12
[INFO] [stderr]     Checking backtrace v0.3.50
[INFO] [stderr]     Checking flate2 v1.0.17
[INFO] [stderr]    Compiling openssl-sys v0.9.58
[INFO] [stderr]    Compiling brotli-sys v0.3.2
[INFO] [stderr]    Compiling ring v0.16.15
[INFO] [stderr]     Checking uuid v0.7.4
[INFO] [stderr]     Checking idna v0.2.0
[INFO] [stderr]     Checking idna v0.1.5
[INFO] [stderr]     Checking tokio-tcp v0.1.4
[INFO] [stderr]     Checking tokio v0.1.22
[INFO] [stderr]     Checking url v2.1.1
[INFO] [stderr]     Checking url v1.7.2
[INFO] [stderr]    Compiling native-tls v0.2.4
[INFO] [stderr]     Checking cookie v0.12.0
[INFO] [stderr]     Checking publicsuffix v1.5.4
[INFO] [stderr]     Checking http-body v0.1.0
[INFO] [stderr]     Checking h2 v0.1.26
[INFO] [stderr]     Checking tokio-util v0.3.1
[INFO] [stderr]     Checking tokio-util v0.2.0
[INFO] [stderr]     Checking actix-codec v0.2.0
[INFO] [stderr]     Checking hyper v0.12.35
[INFO] [stderr]    Compiling synstructure v0.12.4
[INFO] [stderr]     Checking brotli2 v0.3.2
[INFO] [stderr]     Checking hyper-tls v0.3.2
[INFO] [stderr]    Compiling pin-project-internal v0.4.23
[INFO] [stderr]    Compiling futures-macro v0.3.5
[INFO] [stderr]    Compiling serde_derive v1.0.116
[INFO] [stderr]    Compiling derive_more v0.99.10
[INFO] [stderr]    Compiling failure_derive v0.1.8
[INFO] [stderr]    Compiling actix-macros v0.1.2
[INFO] [stderr]    Compiling async-trait v0.1.40
[INFO] [stderr]    Compiling enum-as-inner v0.3.3
[INFO] [stderr]    Compiling actix-web-codegen v0.2.2
[INFO] [stderr]    Compiling diesel_derives v1.4.1
[INFO] [stderr]     Checking failure v0.1.8
[INFO] [stderr]     Checking pin-project v0.4.23
[INFO] [stderr]     Checking futures-util v0.3.5
[INFO] [stderr]     Checking actix-codec v0.3.0
[INFO] [stderr]     Checking actix-threadpool v0.3.3
[INFO] [stderr]     Checking serde v1.0.116
[INFO] [stderr]     Checking futures-executor v0.3.5
[INFO] [stderr]     Checking actix-service v1.0.6
[INFO] [stderr]     Checking actix-rt v1.1.1
[INFO] [stderr]     Checking h2 v0.2.6
[INFO] [stderr]     Checking futures v0.3.5
[INFO] [stderr]     Checking trust-dns-proto v0.18.0-alpha.2
[INFO] [stderr]     Checking actix-utils v1.0.6
[INFO] [stderr]     Checking actix-utils v2.0.0
[INFO] [stderr]     Checking actix-server v1.0.4
[INFO] [stderr]     Checking actix-tls v1.0.0
[INFO] [stderr]     Checking actix-testing v1.0.1
[INFO] [stderr]     Checking trust-dns-resolver v0.18.0-alpha.2
[INFO] [stderr]     Checking serde_json v1.0.57
[INFO] [stderr]     Checking chrono v0.4.15
[INFO] [stderr]     Checking serde_urlencoded v0.6.1
[INFO] [stderr]     Checking actix-router v0.2.4
[INFO] [stderr]     Checking serde_urlencoded v0.5.5
[INFO] [stderr]     Checking actix-connect v1.0.2
[INFO] [stderr]     Checking cookie_store v0.7.0
[INFO] [stderr]     Checking alcoholic_jwt v1.0.0
[INFO] [stderr]     Checking csrf-token v0.2.3 (https://git@github.com/werner/csrf-token.git?branch=v0.2.x#57fd3625)
[INFO] [stderr]     Checking diesel v1.4.5
[INFO] [stderr]     Checking actix-http v1.0.1
[INFO] [stderr]     Checking reqwest v0.9.24
[INFO] [stderr]     Checking awc v1.0.1
[INFO] [stderr]     Checking actix-web v2.0.0
[INFO] [stderr]     Checking actix-web-httpauth v0.4.0 (https://github.com/actix/actix-web-httpauth#7fa9723f)
[INFO] [stderr]     Checking actix-identity v0.2.1
[INFO] [stderr]     Checking actix-cors v0.2.0
[INFO] [stderr]     Checking ai10cle-api v0.1.0 (/opt/rustwide/workdir)
[INFO] [stdout] error[E0432]: unresolved import `diesel::dsl::get`
[INFO] [stdout]  --> src/user_handlers.rs:7:40
[INFO] [stdout]   |
[INFO] [stdout] 7 | use diesel::dsl::{delete, insert_into, get};
[INFO] [stdout]   |                                        ^^^ no `get` in `dsl`
[INFO] [stdout] 
[INFO] [stdout] 
[INFO] [stdout] error[E0432]: unresolved import `diesel::dsl::get`
[INFO] [stdout]  --> src/user_handlers.rs:7:40
[INFO] [stdout]   |
[INFO] [stdout] 7 | use diesel::dsl::{delete, insert_into, get};
[INFO] [stdout]   |                                        ^^^ no `get` in `dsl`
[INFO] [stdout] 
[INFO] [stdout] 
[INFO] [stdout] error: cannot find derive macro `SelectableExpression` in this scope
[INFO] [stdout]   --> src/user_handlers.rs:15:53
[INFO] [stdout]    |
[INFO] [stdout] 15 | #[derive(Debug, Serialize, Deserialize, Insertable, SelectableExpression)]
[INFO] [stdout]    |                                                     ^^^^^^^^^^^^^^^^^^^^
[INFO] [stdout] 
[INFO] [stdout] 
[INFO] [stdout] error: cannot find derive macro `SelectableExpression` in this scope
[INFO] [stdout]   --> src/user_handlers.rs:33:46
[INFO] [stdout]    |
[INFO] [stdout] 33 | #[derive(Serialize, Deserialize, Insertable, SelectableExpression)]
[INFO] [stdout]    |                                              ^^^^^^^^^^^^^^^^^^^^
[INFO] [stdout] 
[INFO] [stdout] 
[INFO] [stdout] error[E0433]: failed to resolve: use of undeclared crate or module `input_users`
[INFO] [stdout]   --> src/user_handlers.rs:17:12
[INFO] [stdout]    |
[INFO] [stdout] 17 | pub struct InputUser {
[INFO] [stdout]    |            ^^^^^^^^^ use of undeclared crate or module `input_users`
[INFO] [stdout] 
[INFO] [stdout] 
[INFO] [stdout] error[E0433]: failed to resolve: use of undeclared crate or module `register_users`
[INFO] [stdout]   --> src/user_handlers.rs:34:12
[INFO] [stdout]    |
[INFO] [stdout] 34 | pub struct RegisterUser {
[INFO] [stdout]    |            ^^^^^^^^^^^^ use of undeclared crate or module `register_users`
[INFO] [stdout] 
[INFO] [stdout] 
[INFO] [stdout] error[E0433]: failed to resolve: use of undeclared crate or module `auth_users`
[INFO] [stdout]   --> src/user_handlers.rs:43:12
[INFO] [stdout]    |
[INFO] [stdout] 43 | pub struct AuthUser {
[INFO] [stdout]    |            ^^^^^^^^ use of undeclared crate or module `auth_users`
[INFO] [stdout] 
[INFO] [stdout] 
[INFO] [stdout] warning: unused imports: `http`, `middleware`
[INFO] [stdout]  --> src/main.rs:1:29
[INFO] [stdout]   |
[INFO] [stdout] 1 | use actix_web::{Error, web, http, middleware, App, HttpServer};
[INFO] [stdout]   |                             ^^^^  ^^^^^^^^^^
[INFO] [stdout]   |
[INFO] [stdout]   = note: `#[warn(unused_imports)]` on by default
[INFO] [stdout] 
[INFO] [stdout] 
[INFO] [stdout] warning: unused imports: `CookieIdentityPolicy`, `IdentityService`, `Identity`
[INFO] [stdout]  --> src/main.rs:3:22
[INFO] [stdout]   |
[INFO] [stdout] 3 | use actix_identity::{Identity, CookieIdentityPolicy, IdentityService};
[INFO] [stdout]   |                      ^^^^^^^^  ^^^^^^^^^^^^^^^^^^^^  ^^^^^^^^^^^^^^^
[INFO] [stdout] 
[INFO] [stdout] 
[INFO] [stdout] warning: unused imports: `Deserialize`, `Serialize`
[INFO] [stdout]  --> src/auth.rs:3:13
[INFO] [stdout]   |
[INFO] [stdout] 3 | use serde::{Deserialize, Serialize};
[INFO] [stdout]   |             ^^^^^^^^^^^  ^^^^^^^^^
[INFO] [stdout] 
[INFO] [stdout] 
[INFO] [stdout] warning: unused imports: `FromRequest`, `HttpRequest`, `dev`
[INFO] [stdout]  --> src/auth.rs:4:17
[INFO] [stdout]   |
[INFO] [stdout] 4 | use actix_web::{FromRequest, HttpRequest, dev};
[INFO] [stdout]   |                 ^^^^^^^^^^^  ^^^^^^^^^^^  ^^^
[INFO] [stdout] 
[INFO] [stdout] 
[INFO] [stdout] warning: unused import: `crate::user_handlers::AuthUser`
[INFO] [stdout]  --> src/auth.rs:6:5
[INFO] [stdout]   |
[INFO] [stdout] 6 | use crate::user_handlers::AuthUser;
[INFO] [stdout]   |     ^^^^^^^^^^^^^^^^^^^^^^^^^^^^^^
[INFO] [stdout] 
[INFO] [stdout] 
[INFO] [stdout] warning: unused imports: `DEFAULT_COST`, `hash`, `verify`
[INFO] [stdout]  --> src/auth.rs:7:14
[INFO] [stdout]   |
[INFO] [stdout] 7 | use bcrypt::{DEFAULT_COST, hash, verify};
[INFO] [stdout]   |              ^^^^^^^^^^^^  ^^^^  ^^^^^^
[INFO] [stdout] 
[INFO] [stdout] 
[INFO] [stdout] warning: unused import: `hex`
[INFO] [stdout]  --> src/auth.rs:8:5
[INFO] [stdout]   |
[INFO] [stdout] 8 | use hex;
[INFO] [stdout]   |     ^^^
[INFO] [stdout] 
[INFO] [stdout] 
[INFO] [stdout] warning: unused import: `csrf_token::CsrfTokenGenerator`
[INFO] [stdout]  --> src/auth.rs:9:5
[INFO] [stdout]   |
[INFO] [stdout] 9 | use csrf_token::CsrfTokenGenerator;
[INFO] [stdout]   |     ^^^^^^^^^^^^^^^^^^^^^^^^^^^^^^
[INFO] [stdout] 
[INFO] [stdout] 
[INFO] [stdout] warning: unused import: `verify`
[INFO] [stdout]   --> src/user_handlers.rs:11:20
[INFO] [stdout]    |
[INFO] [stdout] 11 | use bcrypt::{hash, verify, DEFAULT_COST};
[INFO] [stdout]    |                    ^^^^^^
[INFO] [stdout] 
[INFO] [stdout] 
[INFO] [stdout] warning: unused imports: `NewUser`, `User`
[INFO] [stdout]  --> src/article_handlers.rs:1:21
[INFO] [stdout]   |
[INFO] [stdout] 1 | use super::models::{NewUser, User, Article, NewArticle};
[INFO] [stdout]   |                     ^^^^^^^  ^^^^
[INFO] [stdout] 
[INFO] [stdout] 
[INFO] [stdout] warning: unused import: `diesel`
[INFO] [stdout]  --> src/models.rs:4:5
[INFO] [stdout]   |
[INFO] [stdout] 4 | use diesel;
[INFO] [stdout]   |     ^^^^^^
[INFO] [stdout] 
[INFO] [stdout] 
[INFO] [stdout] warning: unused import: `ToSocketAddrs`
[INFO] [stdout]   --> src/main.rs:30:32
[INFO] [stdout]    |
[INFO] [stdout] 30 |     use std::net::{SocketAddr, ToSocketAddrs};
[INFO] [stdout]    |                                ^^^^^^^^^^^^^
[INFO] [stdout] 
[INFO] [stdout] 
[INFO] [stdout] error: cannot find derive macro `SelectableExpression` in this scope
[INFO] [stdout]   --> src/user_handlers.rs:15:53
[INFO] [stdout]    |
[INFO] [stdout] 15 | #[derive(Debug, Serialize, Deserialize, Insertable, SelectableExpression)]
[INFO] [stdout]    |                                                     ^^^^^^^^^^^^^^^^^^^^
[INFO] [stdout] 
[INFO] [stdout] 
[INFO] [stdout] error: cannot find derive macro `SelectableExpression` in this scope
[INFO] [stdout]   --> src/user_handlers.rs:33:46
[INFO] [stdout]    |
[INFO] [stdout] 33 | #[derive(Serialize, Deserialize, Insertable, SelectableExpression)]
[INFO] [stdout]    |                                              ^^^^^^^^^^^^^^^^^^^^
[INFO] [stdout] 
[INFO] [stdout] 
[INFO] [stdout] error[E0433]: failed to resolve: use of undeclared crate or module `input_users`
[INFO] [stdout]   --> src/user_handlers.rs:17:12
[INFO] [stdout]    |
[INFO] [stdout] 17 | pub struct InputUser {
[INFO] [stdout]    |            ^^^^^^^^^ use of undeclared crate or module `input_users`
[INFO] [stdout] 
[INFO] [stdout] 
[INFO] [stdout] error[E0433]: failed to resolve: use of undeclared crate or module `register_users`
[INFO] [stdout]   --> src/user_handlers.rs:34:12
[INFO] [stdout]    |
[INFO] [stdout] 34 | pub struct RegisterUser {
[INFO] [stdout]    |            ^^^^^^^^^^^^ use of undeclared crate or module `register_users`
[INFO] [stdout] 
[INFO] [stdout] 
[INFO] [stdout] error[E0433]: failed to resolve: use of undeclared crate or module `auth_users`
[INFO] [stdout]   --> src/user_handlers.rs:43:12
[INFO] [stdout]    |
[INFO] [stdout] 43 | pub struct AuthUser {
[INFO] [stdout]    |            ^^^^^^^^ use of undeclared crate or module `auth_users`
[INFO] [stdout] 
[INFO] [stdout] 
[INFO] [stdout] warning: unused imports: `http`, `middleware`
[INFO] [stdout]  --> src/main.rs:1:29
[INFO] [stdout]   |
[INFO] [stdout] 1 | use actix_web::{Error, web, http, middleware, App, HttpServer};
[INFO] [stdout]   |                             ^^^^  ^^^^^^^^^^
[INFO] [stdout]   |
[INFO] [stdout]   = note: `#[warn(unused_imports)]` on by default
[INFO] [stdout] 
[INFO] [stdout] 
[INFO] [stdout] warning: unused imports: `CookieIdentityPolicy`, `IdentityService`, `Identity`
[INFO] [stdout]  --> src/main.rs:3:22
[INFO] [stdout]   |
[INFO] [stdout] 3 | use actix_identity::{Identity, CookieIdentityPolicy, IdentityService};
[INFO] [stdout]   |                      ^^^^^^^^  ^^^^^^^^^^^^^^^^^^^^  ^^^^^^^^^^^^^^^
[INFO] [stdout] 
[INFO] [stdout] 
[INFO] [stdout] warning: unused imports: `Deserialize`, `Serialize`
[INFO] [stdout]  --> src/auth.rs:3:13
[INFO] [stdout]   |
[INFO] [stdout] 3 | use serde::{Deserialize, Serialize};
[INFO] [stdout]   |             ^^^^^^^^^^^  ^^^^^^^^^
[INFO] [stdout] 
[INFO] [stdout] 
[INFO] [stdout] warning: unused imports: `FromRequest`, `HttpRequest`, `dev`
[INFO] [stdout]  --> src/auth.rs:4:17
[INFO] [stdout]   |
[INFO] [stdout] 4 | use actix_web::{FromRequest, HttpRequest, dev};
[INFO] [stdout]   |                 ^^^^^^^^^^^  ^^^^^^^^^^^  ^^^
[INFO] [stdout] 
[INFO] [stdout] 
[INFO] [stdout] warning: unused import: `crate::user_handlers::AuthUser`
[INFO] [stdout]  --> src/auth.rs:6:5
[INFO] [stdout]   |
[INFO] [stdout] 6 | use crate::user_handlers::AuthUser;
[INFO] [stdout]   |     ^^^^^^^^^^^^^^^^^^^^^^^^^^^^^^
[INFO] [stdout] 
[INFO] [stdout] 
[INFO] [stdout] warning: unused imports: `DEFAULT_COST`, `hash`, `verify`
[INFO] [stdout]  --> src/auth.rs:7:14
[INFO] [stdout]   |
[INFO] [stdout] 7 | use bcrypt::{DEFAULT_COST, hash, verify};
[INFO] [stdout]   |              ^^^^^^^^^^^^  ^^^^  ^^^^^^
[INFO] [stdout] 
[INFO] [stdout] 
[INFO] [stdout] warning: unused import: `hex`
[INFO] [stdout]  --> src/auth.rs:8:5
[INFO] [stdout]   |
[INFO] [stdout] 8 | use hex;
[INFO] [stdout]   |     ^^^
[INFO] [stdout] 
[INFO] [stdout] 
[INFO] [stdout] warning: unused import: `csrf_token::CsrfTokenGenerator`
[INFO] [stdout]  --> src/auth.rs:9:5
[INFO] [stdout]   |
[INFO] [stdout] 9 | use csrf_token::CsrfTokenGenerator;
[INFO] [stdout]   |     ^^^^^^^^^^^^^^^^^^^^^^^^^^^^^^
[INFO] [stdout] 
[INFO] [stdout] 
[INFO] [stdout] warning: unused import: `verify`
[INFO] [stdout]   --> src/user_handlers.rs:11:20
[INFO] [stdout]    |
[INFO] [stdout] 11 | use bcrypt::{hash, verify, DEFAULT_COST};
[INFO] [stdout]    |                    ^^^^^^
[INFO] [stdout] 
[INFO] [stdout] 
[INFO] [stdout] warning: unused imports: `NewUser`, `User`
[INFO] [stdout]  --> src/article_handlers.rs:1:21
[INFO] [stdout]   |
[INFO] [stdout] 1 | use super::models::{NewUser, User, Article, NewArticle};
[INFO] [stdout]   |                     ^^^^^^^  ^^^^
[INFO] [stdout] 
[INFO] [stdout] 
[INFO] [stdout] warning: unused import: `diesel`
[INFO] [stdout]  --> src/models.rs:4:5
[INFO] [stdout]   |
[INFO] [stdout] 4 | use diesel;
[INFO] [stdout]   |     ^^^^^^
[INFO] [stdout] 
[INFO] [stdout] 
[INFO] [stdout] warning: unused import: `ToSocketAddrs`
[INFO] [stdout]   --> src/main.rs:30:32
[INFO] [stdout]    |
[INFO] [stdout] 30 |     use std::net::{SocketAddr, ToSocketAddrs};
[INFO] [stdout]    |                                ^^^^^^^^^^^^^
[INFO] [stdout] 
[INFO] [stdout] 
[INFO] [stdout] error: aborting due to 6 previous errors; 12 warnings emitted
[INFO] [stdout] 
[INFO] [stdout] 
[INFO] [stdout] Some errors have detailed explanations: E0432, E0433.
[INFO] [stdout] 
[INFO] [stdout] For more information about an error, try `rustc --explain E0432`.
[INFO] [stdout] 
[INFO] [stderr] error: could not compile `ai10cle-api` due to 7 previous errors; 12 warnings emitted
[INFO] [stderr] warning: build failed, waiting for other jobs to finish...
[INFO] [stdout] error: aborting due to 6 previous errors; 12 warnings emitted
[INFO] [stdout] 
[INFO] [stdout] 
[INFO] [stdout] Some errors have detailed explanations: E0432, E0433.
[INFO] [stdout] 
[INFO] [stdout] For more information about an error, try `rustc --explain E0432`.
[INFO] [stdout] 
[INFO] [stderr] error: build failed
[INFO] running `Command { std: "docker" "inspect" "bd775c0f53c202891b5304203fc75a6eb08378bf30abae5e9f402dc3c5b8ed89", kill_on_drop: false }`
[INFO] running `Command { std: "docker" "rm" "-f" "bd775c0f53c202891b5304203fc75a6eb08378bf30abae5e9f402dc3c5b8ed89", kill_on_drop: false }`
[INFO] [stdout] bd775c0f53c202891b5304203fc75a6eb08378bf30abae5e9f402dc3c5b8ed89
