[INFO] cloning repository https://github.com/LolzDEV/yave
[INFO] running `Command { std: "git" "-c" "credential.helper=" "-c" "credential.helper=/workspace/cargo-home/bin/git-credential-null" "clone" "--bare" "https://github.com/LolzDEV/yave" "/workspace/cache/git-repos/https%3A%2F%2Fgithub.com%2FLolzDEV%2Fyave", kill_on_drop: false }`
[INFO] [stderr] Cloning into bare repository '/workspace/cache/git-repos/https%3A%2F%2Fgithub.com%2FLolzDEV%2Fyave'...
[INFO] running `Command { std: "git" "rev-parse" "HEAD", kill_on_drop: false }`
[INFO] [stdout] e3460471539ee1798695af8133189563eb237788
[INFO] checking LolzDEV/yave against beta-2021-10-15 for beta-1.56-3
[INFO] running `Command { std: "git" "clone" "/workspace/cache/git-repos/https%3A%2F%2Fgithub.com%2FLolzDEV%2Fyave" "/workspace/builds/worker-2/source", kill_on_drop: false }`
[INFO] [stderr] Cloning into '/workspace/builds/worker-2/source'...
[INFO] [stderr] done.
[INFO] validating manifest of git repo https://github.com/LolzDEV/yave on toolchain beta-2021-10-15
[INFO] running `Command { std: "/workspace/cargo-home/bin/cargo" "+beta-2021-10-15" "metadata" "--manifest-path" "Cargo.toml" "--no-deps", kill_on_drop: false }`
[INFO] started tweaking git repo https://github.com/LolzDEV/yave
[INFO] finished tweaking git repo https://github.com/LolzDEV/yave
[INFO] tweaked toml for git repo https://github.com/LolzDEV/yave written to /workspace/builds/worker-2/source/Cargo.toml
[INFO] crate git repo https://github.com/LolzDEV/yave already has a lockfile, it will not be regenerated
[INFO] running `Command { std: "/workspace/cargo-home/bin/cargo" "+beta-2021-10-15" "fetch" "--manifest-path" "Cargo.toml", kill_on_drop: false }`
[INFO] [stderr]     Blocking waiting for file lock on package cache
[INFO] [stderr]     Blocking waiting for file lock on package cache
[INFO] [stderr]  Downloading crates ...
[INFO] [stderr]   Downloaded wasm-bindgen-macro-support v0.2.78
[INFO] [stderr]   Downloaded wasm-bindgen-shared v0.2.78
[INFO] [stderr]   Downloaded proc-macro2 v1.0.30
[INFO] [stderr]   Downloaded objc_exception v0.1.2
[INFO] [stderr]   Downloaded wasm-bindgen-backend v0.2.78
[INFO] [stderr]   Downloaded bumpalo v3.7.1
[INFO] [stderr]   Downloaded codespan-reporting v0.11.1
[INFO] [stderr]   Downloaded bytemuck_derive v1.0.1
[INFO] [stderr]   Downloaded rayon-core v1.9.1
[INFO] [stderr]   Downloaded redox_users v0.3.5
[INFO] [stderr]   Downloaded constant_time_eq v0.1.5
[INFO] [stderr]   Downloaded cc v1.0.71
[INFO] [stderr]   Downloaded quote v1.0.10
[INFO] [stderr]   Downloaded arrayref v0.3.6
[INFO] [stderr]   Downloaded minimal-lexical v0.1.4
[INFO] [stderr]   Downloaded rayon v1.5.1
[INFO] [stderr]   Downloaded termcolor v1.1.2
[INFO] [stderr]   Downloaded range-alloc v0.1.2
[INFO] [stderr]   Downloaded fxhash v0.2.1
[INFO] [stderr]   Downloaded bit-vec v0.6.3
[INFO] [stderr]   Downloaded gpu-descriptor-types v0.1.1
[INFO] [stderr]   Downloaded gpu-descriptor v0.2.1
[INFO] [stderr]   Downloaded inplace_it v0.3.3
[INFO] [stderr]   Downloaded slotmap v1.0.6
[INFO] [stderr]   Downloaded bytemuck v1.7.2
[INFO] [stderr]   Downloaded pollster v0.2.4
[INFO] [stderr]   Downloaded cgmath v0.18.0
[INFO] [stderr]   Downloaded xdg v2.3.0
[INFO] [stderr]   Downloaded core-foundation-sys v0.8.3
[INFO] [stderr]   Downloaded wasm-bindgen-futures v0.4.28
[INFO] [stderr]   Downloaded unicode-width v0.1.9
[INFO] [stderr]   Downloaded d3d12 v0.4.1
[INFO] [stderr]   Downloaded bit-set v0.5.2
[INFO] [stderr]   Downloaded cfg_aliases v0.1.1
[INFO] [stderr]   Downloaded js-sys v0.3.55
[INFO] [stderr]   Downloaded wasm-bindgen v0.2.78
[INFO] [stderr]   Downloaded approx v0.4.0
[INFO] [stderr]   Downloaded dirs v1.0.5
[INFO] [stderr]   Downloaded thiserror v1.0.30
[INFO] [stderr]   Downloaded core-foundation v0.9.2
[INFO] [stderr]   Downloaded blake2b_simd v0.5.11
[INFO] [stderr]   Downloaded gpu-alloc-types v0.2.0
[INFO] [stderr]   Downloaded libloading v0.7.1
[INFO] [stderr]   Downloaded gpu-alloc v0.5.2
[INFO] [stderr]   Downloaded khronos-egl v4.1.0
[INFO] [stderr]   Downloaded arrayvec v0.7.1
[INFO] [stderr]   Downloaded spirv v0.2.0+1.5.4
[INFO] [stderr]   Downloaded hexf-parse v0.2.1
[INFO] [stderr]   Downloaded wgpu-types v0.11.0
[INFO] [stderr]   Downloaded wgpu v0.11.0
[INFO] [stderr]   Downloaded renderdoc-sys v0.7.1
[INFO] [stderr]   Downloaded thiserror-impl v1.0.30
[INFO] [stderr]   Downloaded syn v1.0.80
[INFO] [stderr]   Downloaded wasm-bindgen-macro v0.2.78
[INFO] [stderr]   Downloaded glow v0.11.0
[INFO] [stderr]   Downloaded wgpu-core v0.11.0
[INFO] [stderr]   Downloaded rust-argon2 v0.8.3
[INFO] [stderr]   Downloaded copyless v0.1.5
[INFO] [stderr]   Downloaded wgpu-hal v0.11.2
[INFO] [stderr]   Downloaded web-sys v0.3.55
[INFO] [stderr]   Downloaded ash v0.33.3+1.2.191
[INFO] [stderr]   Downloaded naga v0.7.1
[INFO] [stderr]   Downloaded metal v0.23.1
[INFO] [stderr]   Downloaded profiling v1.0.3
[INFO] running `Command { std: "docker" "create" "-v" "/var/lib/crater-agent-workspace/builds/worker-2/target:/opt/rustwide/target:rw,Z" "-v" "/var/lib/crater-agent-workspace/builds/worker-2/source:/opt/rustwide/workdir:ro,Z" "-v" "/var/lib/crater-agent-workspace/cargo-home:/opt/rustwide/cargo-home:ro,Z" "-v" "/var/lib/crater-agent-workspace/rustup-home:/opt/rustwide/rustup-home:ro,Z" "-e" "SOURCE_DIR=/opt/rustwide/workdir" "-e" "CARGO_TARGET_DIR=/opt/rustwide/target" "-e" "CARGO_HOME=/opt/rustwide/cargo-home" "-e" "RUSTUP_HOME=/opt/rustwide/rustup-home" "-w" "/opt/rustwide/workdir" "-m" "1610612736" "--user" "0:0" "--network" "none" "ghcr.io/rust-lang/crates-build-env/linux@sha256:a89201d6b5b9fd45c15d5952ece0a0129e7e80cb26ec023fd59cf09bc26f1604" "/opt/rustwide/cargo-home/bin/cargo" "+beta-2021-10-15" "metadata" "--no-deps" "--format-version=1", kill_on_drop: false }`
[INFO] [stdout] 3f7c88c1d67df2a7b73c47bc6988bf500486ac61a192a0c7c628e940138e1e4d
[INFO] running `Command { std: "docker" "start" "-a" "3f7c88c1d67df2a7b73c47bc6988bf500486ac61a192a0c7c628e940138e1e4d", kill_on_drop: false }`
[INFO] running `Command { std: "docker" "inspect" "3f7c88c1d67df2a7b73c47bc6988bf500486ac61a192a0c7c628e940138e1e4d", kill_on_drop: false }`
[INFO] running `Command { std: "docker" "rm" "-f" "3f7c88c1d67df2a7b73c47bc6988bf500486ac61a192a0c7c628e940138e1e4d", kill_on_drop: false }`
[INFO] [stdout] 3f7c88c1d67df2a7b73c47bc6988bf500486ac61a192a0c7c628e940138e1e4d
[INFO] running `Command { std: "docker" "create" "-v" "/var/lib/crater-agent-workspace/builds/worker-2/target:/opt/rustwide/target:rw,Z" "-v" "/var/lib/crater-agent-workspace/builds/worker-2/source:/opt/rustwide/workdir:ro,Z" "-v" "/var/lib/crater-agent-workspace/cargo-home:/opt/rustwide/cargo-home:ro,Z" "-v" "/var/lib/crater-agent-workspace/rustup-home:/opt/rustwide/rustup-home:ro,Z" "-e" "SOURCE_DIR=/opt/rustwide/workdir" "-e" "CARGO_TARGET_DIR=/opt/rustwide/target" "-e" "CARGO_INCREMENTAL=0" "-e" "RUST_BACKTRACE=full" "-e" "RUSTFLAGS=--cap-lints=warn" "-e" "CARGO_HOME=/opt/rustwide/cargo-home" "-e" "RUSTUP_HOME=/opt/rustwide/rustup-home" "-w" "/opt/rustwide/workdir" "-m" "1610612736" "--user" "0:0" "--network" "none" "ghcr.io/rust-lang/crates-build-env/linux@sha256:a89201d6b5b9fd45c15d5952ece0a0129e7e80cb26ec023fd59cf09bc26f1604" "/opt/rustwide/cargo-home/bin/cargo" "+beta-2021-10-15" "check" "--frozen" "--all" "--all-targets" "--message-format=json", kill_on_drop: false }`
[INFO] [stdout] 88f5056bf57fb6d31e7ef80bea6173b2ddc979ceb97d6ed9877ebe6efffab571
[INFO] running `Command { std: "docker" "start" "-a" "88f5056bf57fb6d31e7ef80bea6173b2ddc979ceb97d6ed9877ebe6efffab571", kill_on_drop: false }`
[INFO] [stderr]     Blocking waiting for file lock on package cache
[INFO] [stderr]    Compiling libc v0.2.103
[INFO] [stderr]    Compiling proc-macro2 v1.0.30
[INFO] [stderr]    Compiling crossbeam-utils v0.8.5
[INFO] [stderr]    Compiling pkg-config v0.3.20
[INFO] [stderr]    Compiling crossbeam-epoch v0.9.5
[INFO] [stderr]     Checking smallvec v1.7.0
[INFO] [stderr]    Compiling syn v1.0.80
[INFO] [stderr]    Compiling xml-rs v0.8.4
[INFO] [stderr]    Compiling rayon-core v1.9.1
[INFO] [stderr]    Compiling parking_lot_core v0.8.5
[INFO] [stderr]    Compiling memchr v2.4.1
[INFO] [stderr]     Checking once_cell v1.8.0
[INFO] [stderr]     Checking bit-vec v0.6.3
[INFO] [stderr]     Checking minimal-lexical v0.1.4
[INFO] [stderr]    Compiling crossbeam-queue v0.3.2
[INFO] [stderr]     Checking termcolor v1.1.2
[INFO] [stderr]     Checking scoped-tls v1.0.0
[INFO] [stderr]     Checking unicode-width v0.1.9
[INFO] [stderr]     Checking ttf-parser v0.6.2
[INFO] [stderr]    Compiling khronos-egl v4.1.0
[INFO] [stderr]     Checking ab_glyph_rasterizer v0.1.4
[INFO] [stderr]    Compiling cfg_aliases v0.1.1
[INFO] [stderr]     Checking hexf-parse v0.2.1
[INFO] [stderr]     Checking weezl v0.1.5
[INFO] [stderr]     Checking renderdoc-sys v0.7.1
[INFO] [stderr]     Checking arrayvec v0.7.1
[INFO] [stderr]     Checking inplace_it v0.3.3
[INFO] [stderr]     Checking profiling v1.0.3
[INFO] [stderr]     Checking glow v0.11.0
[INFO] [stderr]    Compiling cgmath v0.18.0
[INFO] [stderr]    Compiling winit v0.25.0
[INFO] [stderr]     Checking pollster v0.2.4
[INFO] [stderr]    Compiling memoffset v0.6.4
[INFO] [stderr]    Compiling rayon v1.5.1
[INFO] [stderr]    Compiling miniz_oxide v0.4.4
[INFO] [stderr]     Checking libloading v0.7.1
[INFO] [stderr]    Compiling nom v7.0.0
[INFO] [stderr]     Checking instant v0.1.11
[INFO] [stderr]     Checking lock_api v0.4.5
[INFO] [stderr]     Checking gpu-descriptor-types v0.1.1
[INFO] [stderr]    Compiling nix v0.18.0
[INFO] [stderr]     Checking gpu-alloc-types v0.2.0
[INFO] [stderr]     Checking fxhash v0.2.1
[INFO] [stderr]     Checking wgpu-types v0.11.0
[INFO] [stderr]     Checking libloading v0.6.7
[INFO] [stderr]     Checking spirv v0.2.0+1.5.4
[INFO] [stderr]     Checking approx v0.4.0
[INFO] [stderr]     Checking gpu-descriptor v0.2.1
[INFO] [stderr]     Checking dlib v0.4.2
[INFO] [stderr]    Compiling wgpu-core v0.11.0
[INFO] [stderr]     Checking codespan-reporting v0.11.1
[INFO] [stderr]     Checking bit-set v0.5.2
[INFO] [stderr]     Checking gpu-alloc v0.5.2
[INFO] [stderr]     Checking dlib v0.5.0
[INFO] [stderr]     Checking owned_ttf_parser v0.6.0
[INFO] [stderr]     Checking ash v0.33.3+1.2.191
[INFO] [stderr]     Checking gif v0.11.2
[INFO] [stderr]    Compiling wayland-sys v0.28.6
[INFO] [stderr]    Compiling x11-dl v2.19.1
[INFO] [stderr]     Checking rusttype v0.9.2
[INFO] [stderr]     Checking crossbeam-channel v0.5.1
[INFO] [stderr]    Compiling quote v1.0.10
[INFO] [stderr]     Checking crossbeam-deque v0.8.1
[INFO] [stderr]     Checking xcursor v0.3.4
[INFO] [stderr]     Checking nix v0.20.0
[INFO] [stderr]     Checking num_cpus v1.13.0
[INFO] [stderr]     Checking raw-window-handle v0.3.3
[INFO] [stderr]     Checking dirs v1.0.5
[INFO] [stderr]     Checking mio v0.7.13
[INFO] [stderr]     Checking memmap2 v0.1.0
[INFO] [stderr]    Compiling wayland-scanner v0.28.6
[INFO] [stderr]     Checking crossbeam v0.8.1
[INFO] [stderr]     Checking xdg v2.3.0
[INFO] [stderr]     Checking parking_lot v0.11.2
[INFO] [stderr]     Checking mio-misc v1.2.1
[INFO] [stderr]     Checking andrew v0.3.1
[INFO] [stderr]    Compiling wayland-client v0.28.6
[INFO] [stderr]    Compiling wayland-protocols v0.28.6
[INFO] [stderr]     Checking wayland-commons v0.28.6
[INFO] [stderr]    Compiling thiserror-impl v1.0.30
[INFO] [stderr]    Compiling bytemuck_derive v1.0.1
[INFO] [stderr]     Checking jpeg-decoder v0.1.22
[INFO] [stderr]     Checking calloop v0.6.5
[INFO] [stderr]     Checking tiff v0.6.1
[INFO] [stderr]     Checking bytemuck v1.7.2
[INFO] [stderr]     Checking image v0.23.14
[INFO] [stderr]     Checking wayland-cursor v0.28.6
[INFO] [stderr]     Checking thiserror v1.0.30
[INFO] [stderr]     Checking naga v0.7.1
[INFO] [stderr]     Checking wgpu-hal v0.11.2
[INFO] [stderr]     Checking wgpu v0.11.0
[INFO] [stderr]     Checking smithay-client-toolkit v0.12.3
[INFO] [stderr]     Checking yave v0.1.0 (/opt/rustwide/workdir)
[INFO] [stdout] error[E0597]: `vertex_buffer` does not live long enough
[INFO] [stdout]    --> src/game.rs:265:17
[INFO] [stdout]     |
[INFO] [stdout] 265 |                 &vertex_buffer,
[INFO] [stdout]     |                 ^^^^^^^^^^^^^^ borrowed value does not live long enough
[INFO] [stdout] ...
[INFO] [stdout] 271 |         }
[INFO] [stdout]     |         - `vertex_buffer` dropped here while still borrowed
[INFO] [stdout] ...
[INFO] [stdout] 279 |     }
[INFO] [stdout]     |     - borrow might be used here, when `render_pass` is dropped and runs the `Drop` code for type `RenderPass`
[INFO] [stdout]     |
[INFO] [stdout]     = note: values in a scope are dropped in the opposite order they are defined
[INFO] [stdout] 
[INFO] [stdout] 
[INFO] [stdout] error[E0597]: `index_buffer` does not live long enough
[INFO] [stdout]    --> src/game.rs:266:17
[INFO] [stdout]     |
[INFO] [stdout] 266 |                 &index_buffer,
[INFO] [stdout]     |                 ^^^^^^^^^^^^^ borrowed value does not live long enough
[INFO] [stdout] ...
[INFO] [stdout] 271 |         }
[INFO] [stdout]     |         - `index_buffer` dropped here while still borrowed
[INFO] [stdout] ...
[INFO] [stdout] 279 |     }
[INFO] [stdout]     |     - borrow might be used here, when `render_pass` is dropped and runs the `Drop` code for type `RenderPass`
[INFO] [stdout]     |
[INFO] [stdout]     = note: values in a scope are dropped in the opposite order they are defined
[INFO] [stdout] 
[INFO] [stdout] 
[INFO] [stdout] error[E0597]: `transform_bind_group` does not live long enough
[INFO] [stdout]    --> src/game.rs:269:17
[INFO] [stdout]     |
[INFO] [stdout] 269 |                 &transform_bind_group,
[INFO] [stdout]     |                 ^^^^^^^^^^^^^^^^^^^^^ borrowed value does not live long enough
[INFO] [stdout] 270 |             );
[INFO] [stdout] 271 |         }
[INFO] [stdout]     |         - `transform_bind_group` dropped here while still borrowed
[INFO] [stdout] ...
[INFO] [stdout] 279 |     }
[INFO] [stdout]     |     - borrow might be used here, when `render_pass` is dropped and runs the `Drop` code for type `RenderPass`
[INFO] [stdout]     |
[INFO] [stdout]     = note: values in a scope are dropped in the opposite order they are defined
[INFO] [stdout] 
[INFO] [stdout] 
[INFO] [stdout] error: aborting due to 3 previous errors
[INFO] [stdout] 
[INFO] [stdout] 
[INFO] [stdout] For more information about this error, try `rustc --explain E0597`.
[INFO] [stdout] 
[INFO] [stderr] error: could not compile `yave` due to 4 previous errors
[INFO] [stderr] warning: build failed, waiting for other jobs to finish...
[INFO] [stdout] error[E0597]: `vertex_buffer` does not live long enough
[INFO] [stdout]    --> src/game.rs:265:17
[INFO] [stdout]     |
[INFO] [stdout] 265 |                 &vertex_buffer,
[INFO] [stdout]     |                 ^^^^^^^^^^^^^^ borrowed value does not live long enough
[INFO] [stdout] ...
[INFO] [stdout] 271 |         }
[INFO] [stdout]     |         - `vertex_buffer` dropped here while still borrowed
[INFO] [stdout] ...
[INFO] [stdout] 279 |     }
[INFO] [stdout]     |     - borrow might be used here, when `render_pass` is dropped and runs the `Drop` code for type `RenderPass`
[INFO] [stdout]     |
[INFO] [stdout]     = note: values in a scope are dropped in the opposite order they are defined
[INFO] [stdout] 
[INFO] [stdout] 
[INFO] [stdout] error[E0597]: `index_buffer` does not live long enough
[INFO] [stdout]    --> src/game.rs:266:17
[INFO] [stdout]     |
[INFO] [stdout] 266 |                 &index_buffer,
[INFO] [stdout]     |                 ^^^^^^^^^^^^^ borrowed value does not live long enough
[INFO] [stdout] ...
[INFO] [stdout] 271 |         }
[INFO] [stdout]     |         - `index_buffer` dropped here while still borrowed
[INFO] [stdout] ...
[INFO] [stdout] 279 |     }
[INFO] [stdout]     |     - borrow might be used here, when `render_pass` is dropped and runs the `Drop` code for type `RenderPass`
[INFO] [stdout]     |
[INFO] [stdout]     = note: values in a scope are dropped in the opposite order they are defined
[INFO] [stdout] 
[INFO] [stdout] 
[INFO] [stdout] error[E0597]: `transform_bind_group` does not live long enough
[INFO] [stdout]    --> src/game.rs:269:17
[INFO] [stdout]     |
[INFO] [stdout] 269 |                 &transform_bind_group,
[INFO] [stdout]     |                 ^^^^^^^^^^^^^^^^^^^^^ borrowed value does not live long enough
[INFO] [stdout] 270 |             );
[INFO] [stdout] 271 |         }
[INFO] [stdout]     |         - `transform_bind_group` dropped here while still borrowed
[INFO] [stdout] ...
[INFO] [stdout] 279 |     }
[INFO] [stdout]     |     - borrow might be used here, when `render_pass` is dropped and runs the `Drop` code for type `RenderPass`
[INFO] [stdout]     |
[INFO] [stdout]     = note: values in a scope are dropped in the opposite order they are defined
[INFO] [stdout] 
[INFO] [stdout] 
[INFO] [stdout] error: aborting due to 3 previous errors
[INFO] [stdout] 
[INFO] [stdout] 
[INFO] [stdout] For more information about this error, try `rustc --explain E0597`.
[INFO] [stdout] 
[INFO] [stderr] error: build failed
[INFO] running `Command { std: "docker" "inspect" "88f5056bf57fb6d31e7ef80bea6173b2ddc979ceb97d6ed9877ebe6efffab571", kill_on_drop: false }`
[INFO] running `Command { std: "docker" "rm" "-f" "88f5056bf57fb6d31e7ef80bea6173b2ddc979ceb97d6ed9877ebe6efffab571", kill_on_drop: false }`
[INFO] [stdout] 88f5056bf57fb6d31e7ef80bea6173b2ddc979ceb97d6ed9877ebe6efffab571
