[INFO] cloning repository https://github.com/Lolirofle/simple_keyboard_instrument
[INFO] running `Command { std: "git" "-c" "credential.helper=" "-c" "credential.helper=/workspace/cargo-home/bin/git-credential-null" "clone" "--bare" "https://github.com/Lolirofle/simple_keyboard_instrument" "/workspace/cache/git-repos/https%3A%2F%2Fgithub.com%2FLolirofle%2Fsimple_keyboard_instrument", kill_on_drop: false }`
[INFO] [stderr] Cloning into bare repository '/workspace/cache/git-repos/https%3A%2F%2Fgithub.com%2FLolirofle%2Fsimple_keyboard_instrument'...
[INFO] running `Command { std: "git" "rev-parse" "HEAD", kill_on_drop: false }`
[INFO] [stdout] 780dbcc320985eb776e39f469b3e36336bdd6790
[INFO] checking Lolirofle/simple_keyboard_instrument against beta-2021-10-15 for beta-1.56-3
[INFO] running `Command { std: "git" "clone" "/workspace/cache/git-repos/https%3A%2F%2Fgithub.com%2FLolirofle%2Fsimple_keyboard_instrument" "/workspace/builds/worker-25/source", kill_on_drop: false }`
[INFO] [stderr] Cloning into '/workspace/builds/worker-25/source'...
[INFO] [stderr] done.
[INFO] validating manifest of git repo https://github.com/Lolirofle/simple_keyboard_instrument on toolchain beta-2021-10-15
[INFO] running `Command { std: "/workspace/cargo-home/bin/cargo" "+beta-2021-10-15" "metadata" "--manifest-path" "Cargo.toml" "--no-deps", kill_on_drop: false }`
[INFO] started tweaking git repo https://github.com/Lolirofle/simple_keyboard_instrument
[INFO] finished tweaking git repo https://github.com/Lolirofle/simple_keyboard_instrument
[INFO] tweaked toml for git repo https://github.com/Lolirofle/simple_keyboard_instrument written to /workspace/builds/worker-25/source/Cargo.toml
[INFO] crate git repo https://github.com/Lolirofle/simple_keyboard_instrument already has a lockfile, it will not be regenerated
[INFO] running `Command { std: "/workspace/cargo-home/bin/cargo" "+beta-2021-10-15" "fetch" "--manifest-path" "Cargo.toml", kill_on_drop: false }`
[INFO] [stderr]     Blocking waiting for file lock on package cache
[INFO] [stderr]     Blocking waiting for file lock on package cache
[INFO] running `Command { std: "docker" "create" "-v" "/var/lib/crater-agent-workspace/builds/worker-25/target:/opt/rustwide/target:rw,Z" "-v" "/var/lib/crater-agent-workspace/builds/worker-25/source:/opt/rustwide/workdir:ro,Z" "-v" "/var/lib/crater-agent-workspace/cargo-home:/opt/rustwide/cargo-home:ro,Z" "-v" "/var/lib/crater-agent-workspace/rustup-home:/opt/rustwide/rustup-home:ro,Z" "-e" "SOURCE_DIR=/opt/rustwide/workdir" "-e" "CARGO_TARGET_DIR=/opt/rustwide/target" "-e" "CARGO_HOME=/opt/rustwide/cargo-home" "-e" "RUSTUP_HOME=/opt/rustwide/rustup-home" "-w" "/opt/rustwide/workdir" "-m" "1610612736" "--user" "0:0" "--network" "none" "ghcr.io/rust-lang/crates-build-env/linux@sha256:a89201d6b5b9fd45c15d5952ece0a0129e7e80cb26ec023fd59cf09bc26f1604" "/opt/rustwide/cargo-home/bin/cargo" "+beta-2021-10-15" "metadata" "--no-deps" "--format-version=1", kill_on_drop: false }`
[INFO] [stdout] 82e608e29d1e417000677c04d742857259c3dcd1ca1c3d5494c7a27cce6b9c96
[INFO] running `Command { std: "docker" "start" "-a" "82e608e29d1e417000677c04d742857259c3dcd1ca1c3d5494c7a27cce6b9c96", kill_on_drop: false }`
[INFO] running `Command { std: "docker" "inspect" "82e608e29d1e417000677c04d742857259c3dcd1ca1c3d5494c7a27cce6b9c96", kill_on_drop: false }`
[INFO] running `Command { std: "docker" "rm" "-f" "82e608e29d1e417000677c04d742857259c3dcd1ca1c3d5494c7a27cce6b9c96", kill_on_drop: false }`
[INFO] [stdout] 82e608e29d1e417000677c04d742857259c3dcd1ca1c3d5494c7a27cce6b9c96
[INFO] running `Command { std: "docker" "create" "-v" "/var/lib/crater-agent-workspace/builds/worker-25/target:/opt/rustwide/target:rw,Z" "-v" "/var/lib/crater-agent-workspace/builds/worker-25/source:/opt/rustwide/workdir:ro,Z" "-v" "/var/lib/crater-agent-workspace/cargo-home:/opt/rustwide/cargo-home:ro,Z" "-v" "/var/lib/crater-agent-workspace/rustup-home:/opt/rustwide/rustup-home:ro,Z" "-e" "SOURCE_DIR=/opt/rustwide/workdir" "-e" "CARGO_TARGET_DIR=/opt/rustwide/target" "-e" "CARGO_INCREMENTAL=0" "-e" "RUST_BACKTRACE=full" "-e" "RUSTFLAGS=--cap-lints=warn" "-e" "CARGO_HOME=/opt/rustwide/cargo-home" "-e" "RUSTUP_HOME=/opt/rustwide/rustup-home" "-w" "/opt/rustwide/workdir" "-m" "1610612736" "--user" "0:0" "--network" "none" "ghcr.io/rust-lang/crates-build-env/linux@sha256:a89201d6b5b9fd45c15d5952ece0a0129e7e80cb26ec023fd59cf09bc26f1604" "/opt/rustwide/cargo-home/bin/cargo" "+beta-2021-10-15" "check" "--frozen" "--all" "--all-targets" "--message-format=json", kill_on_drop: false }`
[INFO] [stdout] bc190b36825dbc64a76a0f053b0333303e0896d63aeddac09de801e9f41b4657
[INFO] running `Command { std: "docker" "start" "-a" "bc190b36825dbc64a76a0f053b0333303e0896d63aeddac09de801e9f41b4657", kill_on_drop: false }`
[INFO] [stderr]     Blocking waiting for file lock on package cache
[INFO] [stderr]    Compiling libc v0.2.48
[INFO] [stderr]     Checking rand_core v0.4.0
[INFO] [stderr]    Compiling proc-macro2 v0.4.26
[INFO] [stderr]    Compiling autocfg v0.1.2
[INFO] [stderr]    Compiling cc v1.0.28
[INFO] [stderr]     Checking lazy_static v1.2.0
[INFO] [stderr]    Compiling byteorder v1.3.1
[INFO] [stderr]    Compiling nix v0.12.0
[INFO] [stderr]     Checking cfg-if v0.1.6
[INFO] [stderr]    Compiling arrayvec v0.4.10
[INFO] [stderr]     Checking downcast-rs v1.0.3
[INFO] [stderr]     Checking same-file v1.0.4
[INFO] [stderr]     Checking unreachable v1.0.0
[INFO] [stderr]     Checking owning_ref v0.4.0
[INFO] [stderr]    Compiling alsa-sys v0.1.2
[INFO] [stderr]    Compiling x11-dl v2.18.3
[INFO] [stderr]    Compiling rand_pcg v0.1.1
[INFO] [stderr]     Checking approx v0.3.1
[INFO] [stderr]    Compiling parking_lot_core v0.4.0
[INFO] [stderr]     Checking ordered-float v1.0.1
[INFO] [stderr]     Checking line_drawing v0.7.0
[INFO] [stderr]     Checking log v0.4.6
[INFO] [stderr]     Checking rand_core v0.3.1
[INFO] [stderr]     Checking rand_jitter v0.1.0
[INFO] [stderr]     Checking lock_api v0.1.5
[INFO] [stderr]     Checking walkdir v2.2.7
[INFO] [stderr]     Checking smallvec v0.6.8
[INFO] [stderr]     Checking rand_hc v0.1.0
[INFO] [stderr]     Checking rand_xorshift v0.1.1
[INFO] [stderr]     Checking rand_isaac v0.1.1
[INFO] [stderr]    Compiling rand_chacha v0.1.1
[INFO] [stderr]    Compiling rand v0.6.5
[INFO] [stderr]     Checking stb_truetype v0.2.5
[INFO] [stderr]     Checking rand_os v0.1.1
[INFO] [stderr]     Checking memmap v0.7.0
[INFO] [stderr]    Compiling quote v0.6.11
[INFO] [stderr]    Compiling libloading v0.5.0
[INFO] [stderr]    Compiling wayland-scanner v0.21.11
[INFO] [stderr]     Checking rusttype v0.7.3
[INFO] [stderr]     Checking cpal v0.8.2
[INFO] [stderr]     Checking andrew v0.1.6
[INFO] [stderr]     Checking dlib v0.4.1
[INFO] [stderr]     Checking wayland-sys v0.21.11
[INFO] [stderr]     Checking parking_lot v0.7.1
[INFO] [stderr]    Compiling wayland-client v0.21.11
[INFO] [stderr]    Compiling wayland-protocols v0.21.11
[INFO] [stderr]     Checking wayland-commons v0.21.11
[INFO] [stderr]     Checking smithay-client-toolkit v0.4.4
[INFO] [stderr]     Checking winit v0.18.1
[INFO] [stderr]     Checking keyboard_piano v0.1.0 (/opt/rustwide/workdir)
[INFO] [stdout] error[E0554]: `#![feature]` may not be used on the beta release channel
[INFO] [stdout]  --> src/main.rs:1:1
[INFO] [stdout]   |
[INFO] [stdout] 1 | #![feature(type_ascription)]
[INFO] [stdout]   | ^^^^^^^^^^^^^^^^^^^^^^^^^^^^
[INFO] [stdout] 
[INFO] [stdout] 
[INFO] [stdout] warning: unused import: `HashSet`
[INFO] [stdout]  --> src/main.rs:6:32
[INFO] [stdout]   |
[INFO] [stdout] 6 | use std::collections::{HashMap,HashSet};
[INFO] [stdout]   |                                ^^^^^^^
[INFO] [stdout]   |
[INFO] [stdout]   = note: `#[warn(unused_imports)]` on by default
[INFO] [stdout] 
[INFO] [stdout] 
[INFO] [stdout] error[E0554]: `#![feature]` may not be used on the beta release channel
[INFO] [stdout]  --> src/main.rs:1:1
[INFO] [stdout]   |
[INFO] [stdout] 1 | #![feature(type_ascription)]
[INFO] [stdout]   | ^^^^^^^^^^^^^^^^^^^^^^^^^^^^
[INFO] [stdout] 
[INFO] [stdout] 
[INFO] [stdout] warning: unused import: `HashSet`
[INFO] [stdout]  --> src/main.rs:6:32
[INFO] [stdout]   |
[INFO] [stdout] 6 | use std::collections::{HashMap,HashSet};
[INFO] [stdout]   |                                ^^^^^^^
[INFO] [stdout]   |
[INFO] [stdout]   = note: `#[warn(unused_imports)]` on by default
[INFO] [stdout] 
[INFO] [stdout] 
[INFO] [stdout] error[E0599]: no variant or associated item named `F64` found for enum `UnknownTypeOutputBuffer` in the current scope
[INFO] [stdout]    --> src/main.rs:106:38
[INFO] [stdout]     |
[INFO] [stdout] 106 |                         cpal::UnknownTypeOutputBuffer::F64(mut buffer) => {
[INFO] [stdout]     |                                                        ^^^ variant or associated item not found in `UnknownTypeOutputBuffer<'_>`
[INFO] [stdout] 
[INFO] [stdout] 
[INFO] [stdout] error[E0599]: no variant or associated item named `F64` found for enum `UnknownTypeOutputBuffer` in the current scope
[INFO] [stdout]    --> src/main.rs:106:38
[INFO] [stdout]     |
[INFO] [stdout] 106 |                         cpal::UnknownTypeOutputBuffer::F64(mut buffer) => {
[INFO] [stdout]     |                                                        ^^^ variant or associated item not found in `UnknownTypeOutputBuffer<'_>`
[INFO] [stdout] 
[INFO] [stdout] 
[INFO] [stdout] error: aborting due to 2 previous errors; 1 warning emitted
[INFO] [stdout] 
[INFO] [stdout] 
[INFO] [stderr] error: could not compile `keyboard_piano` due to 3 previous errors; 1 warning emitted
[INFO] [stdout] Some errors have detailed explanations: E0554, E0599.
[INFO] [stdout] 
[INFO] [stderr] warning: build failed, waiting for other jobs to finish...
[INFO] [stdout] error: aborting due to 2 previous errors; 1 warning emitted
[INFO] [stdout] 
[INFO] [stdout] 
[INFO] [stdout] For more information about an error, try `rustc --explain E0554`.
[INFO] [stdout] 
[INFO] [stdout] Some errors have detailed explanations: E0554, E0599.
[INFO] [stdout] 
[INFO] [stdout] For more information about an error, try `rustc --explain E0554`.
[INFO] [stdout] 
[INFO] [stderr] error: build failed
[INFO] running `Command { std: "docker" "inspect" "bc190b36825dbc64a76a0f053b0333303e0896d63aeddac09de801e9f41b4657", kill_on_drop: false }`
[INFO] running `Command { std: "docker" "rm" "-f" "bc190b36825dbc64a76a0f053b0333303e0896d63aeddac09de801e9f41b4657", kill_on_drop: false }`
[INFO] [stdout] bc190b36825dbc64a76a0f053b0333303e0896d63aeddac09de801e9f41b4657
