[INFO] cloning repository https://github.com/Liegia/roguelike-rs
[INFO] running `Command { std: "git" "-c" "credential.helper=" "-c" "credential.helper=/workspace/cargo-home/bin/git-credential-null" "clone" "--bare" "https://github.com/Liegia/roguelike-rs" "/workspace/cache/git-repos/https%3A%2F%2Fgithub.com%2FLiegia%2Froguelike-rs", kill_on_drop: false }`
[INFO] [stderr] Cloning into bare repository '/workspace/cache/git-repos/https%3A%2F%2Fgithub.com%2FLiegia%2Froguelike-rs'...
[INFO] running `Command { std: "git" "rev-parse" "HEAD", kill_on_drop: false }`
[INFO] [stdout] 8aa9f8d493cebffe97b0d332bb030eaaed8bb1a2
[INFO] checking Liegia/roguelike-rs against 1.55.0 for beta-1.56-3
[INFO] running `Command { std: "git" "clone" "/workspace/cache/git-repos/https%3A%2F%2Fgithub.com%2FLiegia%2Froguelike-rs" "/workspace/builds/worker-8/source", kill_on_drop: false }`
[INFO] [stderr] Cloning into '/workspace/builds/worker-8/source'...
[INFO] [stderr] done.
[INFO] validating manifest of git repo https://github.com/Liegia/roguelike-rs on toolchain 1.55.0
[INFO] running `Command { std: "/workspace/cargo-home/bin/cargo" "+1.55.0" "metadata" "--manifest-path" "Cargo.toml" "--no-deps", kill_on_drop: false }`
[INFO] started tweaking git repo https://github.com/Liegia/roguelike-rs
[INFO] finished tweaking git repo https://github.com/Liegia/roguelike-rs
[INFO] tweaked toml for git repo https://github.com/Liegia/roguelike-rs written to /workspace/builds/worker-8/source/Cargo.toml
[INFO] crate git repo https://github.com/Liegia/roguelike-rs already has a lockfile, it will not be regenerated
[INFO] running `Command { std: "/workspace/cargo-home/bin/cargo" "+1.55.0" "fetch" "--manifest-path" "Cargo.toml", kill_on_drop: false }`
[INFO] [stderr]     Blocking waiting for file lock on package cache
[INFO] [stderr]     Blocking waiting for file lock on package cache
[INFO] [stderr]  Downloading crates ...
[INFO] [stderr]   Downloaded tcod v0.15.0
[INFO] [stderr]   Downloaded tcod-sys v5.0.1
[INFO] running `Command { std: "docker" "create" "-v" "/var/lib/crater-agent-workspace/builds/worker-8/target:/opt/rustwide/target:rw,Z" "-v" "/var/lib/crater-agent-workspace/builds/worker-8/source:/opt/rustwide/workdir:ro,Z" "-v" "/var/lib/crater-agent-workspace/cargo-home:/opt/rustwide/cargo-home:ro,Z" "-v" "/var/lib/crater-agent-workspace/rustup-home:/opt/rustwide/rustup-home:ro,Z" "-e" "SOURCE_DIR=/opt/rustwide/workdir" "-e" "CARGO_TARGET_DIR=/opt/rustwide/target" "-e" "CARGO_HOME=/opt/rustwide/cargo-home" "-e" "RUSTUP_HOME=/opt/rustwide/rustup-home" "-w" "/opt/rustwide/workdir" "-m" "1610612736" "--user" "0:0" "--network" "none" "ghcr.io/rust-lang/crates-build-env/linux@sha256:a89201d6b5b9fd45c15d5952ece0a0129e7e80cb26ec023fd59cf09bc26f1604" "/opt/rustwide/cargo-home/bin/cargo" "+1.55.0" "metadata" "--no-deps" "--format-version=1", kill_on_drop: false }`
[INFO] [stdout] b93f7e645d959050a4aa3b5131334c54e5ba0d5ad42da1774175cca63997c4cc
[INFO] running `Command { std: "docker" "start" "-a" "b93f7e645d959050a4aa3b5131334c54e5ba0d5ad42da1774175cca63997c4cc", kill_on_drop: false }`
[INFO] running `Command { std: "docker" "inspect" "b93f7e645d959050a4aa3b5131334c54e5ba0d5ad42da1774175cca63997c4cc", kill_on_drop: false }`
[INFO] running `Command { std: "docker" "rm" "-f" "b93f7e645d959050a4aa3b5131334c54e5ba0d5ad42da1774175cca63997c4cc", kill_on_drop: false }`
[INFO] [stdout] b93f7e645d959050a4aa3b5131334c54e5ba0d5ad42da1774175cca63997c4cc
[INFO] running `Command { std: "docker" "create" "-v" "/var/lib/crater-agent-workspace/builds/worker-8/target:/opt/rustwide/target:rw,Z" "-v" "/var/lib/crater-agent-workspace/builds/worker-8/source:/opt/rustwide/workdir:ro,Z" "-v" "/var/lib/crater-agent-workspace/cargo-home:/opt/rustwide/cargo-home:ro,Z" "-v" "/var/lib/crater-agent-workspace/rustup-home:/opt/rustwide/rustup-home:ro,Z" "-e" "SOURCE_DIR=/opt/rustwide/workdir" "-e" "CARGO_TARGET_DIR=/opt/rustwide/target" "-e" "CARGO_INCREMENTAL=0" "-e" "RUST_BACKTRACE=full" "-e" "RUSTFLAGS=--cap-lints=warn" "-e" "CARGO_HOME=/opt/rustwide/cargo-home" "-e" "RUSTUP_HOME=/opt/rustwide/rustup-home" "-w" "/opt/rustwide/workdir" "-m" "1610612736" "--user" "0:0" "--network" "none" "ghcr.io/rust-lang/crates-build-env/linux@sha256:a89201d6b5b9fd45c15d5952ece0a0129e7e80cb26ec023fd59cf09bc26f1604" "/opt/rustwide/cargo-home/bin/cargo" "+1.55.0" "check" "--frozen" "--all" "--all-targets" "--message-format=json", kill_on_drop: false }`
[INFO] [stdout] baf0ecdd8cf30d07b1f3ca8b6d335e9f96440ba050f938705fb3126dbf33bf53
[INFO] running `Command { std: "docker" "start" "-a" "baf0ecdd8cf30d07b1f3ca8b6d335e9f96440ba050f938705fb3126dbf33bf53", kill_on_drop: false }`
[INFO] [stderr]     Blocking waiting for file lock on package cache
[INFO] [stderr]     Checking bitflags v0.1.1
[INFO] [stderr]    Compiling tcod-sys v5.0.1
[INFO] [stderr]     Checking tcod v0.15.0
[INFO] [stderr]     Checking roguelike-rs v0.1.0 (/opt/rustwide/workdir)
[INFO] [stdout] error: expected one of `.`, `;`, `?`, `}`, or an operator, found keyword `for`
[INFO] [stdout]    --> src/main.rs:104:9
[INFO] [stdout]     |
[INFO] [stdout] 103 |         tcod.con.clear()
[INFO] [stdout]     |                         - expected one of `.`, `;`, `?`, `}`, or an operator
[INFO] [stdout] 104 |         for object in &objects {
[INFO] [stdout]     |         ^^^ unexpected token
[INFO] [stdout] 
[INFO] [stdout] 
[INFO] [stderr] error: could not compile `roguelike-rs` due to 6 previous errors
[INFO] [stdout] error: expected one of `.`, `;`, `?`, `}`, or an operator, found keyword `for`
[INFO] [stdout]    --> src/main.rs:104:9
[INFO] [stdout]     |
[INFO] [stdout] 103 |         tcod.con.clear()
[INFO] [stdout]     |                         - expected one of `.`, `;`, `?`, `}`, or an operator
[INFO] [stdout] 104 |         for object in &objects {
[INFO] [stdout]     |         ^^^ unexpected token
[INFO] [stdout] 
[INFO] [stdout] 
[INFO] [stderr] warning: build failed, waiting for other jobs to finish...
[INFO] [stdout] error[E0425]: cannot find value `player` in this scope
[INFO] [stdout]   --> src/main.rs:64:33
[INFO] [stdout]    |
[INFO] [stdout] 64 |         Key { code: Up, .. } => player.move_by(0, -1),
[INFO] [stdout]    |                                 ^^^^^^ help: a local variable with a similar name exists: `player_x`
[INFO] [stdout] 
[INFO] [stdout] 
[INFO] [stderr] error: build failed
[INFO] [stdout] error[E0425]: cannot find value `player` in this scope
[INFO] [stdout]   --> src/main.rs:65:35
[INFO] [stdout]    |
[INFO] [stdout] 65 |         Key { code: Down, .. } => player.move_by(0, 1),
[INFO] [stdout]    |                                   ^^^^^^ help: a local variable with a similar name exists: `player_x`
[INFO] [stdout] 
[INFO] [stdout] 
[INFO] [stdout] error[E0425]: cannot find value `player` in this scope
[INFO] [stdout]   --> src/main.rs:66:35
[INFO] [stdout]    |
[INFO] [stdout] 66 |         Key { code: Left, .. } => player.move_by(-1, 0),
[INFO] [stdout]    |                                   ^^^^^^ help: a local variable with a similar name exists: `player_x`
[INFO] [stdout] 
[INFO] [stdout] 
[INFO] [stdout] error[E0425]: cannot find value `player` in this scope
[INFO] [stdout]   --> src/main.rs:67:36
[INFO] [stdout]    |
[INFO] [stdout] 67 |         Key { code: Right, .. } => player.move_by(1, 0),
[INFO] [stdout]    |                                    ^^^^^^ help: a local variable with a similar name exists: `player_x`
[INFO] [stdout] 
[INFO] [stdout] 
[INFO] [stdout] error[E0425]: cannot find value `player` in this scope
[INFO] [stdout]   --> src/main.rs:64:33
[INFO] [stdout]    |
[INFO] [stdout] 64 |         Key { code: Up, .. } => player.move_by(0, -1),
[INFO] [stdout]    |                                 ^^^^^^ help: a local variable with a similar name exists: `player_x`
[INFO] [stdout] 
[INFO] [stdout] 
[INFO] [stdout] error[E0425]: cannot find value `player` in this scope
[INFO] [stdout]   --> src/main.rs:65:35
[INFO] [stdout]    |
[INFO] [stdout] 65 |         Key { code: Down, .. } => player.move_by(0, 1),
[INFO] [stdout]    |                                   ^^^^^^ help: a local variable with a similar name exists: `player_x`
[INFO] [stdout] 
[INFO] [stdout] 
[INFO] [stdout] error[E0425]: cannot find value `player` in this scope
[INFO] [stdout]   --> src/main.rs:66:35
[INFO] [stdout]    |
[INFO] [stdout] 66 |         Key { code: Left, .. } => player.move_by(-1, 0),
[INFO] [stdout]    |                                   ^^^^^^ help: a local variable with a similar name exists: `player_x`
[INFO] [stdout] 
[INFO] [stdout] 
[INFO] [stdout] error[E0425]: cannot find value `player` in this scope
[INFO] [stdout]   --> src/main.rs:67:36
[INFO] [stdout]    |
[INFO] [stdout] 67 |         Key { code: Right, .. } => player.move_by(1, 0),
[INFO] [stdout]    |                                    ^^^^^^ help: a local variable with a similar name exists: `player_x`
[INFO] [stdout] 
[INFO] [stdout] 
[INFO] [stdout] error: aborting due to 5 previous errors
[INFO] [stdout] 
[INFO] [stdout] 
[INFO] [stdout] For more information about this error, try `rustc --explain E0425`.
[INFO] [stdout] 
[INFO] [stdout] error: aborting due to 5 previous errors
[INFO] [stdout] 
[INFO] [stdout] 
[INFO] [stdout] For more information about this error, try `rustc --explain E0425`.
[INFO] [stdout] 
[INFO] running `Command { std: "docker" "inspect" "baf0ecdd8cf30d07b1f3ca8b6d335e9f96440ba050f938705fb3126dbf33bf53", kill_on_drop: false }`
[INFO] running `Command { std: "docker" "rm" "-f" "baf0ecdd8cf30d07b1f3ca8b6d335e9f96440ba050f938705fb3126dbf33bf53", kill_on_drop: false }`
[INFO] [stdout] baf0ecdd8cf30d07b1f3ca8b6d335e9f96440ba050f938705fb3126dbf33bf53
