[INFO] cloning repository https://github.com/LiamOW/RustyCalculator
[INFO] running `Command { std: "git" "-c" "credential.helper=" "-c" "credential.helper=/workspace/cargo-home/bin/git-credential-null" "clone" "--bare" "https://github.com/LiamOW/RustyCalculator" "/workspace/cache/git-repos/https%3A%2F%2Fgithub.com%2FLiamOW%2FRustyCalculator", kill_on_drop: false }`
[INFO] [stderr] Cloning into bare repository '/workspace/cache/git-repos/https%3A%2F%2Fgithub.com%2FLiamOW%2FRustyCalculator'...
[INFO] running `Command { std: "git" "rev-parse" "HEAD", kill_on_drop: false }`
[INFO] [stdout] 161648464c208333d2d331363f63468c27cbee47
[INFO] checking LiamOW/RustyCalculator against beta-2021-10-15 for beta-1.56-3
[INFO] running `Command { std: "git" "clone" "/workspace/cache/git-repos/https%3A%2F%2Fgithub.com%2FLiamOW%2FRustyCalculator" "/workspace/builds/worker-93/source", kill_on_drop: false }`
[INFO] [stderr] Cloning into '/workspace/builds/worker-93/source'...
[INFO] [stderr] done.
[INFO] validating manifest of git repo https://github.com/LiamOW/RustyCalculator on toolchain beta-2021-10-15
[INFO] running `Command { std: "/workspace/cargo-home/bin/cargo" "+beta-2021-10-15" "metadata" "--manifest-path" "Cargo.toml" "--no-deps", kill_on_drop: false }`
[INFO] started tweaking git repo https://github.com/LiamOW/RustyCalculator
[INFO] finished tweaking git repo https://github.com/LiamOW/RustyCalculator
[INFO] tweaked toml for git repo https://github.com/LiamOW/RustyCalculator written to /workspace/builds/worker-93/source/Cargo.toml
[INFO] crate git repo https://github.com/LiamOW/RustyCalculator already has a lockfile, it will not be regenerated
[INFO] running `Command { std: "/workspace/cargo-home/bin/cargo" "+beta-2021-10-15" "fetch" "--manifest-path" "Cargo.toml", kill_on_drop: false }`
[INFO] [stderr]     Blocking waiting for file lock on package cache
[INFO] [stderr]     Blocking waiting for file lock on package cache
[INFO] running `Command { std: "docker" "create" "-v" "/var/lib/crater-agent-workspace/builds/worker-93/target:/opt/rustwide/target:rw,Z" "-v" "/var/lib/crater-agent-workspace/builds/worker-93/source:/opt/rustwide/workdir:ro,Z" "-v" "/var/lib/crater-agent-workspace/cargo-home:/opt/rustwide/cargo-home:ro,Z" "-v" "/var/lib/crater-agent-workspace/rustup-home:/opt/rustwide/rustup-home:ro,Z" "-e" "SOURCE_DIR=/opt/rustwide/workdir" "-e" "CARGO_TARGET_DIR=/opt/rustwide/target" "-e" "CARGO_HOME=/opt/rustwide/cargo-home" "-e" "RUSTUP_HOME=/opt/rustwide/rustup-home" "-w" "/opt/rustwide/workdir" "-m" "1610612736" "--user" "0:0" "--network" "none" "ghcr.io/rust-lang/crates-build-env/linux@sha256:a89201d6b5b9fd45c15d5952ece0a0129e7e80cb26ec023fd59cf09bc26f1604" "/opt/rustwide/cargo-home/bin/cargo" "+beta-2021-10-15" "metadata" "--no-deps" "--format-version=1", kill_on_drop: false }`
[INFO] [stdout] f7060691732dfe4fcc9a4d5dc9fbdcc041652eb45f13e0ec92e682157ded9391
[INFO] running `Command { std: "docker" "start" "-a" "f7060691732dfe4fcc9a4d5dc9fbdcc041652eb45f13e0ec92e682157ded9391", kill_on_drop: false }`
[INFO] running `Command { std: "docker" "inspect" "f7060691732dfe4fcc9a4d5dc9fbdcc041652eb45f13e0ec92e682157ded9391", kill_on_drop: false }`
[INFO] running `Command { std: "docker" "rm" "-f" "f7060691732dfe4fcc9a4d5dc9fbdcc041652eb45f13e0ec92e682157ded9391", kill_on_drop: false }`
[INFO] [stdout] f7060691732dfe4fcc9a4d5dc9fbdcc041652eb45f13e0ec92e682157ded9391
[INFO] running `Command { std: "docker" "create" "-v" "/var/lib/crater-agent-workspace/builds/worker-93/target:/opt/rustwide/target:rw,Z" "-v" "/var/lib/crater-agent-workspace/builds/worker-93/source:/opt/rustwide/workdir:ro,Z" "-v" "/var/lib/crater-agent-workspace/cargo-home:/opt/rustwide/cargo-home:ro,Z" "-v" "/var/lib/crater-agent-workspace/rustup-home:/opt/rustwide/rustup-home:ro,Z" "-e" "SOURCE_DIR=/opt/rustwide/workdir" "-e" "CARGO_TARGET_DIR=/opt/rustwide/target" "-e" "CARGO_INCREMENTAL=0" "-e" "RUST_BACKTRACE=full" "-e" "RUSTFLAGS=--cap-lints=warn" "-e" "CARGO_HOME=/opt/rustwide/cargo-home" "-e" "RUSTUP_HOME=/opt/rustwide/rustup-home" "-w" "/opt/rustwide/workdir" "-m" "1610612736" "--user" "0:0" "--network" "none" "ghcr.io/rust-lang/crates-build-env/linux@sha256:a89201d6b5b9fd45c15d5952ece0a0129e7e80cb26ec023fd59cf09bc26f1604" "/opt/rustwide/cargo-home/bin/cargo" "+beta-2021-10-15" "check" "--frozen" "--all" "--all-targets" "--message-format=json", kill_on_drop: false }`
[INFO] [stdout] b654e086d9abaace1f09aefbf8dc1a26463a10220ae8efe24738731d89970112
[INFO] running `Command { std: "docker" "start" "-a" "b654e086d9abaace1f09aefbf8dc1a26463a10220ae8efe24738731d89970112", kill_on_drop: false }`
[INFO] [stderr]    Compiling libc v0.2.76
[INFO] [stderr]    Compiling log v0.4.11
[INFO] [stderr]    Compiling cfg-if v0.1.10
[INFO] [stderr]    Compiling syn v0.15.44
[INFO] [stderr]    Compiling proc-macro2 v1.0.19
[INFO] [stderr]    Compiling opaque-debug v0.2.3
[INFO] [stderr]    Compiling serde v1.0.115
[INFO] [stderr]    Compiling subtle v2.2.3
[INFO] [stderr]    Compiling syn v1.0.39
[INFO] [stderr]    Compiling byte-tools v0.3.1
[INFO] [stderr]    Compiling subtle v1.0.0
[INFO] [stderr]    Compiling tinyvec v0.3.4
[INFO] [stderr]    Compiling ppv-lite86 v0.2.9
[INFO] [stderr]    Compiling safemem v0.3.3
[INFO] [stderr]    Compiling fake-simd v0.1.2
[INFO] [stderr]    Compiling zeroize v1.1.0
[INFO] [stderr]    Compiling ucd-trie v0.1.3
[INFO] [stderr]    Compiling percent-encoding v2.1.0
[INFO] [stderr]    Compiling base64 v0.12.3
[INFO] [stderr]    Compiling smallvec v1.4.2
[INFO] [stderr]     Checking regex-syntax v0.6.18
[INFO] [stderr]     Checking unic-char-range v0.7.0
[INFO] [stderr]    Compiling serde_json v1.0.57
[INFO] [stderr]     Checking unic-common v0.7.0
[INFO] [stderr]     Checking rustc-demangle v0.1.16
[INFO] [stderr]     Checking object v0.20.0
[INFO] [stderr]     Checking itoa v0.4.6
[INFO] [stderr]    Compiling glob v0.3.0
[INFO] [stderr]     Checking deunicode v0.4.3
[INFO] [stderr]    Compiling serde_derive v1.0.115
[INFO] [stderr]     Checking humansize v1.1.0
[INFO] [stderr]     Checking glob v0.2.11
[INFO] [stderr]     Checking utf8parse v0.1.1
[INFO] [stderr]     Checking unicode-segmentation v1.6.0
[INFO] [stderr]     Checking calculator v0.1.0 (/opt/rustwide/workdir/calculator)
[INFO] [stderr]    Compiling hashbrown v0.8.2
[INFO] [stderr]    Compiling pear_codegen v0.1.4
[INFO] [stderr]    Compiling indexmap v1.5.2
[INFO] [stderr]     Checking block-padding v0.1.5
[INFO] [stderr]    Compiling rocket_codegen v0.4.5
[INFO] [stderr]    Compiling unicase v2.6.0
[INFO] [stderr]    Compiling error-chain v0.12.4
[INFO] [stderr]    Compiling rocket v0.4.5
[INFO] [stderr]    Compiling typenum v1.12.0
[INFO] [stderr]    Compiling byteorder v1.3.4
[INFO] [stderr]     Checking idna v0.1.5
[INFO] [stderr]     Checking addr2line v0.13.0
[INFO] [stderr]     Checking miniz_oxide v0.4.1
[INFO] [stderr]     Checking walkdir v2.3.1
[INFO] [stderr]    Compiling nix v0.14.1
[INFO] [stderr]    Compiling quote v0.6.13
[INFO] [stderr]    Compiling unicase v1.4.2
[INFO] [stderr]     Checking aho-corasick v0.7.13
[INFO] [stderr]     Checking url v2.1.1
[INFO] [stderr]     Checking block-cipher-trait v0.6.2
[INFO] [stderr]     Checking digest v0.8.1
[INFO] [stderr]     Checking crypto-mac v0.7.0
[INFO] [stderr]     Checking aead v0.2.0
[INFO] [stderr]     Checking num-integer v0.1.43
[INFO] [stdout] error[E0432]: unresolved import `std::option::NoneError`
[INFO] [stdout]  --> calculator/src/parser.rs:8:5
[INFO] [stdout]   |
[INFO] [stdout] 8 | use std::option::NoneError;
[INFO] [stdout]   |     ^^^^^^^^^^^^^^^^^^^^^^ no `NoneError` in `option`
[INFO] [stdout] 
[INFO] [stdout] 
[INFO] [stdout] error[E0554]: `#![feature]` may not be used on the beta release channel
[INFO] [stdout]  --> calculator/src/lib.rs:1:1
[INFO] [stdout]   |
[INFO] [stdout] 1 | #![feature(box_syntax)]
[INFO] [stdout]   | ^^^^^^^^^^^^^^^^^^^^^^^
[INFO] [stdout] 
[INFO] [stdout] 
[INFO] [stdout] error[E0554]: `#![feature]` may not be used on the beta release channel
[INFO] [stdout]  --> calculator/src/lib.rs:2:1
[INFO] [stdout]   |
[INFO] [stdout] 2 | #![feature(try_trait)]
[INFO] [stdout]   | ^^^^^^^^^^^^^^^^^^^^^^
[INFO] [stdout] 
[INFO] [stdout] 
[INFO] [stderr]     Checking universal-hash v0.3.0
[INFO] [stderr]     Checking block-buffer v0.7.3
[INFO] [stdout] error[E0277]: the `?` operator can only be used on `Result`s, not `Option`s, in a method that returns `Result`
[INFO] [stdout]    --> calculator/src/parser.rs:30:31
[INFO] [stdout]     |
[INFO] [stdout] 28  | /     pub fn new(source: &'a str) -> Result<Self, ParseError> {
[INFO] [stdout] 29  | |         let mut lexer = Lexer::new(source);
[INFO] [stdout] 30  | |         let cur = lexer.next()?;
[INFO] [stdout]     | |                               ^ use `.ok_or(...)?` to provide an error compatible with `Result<Parser<'a>, ParseError>`
[INFO] [stdout] 31  | |         let peek = lexer.next()?;
[INFO] [stdout] ...   |
[INFO] [stdout] 37  | |         })
[INFO] [stdout] 38  | |     }
[INFO] [stdout]     | |_____- this function returns a `Result`
[INFO] [stdout]     |
[INFO] [stdout]     = help: the trait `FromResidual<Option<Infallible>>` is not implemented for `Result<Parser<'a>, ParseError>`
[INFO] [stdout] note: required by `from_residual`
[INFO] [stdout] 
[INFO] [stdout] 
[INFO] [stdout] error[E0277]: the `?` operator can only be used on `Result`s, not `Option`s, in a method that returns `Result`
[INFO] [stdout]    --> calculator/src/parser.rs:31:32
[INFO] [stdout]     |
[INFO] [stdout] 28  | /     pub fn new(source: &'a str) -> Result<Self, ParseError> {
[INFO] [stdout] 29  | |         let mut lexer = Lexer::new(source);
[INFO] [stdout] 30  | |         let cur = lexer.next()?;
[INFO] [stdout] 31  | |         let peek = lexer.next()?;
[INFO] [stdout]     | |                                ^ use `.ok_or(...)?` to provide an error compatible with `Result<Parser<'a>, ParseError>`
[INFO] [stdout] ...   |
[INFO] [stdout] 37  | |         })
[INFO] [stdout] 38  | |     }
[INFO] [stdout]     | |_____- this function returns a `Result`
[INFO] [stdout]     |
[INFO] [stdout]     = help: the trait `FromResidual<Option<Infallible>>` is not implemented for `Result<Parser<'a>, ParseError>`
[INFO] [stdout] note: required by `from_residual`
[INFO] [stdout] 
[INFO] [stdout] 
[INFO] [stdout] error[E0277]: the `?` operator can only be used on `Result`s, not `Option`s, in a method that returns `Result`
[INFO] [stdout]    --> calculator/src/parser.rs:43:44
[INFO] [stdout]     |
[INFO] [stdout] 41  | /     fn next_token(&mut self) -> Result<(), ParseError> {
[INFO] [stdout] 42  | |         self.current_token = self.peek_token.clone();
[INFO] [stdout] 43  | |         self.peek_token = self.lexer.next()?;
[INFO] [stdout]     | |                                            ^ use `.ok_or(...)?` to provide an error compatible with `Result<(), ParseError>`
[INFO] [stdout] 44  | |         Ok(())
[INFO] [stdout] 45  | |     }
[INFO] [stdout]     | |_____- this function returns a `Result`
[INFO] [stdout]     |
[INFO] [stdout]     = help: the trait `FromResidual<Option<Infallible>>` is not implemented for `Result<(), ParseError>`
[INFO] [stdout] note: required by `from_residual`
[INFO] [stdout] 
[INFO] [stdout] 
[INFO] [stderr]     Checking base64 v0.9.3
[INFO] [stdout] error: aborting due to 6 previous errors
[INFO] [stdout] 
[INFO] [stdout] 
[INFO] [stderr] error: could not compile `calculator` due to 7 previous errors
[INFO] [stdout] Some errors have detailed explanations: E0277, E0432, E0554.
[INFO] [stdout] 
[INFO] [stderr] warning: build failed, waiting for other jobs to finish...
[INFO] [stdout] For more information about an error, try `rustc --explain E0277`.
[INFO] [stdout] 
[INFO] [stderr] error: build failed
[INFO] running `Command { std: "docker" "inspect" "b654e086d9abaace1f09aefbf8dc1a26463a10220ae8efe24738731d89970112", kill_on_drop: false }`
[INFO] running `Command { std: "docker" "rm" "-f" "b654e086d9abaace1f09aefbf8dc1a26463a10220ae8efe24738731d89970112", kill_on_drop: false }`
[INFO] [stdout] b654e086d9abaace1f09aefbf8dc1a26463a10220ae8efe24738731d89970112
