[INFO] cloning repository https://github.com/LemonHX/optimistic_lock_coupling_rs
[INFO] running `Command { std: "git" "-c" "credential.helper=" "-c" "credential.helper=/workspace/cargo-home/bin/git-credential-null" "clone" "--bare" "https://github.com/LemonHX/optimistic_lock_coupling_rs" "/workspace/cache/git-repos/https%3A%2F%2Fgithub.com%2FLemonHX%2Foptimistic_lock_coupling_rs", kill_on_drop: false }`
[INFO] [stderr] Cloning into bare repository '/workspace/cache/git-repos/https%3A%2F%2Fgithub.com%2FLemonHX%2Foptimistic_lock_coupling_rs'...
[INFO] running `Command { std: "git" "rev-parse" "HEAD", kill_on_drop: false }`
[INFO] [stdout] 1265a873371e39cd99818573cd94117ea3db66da
[INFO] checking LemonHX/optimistic_lock_coupling_rs against beta-2021-10-15 for beta-1.56-3
[INFO] running `Command { std: "git" "clone" "/workspace/cache/git-repos/https%3A%2F%2Fgithub.com%2FLemonHX%2Foptimistic_lock_coupling_rs" "/workspace/builds/worker-34/source", kill_on_drop: false }`
[INFO] [stderr] Cloning into '/workspace/builds/worker-34/source'...
[INFO] [stderr] done.
[INFO] validating manifest of git repo https://github.com/LemonHX/optimistic_lock_coupling_rs on toolchain beta-2021-10-15
[INFO] running `Command { std: "/workspace/cargo-home/bin/cargo" "+beta-2021-10-15" "metadata" "--manifest-path" "Cargo.toml" "--no-deps", kill_on_drop: false }`
[INFO] started tweaking git repo https://github.com/LemonHX/optimistic_lock_coupling_rs
[INFO] finished tweaking git repo https://github.com/LemonHX/optimistic_lock_coupling_rs
[INFO] tweaked toml for git repo https://github.com/LemonHX/optimistic_lock_coupling_rs written to /workspace/builds/worker-34/source/Cargo.toml
[INFO] crate git repo https://github.com/LemonHX/optimistic_lock_coupling_rs already has a lockfile, it will not be regenerated
[INFO] running `Command { std: "/workspace/cargo-home/bin/cargo" "+beta-2021-10-15" "fetch" "--manifest-path" "Cargo.toml", kill_on_drop: false }`
[INFO] [stderr]     Blocking waiting for file lock on package cache
[INFO] [stderr]     Blocking waiting for file lock on package cache
[INFO] [stderr]  Downloading crates ...
[INFO] [stderr]   Downloaded cast v0.2.4
[INFO] running `Command { std: "docker" "create" "-v" "/var/lib/crater-agent-workspace/builds/worker-34/target:/opt/rustwide/target:rw,Z" "-v" "/var/lib/crater-agent-workspace/builds/worker-34/source:/opt/rustwide/workdir:ro,Z" "-v" "/var/lib/crater-agent-workspace/cargo-home:/opt/rustwide/cargo-home:ro,Z" "-v" "/var/lib/crater-agent-workspace/rustup-home:/opt/rustwide/rustup-home:ro,Z" "-e" "SOURCE_DIR=/opt/rustwide/workdir" "-e" "CARGO_TARGET_DIR=/opt/rustwide/target" "-e" "CARGO_HOME=/opt/rustwide/cargo-home" "-e" "RUSTUP_HOME=/opt/rustwide/rustup-home" "-w" "/opt/rustwide/workdir" "-m" "1610612736" "--user" "0:0" "--network" "none" "ghcr.io/rust-lang/crates-build-env/linux@sha256:a89201d6b5b9fd45c15d5952ece0a0129e7e80cb26ec023fd59cf09bc26f1604" "/opt/rustwide/cargo-home/bin/cargo" "+beta-2021-10-15" "metadata" "--no-deps" "--format-version=1", kill_on_drop: false }`
[INFO] [stdout] fbd215988fcdb0b85a9f137e0333b02ca6edee16c9e9e837550b758e4c79c231
[INFO] running `Command { std: "docker" "start" "-a" "fbd215988fcdb0b85a9f137e0333b02ca6edee16c9e9e837550b758e4c79c231", kill_on_drop: false }`
[INFO] running `Command { std: "docker" "inspect" "fbd215988fcdb0b85a9f137e0333b02ca6edee16c9e9e837550b758e4c79c231", kill_on_drop: false }`
[INFO] running `Command { std: "docker" "rm" "-f" "fbd215988fcdb0b85a9f137e0333b02ca6edee16c9e9e837550b758e4c79c231", kill_on_drop: false }`
[INFO] [stdout] fbd215988fcdb0b85a9f137e0333b02ca6edee16c9e9e837550b758e4c79c231
[INFO] running `Command { std: "docker" "create" "-v" "/var/lib/crater-agent-workspace/builds/worker-34/target:/opt/rustwide/target:rw,Z" "-v" "/var/lib/crater-agent-workspace/builds/worker-34/source:/opt/rustwide/workdir:ro,Z" "-v" "/var/lib/crater-agent-workspace/cargo-home:/opt/rustwide/cargo-home:ro,Z" "-v" "/var/lib/crater-agent-workspace/rustup-home:/opt/rustwide/rustup-home:ro,Z" "-e" "SOURCE_DIR=/opt/rustwide/workdir" "-e" "CARGO_TARGET_DIR=/opt/rustwide/target" "-e" "CARGO_INCREMENTAL=0" "-e" "RUST_BACKTRACE=full" "-e" "RUSTFLAGS=--cap-lints=warn" "-e" "CARGO_HOME=/opt/rustwide/cargo-home" "-e" "RUSTUP_HOME=/opt/rustwide/rustup-home" "-w" "/opt/rustwide/workdir" "-m" "1610612736" "--user" "0:0" "--network" "none" "ghcr.io/rust-lang/crates-build-env/linux@sha256:a89201d6b5b9fd45c15d5952ece0a0129e7e80cb26ec023fd59cf09bc26f1604" "/opt/rustwide/cargo-home/bin/cargo" "+beta-2021-10-15" "check" "--frozen" "--all" "--all-targets" "--message-format=json", kill_on_drop: false }`
[INFO] [stdout] 273ec5a03710ffa8b96cec41f17b2b575582ee30bb4769891da255da6e84202a
[INFO] running `Command { std: "docker" "start" "-a" "273ec5a03710ffa8b96cec41f17b2b575582ee30bb4769891da255da6e84202a", kill_on_drop: false }`
[INFO] [stderr]    Compiling serde v1.0.125
[INFO] [stderr]    Compiling libc v0.2.93
[INFO] [stderr]    Compiling memchr v2.3.4
[INFO] [stderr]     Checking byteorder v1.4.3
[INFO] [stderr]    Compiling syn v1.0.69
[INFO] [stderr]    Compiling serde_derive v1.0.125
[INFO] [stderr]     Checking plotters-backend v0.3.0
[INFO] [stderr]     Checking regex-syntax v0.6.23
[INFO] [stderr]     Checking optimistic_lock_coupling v0.2.5 (/opt/rustwide/workdir)
[INFO] [stderr]    Compiling memoffset v0.6.3
[INFO] [stderr]     Checking itertools v0.9.0
[INFO] [stderr]     Checking itertools v0.10.0
[INFO] [stderr]    Compiling cast v0.2.4
[INFO] [stderr]     Checking crossbeam-channel v0.5.1
[INFO] [stdout] error[E0554]: `#![feature]` may not be used on the beta release channel
[INFO] [stdout]  --> src/lib.rs:1:1
[INFO] [stdout]   |
[INFO] [stdout] 1 | #![feature(negative_impls)]
[INFO] [stdout]   | ^^^^^^^^^^^^^^^^^^^^^^^^^^^
[INFO] [stdout] 
[INFO] [stdout] 
[INFO] [stdout] error[E0554]: `#![feature]` may not be used on the beta release channel
[INFO] [stdout]  --> src/lib.rs:2:1
[INFO] [stdout]   |
[INFO] [stdout] 2 | #![feature(unboxed_closures)]
[INFO] [stdout]   | ^^^^^^^^^^^^^^^^^^^^^^^^^^^^^
[INFO] [stdout] 
[INFO] [stdout] 
[INFO] [stdout] error[E0554]: `#![feature]` may not be used on the beta release channel
[INFO] [stdout]  --> src/lib.rs:3:1
[INFO] [stdout]   |
[INFO] [stdout] 3 | #![feature(stmt_expr_attributes)]
[INFO] [stdout]   | ^^^^^^^^^^^^^^^^^^^^^^^^^^^^^^^^^
[INFO] [stdout] 
[INFO] [stdout] 
[INFO] [stdout] error: aborting due to 3 previous errors
[INFO] [stdout] 
[INFO] [stdout] 
[INFO] [stdout] For more information about this error, try `rustc --explain E0554`.
[INFO] [stdout] 
[INFO] [stderr] error: could not compile `optimistic_lock_coupling` due to 4 previous errors
[INFO] [stderr] warning: build failed, waiting for other jobs to finish...
[INFO] [stderr] error: build failed
[INFO] running `Command { std: "docker" "inspect" "273ec5a03710ffa8b96cec41f17b2b575582ee30bb4769891da255da6e84202a", kill_on_drop: false }`
[INFO] running `Command { std: "docker" "rm" "-f" "273ec5a03710ffa8b96cec41f17b2b575582ee30bb4769891da255da6e84202a", kill_on_drop: false }`
[INFO] [stdout] 273ec5a03710ffa8b96cec41f17b2b575582ee30bb4769891da255da6e84202a
