[INFO] cloning repository https://github.com/LPGhatguy/teensy-rust-experiment
[INFO] running `Command { std: "git" "-c" "credential.helper=" "-c" "credential.helper=/workspace/cargo-home/bin/git-credential-null" "clone" "--bare" "https://github.com/LPGhatguy/teensy-rust-experiment" "/workspace/cache/git-repos/https%3A%2F%2Fgithub.com%2FLPGhatguy%2Fteensy-rust-experiment", kill_on_drop: false }`
[INFO] [stderr] Cloning into bare repository '/workspace/cache/git-repos/https%3A%2F%2Fgithub.com%2FLPGhatguy%2Fteensy-rust-experiment'...
[INFO] running `Command { std: "git" "rev-parse" "HEAD", kill_on_drop: false }`
[INFO] [stdout] 8a7c7dfd75acf5ca24e9e4171b4891baff430692
[INFO] checking LPGhatguy/teensy-rust-experiment against beta-2021-10-15 for beta-1.56-3
[INFO] running `Command { std: "git" "clone" "/workspace/cache/git-repos/https%3A%2F%2Fgithub.com%2FLPGhatguy%2Fteensy-rust-experiment" "/workspace/builds/worker-55/source", kill_on_drop: false }`
[INFO] [stderr] Cloning into '/workspace/builds/worker-55/source'...
[INFO] [stderr] done.
[INFO] validating manifest of git repo https://github.com/LPGhatguy/teensy-rust-experiment on toolchain beta-2021-10-15
[INFO] running `Command { std: "/workspace/cargo-home/bin/cargo" "+beta-2021-10-15" "metadata" "--manifest-path" "Cargo.toml" "--no-deps", kill_on_drop: false }`
[INFO] removed /workspace/builds/worker-55/source/.cargo/config
[INFO] started tweaking git repo https://github.com/LPGhatguy/teensy-rust-experiment
[INFO] finished tweaking git repo https://github.com/LPGhatguy/teensy-rust-experiment
[INFO] tweaked toml for git repo https://github.com/LPGhatguy/teensy-rust-experiment written to /workspace/builds/worker-55/source/Cargo.toml
[INFO] crate git repo https://github.com/LPGhatguy/teensy-rust-experiment already has a lockfile, it will not be regenerated
[INFO] running `Command { std: "/workspace/cargo-home/bin/cargo" "+beta-2021-10-15" "fetch" "--manifest-path" "Cargo.toml", kill_on_drop: false }`
[INFO] [stderr]     Blocking waiting for file lock on package cache
[INFO] [stderr]     Blocking waiting for file lock on package cache
[INFO] running `Command { std: "docker" "create" "-v" "/var/lib/crater-agent-workspace/builds/worker-55/target:/opt/rustwide/target:rw,Z" "-v" "/var/lib/crater-agent-workspace/builds/worker-55/source:/opt/rustwide/workdir:ro,Z" "-v" "/var/lib/crater-agent-workspace/cargo-home:/opt/rustwide/cargo-home:ro,Z" "-v" "/var/lib/crater-agent-workspace/rustup-home:/opt/rustwide/rustup-home:ro,Z" "-e" "SOURCE_DIR=/opt/rustwide/workdir" "-e" "CARGO_TARGET_DIR=/opt/rustwide/target" "-e" "CARGO_HOME=/opt/rustwide/cargo-home" "-e" "RUSTUP_HOME=/opt/rustwide/rustup-home" "-w" "/opt/rustwide/workdir" "-m" "1610612736" "--user" "0:0" "--network" "none" "ghcr.io/rust-lang/crates-build-env/linux@sha256:a89201d6b5b9fd45c15d5952ece0a0129e7e80cb26ec023fd59cf09bc26f1604" "/opt/rustwide/cargo-home/bin/cargo" "+beta-2021-10-15" "metadata" "--no-deps" "--format-version=1", kill_on_drop: false }`
[INFO] [stdout] df65b2f4813329aa9adefc05c5743b3d74414d88c1b080f628b76bbf51c78fc1
[INFO] running `Command { std: "docker" "start" "-a" "df65b2f4813329aa9adefc05c5743b3d74414d88c1b080f628b76bbf51c78fc1", kill_on_drop: false }`
[INFO] running `Command { std: "docker" "inspect" "df65b2f4813329aa9adefc05c5743b3d74414d88c1b080f628b76bbf51c78fc1", kill_on_drop: false }`
[INFO] running `Command { std: "docker" "rm" "-f" "df65b2f4813329aa9adefc05c5743b3d74414d88c1b080f628b76bbf51c78fc1", kill_on_drop: false }`
[INFO] [stdout] df65b2f4813329aa9adefc05c5743b3d74414d88c1b080f628b76bbf51c78fc1
[INFO] running `Command { std: "docker" "create" "-v" "/var/lib/crater-agent-workspace/builds/worker-55/target:/opt/rustwide/target:rw,Z" "-v" "/var/lib/crater-agent-workspace/builds/worker-55/source:/opt/rustwide/workdir:ro,Z" "-v" "/var/lib/crater-agent-workspace/cargo-home:/opt/rustwide/cargo-home:ro,Z" "-v" "/var/lib/crater-agent-workspace/rustup-home:/opt/rustwide/rustup-home:ro,Z" "-e" "SOURCE_DIR=/opt/rustwide/workdir" "-e" "CARGO_TARGET_DIR=/opt/rustwide/target" "-e" "CARGO_INCREMENTAL=0" "-e" "RUST_BACKTRACE=full" "-e" "RUSTFLAGS=--cap-lints=warn" "-e" "CARGO_HOME=/opt/rustwide/cargo-home" "-e" "RUSTUP_HOME=/opt/rustwide/rustup-home" "-w" "/opt/rustwide/workdir" "-m" "1610612736" "--user" "0:0" "--network" "none" "ghcr.io/rust-lang/crates-build-env/linux@sha256:a89201d6b5b9fd45c15d5952ece0a0129e7e80cb26ec023fd59cf09bc26f1604" "/opt/rustwide/cargo-home/bin/cargo" "+beta-2021-10-15" "check" "--frozen" "--all" "--all-targets" "--message-format=json", kill_on_drop: false }`
[INFO] [stdout] 806fb3bcc576b68c49d7c23523b50d67552d1703a56f06c274e13824bda43b71
[INFO] running `Command { std: "docker" "start" "-a" "806fb3bcc576b68c49d7c23523b50d67552d1703a56f06c274e13824bda43b71", kill_on_drop: false }`
[INFO] [stderr]     Blocking waiting for file lock on package cache
[INFO] [stderr]    Compiling proc-macro2 v1.0.8
[INFO] [stderr]    Compiling unicode-xid v0.2.0
[INFO] [stderr]    Compiling syn v1.0.14
[INFO] [stderr]    Compiling cortex-m-rt v0.6.12
[INFO] [stderr]     Checking r0 v0.2.2
[INFO] [stderr]     Checking bitfield v0.13.2
[INFO] [stderr]     Checking volatile v0.2.6
[INFO] [stderr]    Compiling quote v1.0.2
[INFO] [stderr]    Compiling cortex-m-rt-macros v0.1.8
[INFO] [stderr]     Checking teensy-rs v0.1.0 (/opt/rustwide/workdir)
[INFO] [stdout] error[E0432]: unresolved import `core::arch::arm`
[INFO] [stdout]   --> src/watchdog.rs:10:18
[INFO] [stdout]    |
[INFO] [stdout] 10 | use core::{arch::arm::__nop, ptr};
[INFO] [stdout]    |                  ^^^ could not find `arm` in `arch`
[INFO] [stdout] 
[INFO] [stdout] 
[INFO] [stdout] error[E0432]: unresolved import `core::arch::arm`
[INFO] [stdout]   --> src/main.rs:11:18
[INFO] [stdout]    |
[INFO] [stdout] 11 | use core::{arch::arm::__nop, panic::PanicInfo, ptr};
[INFO] [stdout]    |                  ^^^ could not find `arm` in `arch`
[INFO] [stdout] 
[INFO] [stdout] 
[INFO] [stdout] error[E0432]: unresolved import `core::arch::arm`
[INFO] [stdout]   --> src/watchdog.rs:10:18
[INFO] [stdout]    |
[INFO] [stdout] 10 | use core::{arch::arm::__nop, ptr};
[INFO] [stdout]    |                  ^^^ could not find `arm` in `arch`
[INFO] [stdout] 
[INFO] [stdout] 
[INFO] [stdout] error[E0432]: unresolved import `core::arch::arm`
[INFO] [stdout]   --> src/main.rs:11:18
[INFO] [stdout]    |
[INFO] [stdout] 11 | use core::{arch::arm::__nop, panic::PanicInfo, ptr};
[INFO] [stdout]    |                  ^^^ could not find `arm` in `arch`
[INFO] [stdout] 
[INFO] [stdout] 
[INFO] [stdout] error[E0554]: `#![feature]` may not be used on the beta release channel
[INFO] [stdout]  --> src/main.rs:1:1
[INFO] [stdout]   |
[INFO] [stdout] 1 | #![feature(stdsimd, asm)]
[INFO] [stdout]   | ^^^^^^^^^^^^^^^^^^^^^^^^^
[INFO] [stdout] 
[INFO] [stdout] 
[INFO] [stdout] error[E0554]: `#![feature]` may not be used on the beta release channel
[INFO] [stdout]  --> src/main.rs:1:1
[INFO] [stdout]   |
[INFO] [stdout] 1 | #![feature(stdsimd, asm)]
[INFO] [stdout]   | ^^^^^^^^^^^^^^^^^^^^^^^^^
[INFO] [stdout] 
[INFO] [stdout] 
[INFO] [stdout] warning: unused imports: `GpioOutputPin`, `PortName`, `Port`
[INFO] [stdout]   --> src/main.rs:17:19
[INFO] [stdout]    |
[INFO] [stdout] 17 | use crate::port::{GpioOutputPin, Port, PortName};
[INFO] [stdout]    |                   ^^^^^^^^^^^^^  ^^^^  ^^^^^^^^
[INFO] [stdout]    |
[INFO] [stdout]    = note: `#[warn(unused_imports)]` on by default
[INFO] [stdout] 
[INFO] [stdout] 
[INFO] [stdout] warning: unused imports: `GpioOutputPin`, `PortName`, `Port`
[INFO] [stdout]   --> src/main.rs:17:19
[INFO] [stdout]    |
[INFO] [stdout] 17 | use crate::port::{GpioOutputPin, Port, PortName};
[INFO] [stdout]    |                   ^^^^^^^^^^^^^  ^^^^  ^^^^^^^^
[INFO] [stdout]    |
[INFO] [stdout]    = note: `#[warn(unused_imports)]` on by default
[INFO] [stdout] 
[INFO] [stdout] 
[INFO] [stdout] error[E0152]: found duplicate lang item `panic_impl`
[INFO] [stdout]   --> src/main.rs:53:1
[INFO] [stdout]    |
[INFO] [stdout] 53 | fn teensy_panic(_info: &PanicInfo) -> ! {
[INFO] [stdout]    | ^^^^^^^^^^^^^^^^^^^^^^^^^^^^^^^^^^^^^^^
[INFO] [stdout]    |
[INFO] [stdout]    = note: the lang item is first defined in crate `std` (which `test` depends on)
[INFO] [stdout]    = note: first definition in `std` loaded from /opt/rustwide/rustup-home/toolchains/beta-2021-10-15-x86_64-unknown-linux-gnu/lib/rustlib/x86_64-unknown-linux-gnu/lib/libstd-9a950938f3668a37.rlib
[INFO] [stdout]    = note: second definition in the local crate (`teensy_rs`)
[INFO] [stdout] 
[INFO] [stdout] 
[INFO] [stdout] error: language item required, but not found: `eh_personality`
[INFO] [stdout] 
[INFO] [stdout] 
[INFO] [stdout] error: aborting due to 4 previous errors; 1 warning emitted
[INFO] [stdout] 
[INFO] [stdout] 
[INFO] [stdout] Some errors have detailed explanations: E0432, E0554.
[INFO] [stdout] 
[INFO] [stdout] For more information about an error, try `rustc --explain E0432`.
[INFO] [stdout] 
[INFO] [stderr] error: could not compile `teensy-rs` due to 5 previous errors; 1 warning emitted
[INFO] [stderr] warning: build failed, waiting for other jobs to finish...
[INFO] [stdout] error: aborting due to 4 previous errors; 1 warning emitted
[INFO] [stdout] 
[INFO] [stdout] 
[INFO] [stdout] Some errors have detailed explanations: E0152, E0432, E0554.
[INFO] [stdout] 
[INFO] [stdout] For more information about an error, try `rustc --explain E0152`.
[INFO] [stdout] 
[INFO] [stderr] error: build failed
[INFO] running `Command { std: "docker" "inspect" "806fb3bcc576b68c49d7c23523b50d67552d1703a56f06c274e13824bda43b71", kill_on_drop: false }`
[INFO] running `Command { std: "docker" "rm" "-f" "806fb3bcc576b68c49d7c23523b50d67552d1703a56f06c274e13824bda43b71", kill_on_drop: false }`
[INFO] [stdout] 806fb3bcc576b68c49d7c23523b50d67552d1703a56f06c274e13824bda43b71
