[INFO] cloning repository https://github.com/L3afMe/smali-lsp
[INFO] running `Command { std: "git" "-c" "credential.helper=" "-c" "credential.helper=/workspace/cargo-home/bin/git-credential-null" "clone" "--bare" "https://github.com/L3afMe/smali-lsp" "/workspace/cache/git-repos/https%3A%2F%2Fgithub.com%2FL3afMe%2Fsmali-lsp", kill_on_drop: false }`
[INFO] [stderr] Cloning into bare repository '/workspace/cache/git-repos/https%3A%2F%2Fgithub.com%2FL3afMe%2Fsmali-lsp'...
[INFO] running `Command { std: "git" "rev-parse" "HEAD", kill_on_drop: false }`
[INFO] [stdout] a08082c4bd1c68b7632a9170da99dc31a787c297
[INFO] checking L3afMe/smali-lsp against beta-2021-10-15 for beta-1.56-3
[INFO] running `Command { std: "git" "clone" "/workspace/cache/git-repos/https%3A%2F%2Fgithub.com%2FL3afMe%2Fsmali-lsp" "/workspace/builds/worker-1/source", kill_on_drop: false }`
[INFO] [stderr] Cloning into '/workspace/builds/worker-1/source'...
[INFO] [stderr] done.
[INFO] validating manifest of git repo https://github.com/L3afMe/smali-lsp on toolchain beta-2021-10-15
[INFO] running `Command { std: "/workspace/cargo-home/bin/cargo" "+beta-2021-10-15" "metadata" "--manifest-path" "Cargo.toml" "--no-deps", kill_on_drop: false }`
[INFO] started tweaking git repo https://github.com/L3afMe/smali-lsp
[INFO] finished tweaking git repo https://github.com/L3afMe/smali-lsp
[INFO] tweaked toml for git repo https://github.com/L3afMe/smali-lsp written to /workspace/builds/worker-1/source/Cargo.toml
[INFO] crate git repo https://github.com/L3afMe/smali-lsp already has a lockfile, it will not be regenerated
[INFO] running `Command { std: "/workspace/cargo-home/bin/cargo" "+beta-2021-10-15" "fetch" "--manifest-path" "Cargo.toml", kill_on_drop: false }`
[INFO] [stderr]     Blocking waiting for file lock on package cache
[INFO] running `Command { std: "docker" "create" "-v" "/var/lib/crater-agent-workspace/builds/worker-1/target:/opt/rustwide/target:rw,Z" "-v" "/var/lib/crater-agent-workspace/builds/worker-1/source:/opt/rustwide/workdir:ro,Z" "-v" "/var/lib/crater-agent-workspace/cargo-home:/opt/rustwide/cargo-home:ro,Z" "-v" "/var/lib/crater-agent-workspace/rustup-home:/opt/rustwide/rustup-home:ro,Z" "-e" "SOURCE_DIR=/opt/rustwide/workdir" "-e" "CARGO_TARGET_DIR=/opt/rustwide/target" "-e" "CARGO_HOME=/opt/rustwide/cargo-home" "-e" "RUSTUP_HOME=/opt/rustwide/rustup-home" "-w" "/opt/rustwide/workdir" "-m" "1610612736" "--user" "0:0" "--network" "none" "ghcr.io/rust-lang/crates-build-env/linux@sha256:a89201d6b5b9fd45c15d5952ece0a0129e7e80cb26ec023fd59cf09bc26f1604" "/opt/rustwide/cargo-home/bin/cargo" "+beta-2021-10-15" "metadata" "--no-deps" "--format-version=1", kill_on_drop: false }`
[INFO] [stdout] 46c428ba5f6e6c65fc3170536eb7a519e5016b6b04ced1f60426b69d397abf93
[INFO] [stderr] WARNING: Your kernel does not support swap limit capabilities or the cgroup is not mounted. Memory limited without swap.
[INFO] running `Command { std: "docker" "start" "-a" "46c428ba5f6e6c65fc3170536eb7a519e5016b6b04ced1f60426b69d397abf93", kill_on_drop: false }`
[INFO] running `Command { std: "docker" "inspect" "46c428ba5f6e6c65fc3170536eb7a519e5016b6b04ced1f60426b69d397abf93", kill_on_drop: false }`
[INFO] running `Command { std: "docker" "rm" "-f" "46c428ba5f6e6c65fc3170536eb7a519e5016b6b04ced1f60426b69d397abf93", kill_on_drop: false }`
[INFO] [stdout] 46c428ba5f6e6c65fc3170536eb7a519e5016b6b04ced1f60426b69d397abf93
[INFO] running `Command { std: "docker" "create" "-v" "/var/lib/crater-agent-workspace/builds/worker-1/target:/opt/rustwide/target:rw,Z" "-v" "/var/lib/crater-agent-workspace/builds/worker-1/source:/opt/rustwide/workdir:ro,Z" "-v" "/var/lib/crater-agent-workspace/cargo-home:/opt/rustwide/cargo-home:ro,Z" "-v" "/var/lib/crater-agent-workspace/rustup-home:/opt/rustwide/rustup-home:ro,Z" "-e" "SOURCE_DIR=/opt/rustwide/workdir" "-e" "CARGO_TARGET_DIR=/opt/rustwide/target" "-e" "CARGO_INCREMENTAL=0" "-e" "RUST_BACKTRACE=full" "-e" "RUSTFLAGS=--cap-lints=warn" "-e" "CARGO_HOME=/opt/rustwide/cargo-home" "-e" "RUSTUP_HOME=/opt/rustwide/rustup-home" "-w" "/opt/rustwide/workdir" "-m" "1610612736" "--user" "0:0" "--network" "none" "ghcr.io/rust-lang/crates-build-env/linux@sha256:a89201d6b5b9fd45c15d5952ece0a0129e7e80cb26ec023fd59cf09bc26f1604" "/opt/rustwide/cargo-home/bin/cargo" "+beta-2021-10-15" "check" "--frozen" "--all" "--all-targets" "--message-format=json", kill_on_drop: false }`
[INFO] [stdout] 0061d759e7f8f8fc2f3a766069daa273e3913640c06416bb671fc13727424c57
[INFO] [stderr] WARNING: Your kernel does not support swap limit capabilities or the cgroup is not mounted. Memory limited without swap.
[INFO] running `Command { std: "docker" "start" "-a" "0061d759e7f8f8fc2f3a766069daa273e3913640c06416bb671fc13727424c57", kill_on_drop: false }`
[INFO] [stderr]    Compiling syn v1.0.71
[INFO] [stderr]    Compiling regex-syntax v0.6.23
[INFO] [stderr]    Compiling tokio v1.5.0
[INFO] [stderr]     Checking futures-channel v0.3.14
[INFO] [stderr]     Checking twoway v0.2.1
[INFO] [stderr]    Compiling proc-macro-error-attr v1.0.4
[INFO] [stderr]     Checking dashmap v4.0.2
[INFO] [stderr]    Compiling proc-macro-error v1.0.4
[INFO] [stderr]    Compiling serde_derive v1.0.125
[INFO] [stderr]    Compiling tokio-macros v1.1.0
[INFO] [stderr]    Compiling futures-macro v0.3.14
[INFO] [stderr]    Compiling thiserror-impl v1.0.24
[INFO] [stderr]    Compiling serde_repr v0.1.6
[INFO] [stderr]    Compiling lspower-macros v0.2.0
[INFO] [stderr]    Compiling logos-derive v0.12.0
[INFO] [stderr]    Compiling async-trait v0.1.50
[INFO] [stderr]    Compiling auto_impl v0.4.1
[INFO] [stderr]     Checking futures-util v0.3.14
[INFO] [stderr]     Checking thiserror v1.0.24
[INFO] [stderr]     Checking tokio-util v0.6.6
[INFO] [stderr]     Checking logos v0.12.0
[INFO] [stderr]     Checking futures v0.3.14
[INFO] [stderr]     Checking serde v1.0.125
[INFO] [stderr]     Checking url v2.2.1
[INFO] [stderr]     Checking serde_json v1.0.64
[INFO] [stderr]     Checking lsp-types v0.88.0
[INFO] [stderr]     Checking lspower v1.0.0
[INFO] [stderr]     Checking smali-lsp v0.1.0 (/opt/rustwide/workdir)
[INFO] [stdout] error[E0557]: feature has been removed
[INFO] [stdout]  --> src/main.rs:1:12
[INFO] [stdout]   |
[INFO] [stdout] 1 | #![feature(impl_trait_in_bindings)]
[INFO] [stdout]   |            ^^^^^^^^^^^^^^^^^^^^^^ feature has been removed
[INFO] [stdout]   |
[INFO] [stdout]   = note: the implementation was not maintainable, the feature may get reintroduced once the current refactorings are done
[INFO] [stdout] 
[INFO] [stdout] 
[INFO] [stdout] error[E0557]: feature has been removed
[INFO] [stdout]  --> src/main.rs:1:12
[INFO] [stdout]   |
[INFO] [stdout] 1 | #![feature(impl_trait_in_bindings)]
[INFO] [stdout]   |            ^^^^^^^^^^^^^^^^^^^^^^ feature has been removed
[INFO] [stdout]   |
[INFO] [stdout]   = note: the implementation was not maintainable, the feature may get reintroduced once the current refactorings are done
[INFO] [stdout] 
[INFO] [stdout] 
[INFO] [stdout] error[E0554]: `#![feature]` may not be used on the beta release channel
[INFO] [stdout]  --> src/main.rs:1:1
[INFO] [stdout]   |
[INFO] [stdout] 1 | #![feature(impl_trait_in_bindings)]
[INFO] [stdout]   | ^^^^^^^^^^^^^^^^^^^^^^^^^^^^^^^^^^^
[INFO] [stdout] 
[INFO] [stdout] 
[INFO] [stdout] error[E0554]: `#![feature]` may not be used on the beta release channel
[INFO] [stdout]  --> src/main.rs:1:1
[INFO] [stdout]   |
[INFO] [stdout] 1 | #![feature(impl_trait_in_bindings)]
[INFO] [stdout]   | ^^^^^^^^^^^^^^^^^^^^^^^^^^^^^^^^^^^
[INFO] [stdout] 
[INFO] [stdout] 
[INFO] [stdout] error: aborting due to 2 previous errors
[INFO] [stdout] 
[INFO] [stdout] 
[INFO] [stdout] Some errors have detailed explanations: E0554, E0557.
[INFO] [stdout] 
[INFO] [stdout] For more information about an error, try `rustc --explain E0554`.
[INFO] [stdout] 
[INFO] [stderr] error: could not compile `smali-lsp` due to 3 previous errors
[INFO] [stderr] warning: build failed, waiting for other jobs to finish...
[INFO] [stdout] error: aborting due to 2 previous errors
[INFO] [stdout] 
[INFO] [stdout] 
[INFO] [stdout] Some errors have detailed explanations: E0554, E0557.
[INFO] [stdout] 
[INFO] [stdout] For more information about an error, try `rustc --explain E0554`.
[INFO] [stdout] 
[INFO] [stderr] error: build failed
[INFO] running `Command { std: "docker" "inspect" "0061d759e7f8f8fc2f3a766069daa273e3913640c06416bb671fc13727424c57", kill_on_drop: false }`
[INFO] running `Command { std: "docker" "rm" "-f" "0061d759e7f8f8fc2f3a766069daa273e3913640c06416bb671fc13727424c57", kill_on_drop: false }`
[INFO] [stdout] 0061d759e7f8f8fc2f3a766069daa273e3913640c06416bb671fc13727424c57
