[INFO] cloning repository https://github.com/L1AN0/nozomi-video-streamer
[INFO] running `Command { std: "git" "-c" "credential.helper=" "-c" "credential.helper=/workspace/cargo-home/bin/git-credential-null" "clone" "--bare" "https://github.com/L1AN0/nozomi-video-streamer" "/workspace/cache/git-repos/https%3A%2F%2Fgithub.com%2FL1AN0%2Fnozomi-video-streamer", kill_on_drop: false }`
[INFO] [stderr] Cloning into bare repository '/workspace/cache/git-repos/https%3A%2F%2Fgithub.com%2FL1AN0%2Fnozomi-video-streamer'...
[INFO] running `Command { std: "git" "rev-parse" "HEAD", kill_on_drop: false }`
[INFO] [stdout] 2f33bbbe495e7395e343f7dba45a8b2a2bf87415
[INFO] checking L1AN0/nozomi-video-streamer against beta-2021-10-15 for beta-1.56-3
[INFO] running `Command { std: "git" "clone" "/workspace/cache/git-repos/https%3A%2F%2Fgithub.com%2FL1AN0%2Fnozomi-video-streamer" "/workspace/builds/worker-7/source", kill_on_drop: false }`
[INFO] [stderr] Cloning into '/workspace/builds/worker-7/source'...
[INFO] [stderr] done.
[INFO] validating manifest of git repo https://github.com/L1AN0/nozomi-video-streamer on toolchain beta-2021-10-15
[INFO] running `Command { std: "/workspace/cargo-home/bin/cargo" "+beta-2021-10-15" "metadata" "--manifest-path" "Cargo.toml" "--no-deps", kill_on_drop: false }`
[INFO] started tweaking git repo https://github.com/L1AN0/nozomi-video-streamer
[INFO] finished tweaking git repo https://github.com/L1AN0/nozomi-video-streamer
[INFO] tweaked toml for git repo https://github.com/L1AN0/nozomi-video-streamer written to /workspace/builds/worker-7/source/Cargo.toml
[INFO] crate git repo https://github.com/L1AN0/nozomi-video-streamer already has a lockfile, it will not be regenerated
[INFO] running `Command { std: "/workspace/cargo-home/bin/cargo" "+beta-2021-10-15" "fetch" "--manifest-path" "Cargo.toml", kill_on_drop: false }`
[INFO] [stderr]     Blocking waiting for file lock on package cache
[INFO] [stderr]     Blocking waiting for file lock on package cache
[INFO] running `Command { std: "docker" "create" "-v" "/var/lib/crater-agent-workspace/builds/worker-7/target:/opt/rustwide/target:rw,Z" "-v" "/var/lib/crater-agent-workspace/builds/worker-7/source:/opt/rustwide/workdir:ro,Z" "-v" "/var/lib/crater-agent-workspace/cargo-home:/opt/rustwide/cargo-home:ro,Z" "-v" "/var/lib/crater-agent-workspace/rustup-home:/opt/rustwide/rustup-home:ro,Z" "-e" "SOURCE_DIR=/opt/rustwide/workdir" "-e" "CARGO_TARGET_DIR=/opt/rustwide/target" "-e" "CARGO_HOME=/opt/rustwide/cargo-home" "-e" "RUSTUP_HOME=/opt/rustwide/rustup-home" "-w" "/opt/rustwide/workdir" "-m" "1610612736" "--user" "0:0" "--network" "none" "ghcr.io/rust-lang/crates-build-env/linux@sha256:a89201d6b5b9fd45c15d5952ece0a0129e7e80cb26ec023fd59cf09bc26f1604" "/opt/rustwide/cargo-home/bin/cargo" "+beta-2021-10-15" "metadata" "--no-deps" "--format-version=1", kill_on_drop: false }`
[INFO] [stdout] f2f2c6ce4a48554d25acd32a3ffecb4bf299e317f068acaefff1723ad3034287
[INFO] [stderr] WARNING: Your kernel does not support swap limit capabilities or the cgroup is not mounted. Memory limited without swap.
[INFO] running `Command { std: "docker" "start" "-a" "f2f2c6ce4a48554d25acd32a3ffecb4bf299e317f068acaefff1723ad3034287", kill_on_drop: false }`
[INFO] running `Command { std: "docker" "inspect" "f2f2c6ce4a48554d25acd32a3ffecb4bf299e317f068acaefff1723ad3034287", kill_on_drop: false }`
[INFO] running `Command { std: "docker" "rm" "-f" "f2f2c6ce4a48554d25acd32a3ffecb4bf299e317f068acaefff1723ad3034287", kill_on_drop: false }`
[INFO] [stdout] f2f2c6ce4a48554d25acd32a3ffecb4bf299e317f068acaefff1723ad3034287
[INFO] running `Command { std: "docker" "create" "-v" "/var/lib/crater-agent-workspace/builds/worker-7/target:/opt/rustwide/target:rw,Z" "-v" "/var/lib/crater-agent-workspace/builds/worker-7/source:/opt/rustwide/workdir:ro,Z" "-v" "/var/lib/crater-agent-workspace/cargo-home:/opt/rustwide/cargo-home:ro,Z" "-v" "/var/lib/crater-agent-workspace/rustup-home:/opt/rustwide/rustup-home:ro,Z" "-e" "SOURCE_DIR=/opt/rustwide/workdir" "-e" "CARGO_TARGET_DIR=/opt/rustwide/target" "-e" "CARGO_INCREMENTAL=0" "-e" "RUST_BACKTRACE=full" "-e" "RUSTFLAGS=--cap-lints=warn" "-e" "CARGO_HOME=/opt/rustwide/cargo-home" "-e" "RUSTUP_HOME=/opt/rustwide/rustup-home" "-w" "/opt/rustwide/workdir" "-m" "1610612736" "--user" "0:0" "--network" "none" "ghcr.io/rust-lang/crates-build-env/linux@sha256:a89201d6b5b9fd45c15d5952ece0a0129e7e80cb26ec023fd59cf09bc26f1604" "/opt/rustwide/cargo-home/bin/cargo" "+beta-2021-10-15" "check" "--frozen" "--all" "--all-targets" "--message-format=json", kill_on_drop: false }`
[INFO] [stdout] 5b9e308eaeae94f2b2c54b5f9d5cf4c271a831c4e940d04be1c0204e6edc009b
[INFO] [stderr] WARNING: Your kernel does not support swap limit capabilities or the cgroup is not mounted. Memory limited without swap.
[INFO] running `Command { std: "docker" "start" "-a" "5b9e308eaeae94f2b2c54b5f9d5cf4c271a831c4e940d04be1c0204e6edc009b", kill_on_drop: false }`
[INFO] [stderr]    Compiling libc v0.2.67
[INFO] [stderr]    Compiling syn v1.0.16
[INFO] [stderr]    Compiling log v0.4.8
[INFO] [stderr]     Checking futures-core v0.3.4
[INFO] [stderr]     Checking itoa v0.4.5
[INFO] [stderr]    Compiling proc-macro-nested v0.1.3
[INFO] [stderr]     Checking futures-sink v0.3.4
[INFO] [stderr]    Compiling serde v1.0.104
[INFO] [stderr]     Checking futures-io v0.3.4
[INFO] [stderr]     Checking pin-utils v0.1.0-alpha.4
[INFO] [stderr]     Checking futures-task v0.3.4
[INFO] [stderr]     Checking arc-swap v0.4.4
[INFO] [stderr]     Checking pin-project-lite v0.1.4
[INFO] [stderr]     Checking base64 v0.11.0
[INFO] [stderr]    Compiling openssl v0.10.28
[INFO] [stderr]     Checking dtoa v0.4.5
[INFO] [stderr]     Checking regex-syntax v0.6.16
[INFO] [stderr]    Compiling anyhow v1.0.26
[INFO] [stderr]     Checking termcolor v1.1.0
[INFO] [stderr]     Checking utf-8 v0.7.5
[INFO] [stderr]    Compiling askama_escape v0.2.0
[INFO] [stderr]    Compiling encoding_rs v0.8.22
[INFO] [stderr]    Compiling humansize v1.1.0
[INFO] [stderr]     Checking base64 v0.12.0
[INFO] [stderr]     Checking linked-hash-map v0.5.2
[INFO] [stderr]     Checking futures-timer v2.0.2
[INFO] [stderr]     Checking once_cell v1.3.1
[INFO] [stderr]    Compiling unicase v2.6.0
[INFO] [stderr]    Compiling proc-macro-error-attr v0.4.11
[INFO] [stderr]    Compiling proc-macro-error v0.4.11
[INFO] [stderr]    Compiling num-integer v0.1.42
[INFO] [stderr]    Compiling nom v4.2.3
[INFO] [stderr]     Checking input_buffer v0.3.1
[INFO] [stderr]    Compiling libsqlite3-sys v0.17.1
[INFO] [stderr]    Compiling typenum v1.11.2
[INFO] [stderr]    Compiling openssl-sys v0.9.54
[INFO] [stderr]     Checking lock_api v0.3.3
[INFO] [stderr]     Checking futures-channel v0.3.4
[INFO] [stderr]     Checking http v0.2.0
[INFO] [stderr]    Compiling memchr v2.3.3
[INFO] [stderr]     Checking idna v0.2.0
[INFO] [stderr]     Checking ryu v1.0.2
[INFO] [stderr]     Checking twoway v0.1.8
[INFO] [stderr]     Checking buf_redux v0.8.4
[INFO] [stderr]    Compiling num-traits v0.2.11
[INFO] [stderr]     Checking lru-cache v0.1.2
[INFO] [stderr]     Checking indexmap v1.3.2
[INFO] [stderr]    Compiling memoffset v0.5.3
[INFO] [stderr]     Checking crossbeam-channel v0.4.2
[INFO] [stderr]     Checking want v0.3.0
[INFO] [stderr]     Checking log v0.3.9
[INFO] [stderr]     Checking kv-log-macro v1.0.4
[INFO] [stderr]     Checking url v2.1.1
[INFO] [stderr]    Compiling phf v0.7.24
[INFO] [stderr]     Checking generic-array v0.12.3
[INFO] [stderr]    Compiling rand_os v0.1.3
[INFO] [stderr]     Checking mime v0.2.6
[INFO] [stderr]     Checking iovec v0.1.4
[INFO] [stderr]     Checking net2 v0.2.33
[INFO] [stderr]     Checking num_cpus v1.12.0
[INFO] [stderr]     Checking signal-hook-registry v1.2.0
[INFO] [stderr]     Checking getrandom v0.1.14
[INFO] [stderr]     Checking time v0.1.42
[INFO] [stderr]     Checking atty v0.2.14
[INFO] [stderr]     Checking parking_lot_core v0.7.0
[INFO] [stderr]     Checking async-task v1.3.1
[INFO] [stderr]    Compiling native-tls v0.2.4
[INFO] [stderr]     Checking block-buffer v0.7.3
[INFO] [stderr]     Checking digest v0.8.1
[INFO] [stderr]    Compiling mime_guess v2.0.3
[INFO] [stderr]     Checking bytes v0.4.12
[INFO] [stderr]    Compiling rand v0.6.5
[INFO] [stderr]     Checking rand_core v0.5.1
[INFO] [stderr]     Checking clap v2.33.0
[INFO] [stderr]     Checking mio v0.6.21
[INFO] [stderr]     Checking crossbeam-epoch v0.8.2
[INFO] [stderr]     Checking parking_lot v0.10.0
[INFO] [stderr]     Checking chrono v0.4.11
[INFO] [stderr]     Checking rusqlite v0.21.0
[INFO] [stderr]     Checking sha-1 v0.8.2
[INFO] [stderr]     Checking regex v1.3.4
[INFO] [stderr]     Checking rand_chacha v0.2.2
[INFO] [stderr]     Checking http-body v0.3.1
[INFO] [stderr]     Checking headers-core v0.2.0
[INFO] [stderr]     Checking crossbeam-deque v0.7.3
[INFO] [stderr]     Checking headers v0.3.2
[INFO] [stderr]     Checking rand v0.7.3
[INFO] [stderr]     Checking mio-uds v0.6.7
[INFO] [stderr]    Compiling phf_generator v0.7.24
[INFO] [stderr]    Compiling phf_codegen v0.7.24
[INFO] [stderr]     Checking fern v0.5.9
[INFO] [stderr]    Compiling mime_guess v1.8.8
[INFO] [stderr]     Checking env_logger v0.7.1
[INFO] [stderr]     Checking tempfile v3.1.0
[INFO] [stderr]     Checking tungstenite v0.10.1
[INFO] [stderr]    Compiling syn-mid v0.5.0
[INFO] [stderr]     Checking serde_urlencoded v0.6.1
[INFO] [stderr]     Checking serde_json v1.0.48
[INFO] [stderr]     Checking toml v0.4.10
[INFO] [stderr]     Checking multipart v0.16.1
[INFO] [stderr]    Compiling proc-macro-hack v0.5.11
[INFO] [stderr]    Compiling tokio-macros v0.2.5
[INFO] [stderr]    Compiling pin-project-internal v0.4.8
[INFO] [stderr]    Compiling serde_derive v1.0.104
[INFO] [stderr]    Compiling async-attributes v1.1.1
[INFO] [stderr]     Checking tokio v0.2.13
[INFO] [stderr]    Compiling structopt-derive v0.4.4
[INFO] [stderr]    Compiling futures-macro v0.3.4
[INFO] [stderr]     Checking pin-project v0.4.8
[INFO] [stderr]     Checking futures-util v0.3.4
[INFO] [stderr]     Checking tokio-util v0.2.0
[INFO] [stderr]     Checking tokio-tls v0.3.0
[INFO] [stderr]     Checking structopt v0.3.11
[INFO] [stderr]     Checking h2 v0.2.2
[INFO] [stderr]     Checking futures-executor v0.3.4
[INFO] [stderr]     Checking broadcaster v1.0.0
[INFO] [stderr]    Compiling askama_shared v0.8.0
[INFO] [stderr]     Checking futures v0.3.4
[INFO] [stderr]     Checking async-std v1.5.0
[INFO] [stderr]     Checking tokio-tungstenite v0.10.1
[INFO] [stderr]    Compiling askama_derive v0.8.0
[INFO] [stderr]     Checking hyper v0.13.3
[INFO] [stderr]     Checking hyper-tls v0.4.1
[INFO] [stderr]     Checking warp v0.2.2
[INFO] [stderr]     Checking reqwest v0.10.4
[INFO] [stderr]     Checking askama v0.8.0
[INFO] [stderr]     Checking nozomi-video-streamer-client v0.5.10 (/opt/rustwide/workdir/nozomi-video-streamer-client)
[INFO] [stderr]     Checking nozomi-video-streamer v0.5.10 (/opt/rustwide/workdir/nozomi-video-streamer)
[INFO] [stdout] error[E0554]: `#![feature]` may not be used on the beta release channel
[INFO] [stdout]  --> nozomi-video-streamer/src/main.rs:1:1
[INFO] [stdout]   |
[INFO] [stdout] 1 | #![feature(async_closure)]
[INFO] [stdout]   | ^^^^^^^^^^^^^^^^^^^^^^^^^^
[INFO] [stdout] 
[INFO] [stdout] 
[INFO] [stdout] error[E0554]: `#![feature]` may not be used on the beta release channel
[INFO] [stdout]  --> nozomi-video-streamer/src/main.rs:2:1
[INFO] [stdout]   |
[INFO] [stdout] 2 | #![feature(str_strip)]
[INFO] [stdout]   | ^^^^^^^^^^^^^^^^^^^^^^
[INFO] [stdout] 
[INFO] [stdout] 
[INFO] [stdout] warning: unused import: `Timelike`
[INFO] [stdout]   --> nozomi-video-streamer/src/main.rs:14:21
[INFO] [stdout]    |
[INFO] [stdout] 14 | use chrono::{Local, Timelike};
[INFO] [stdout]    |                     ^^^^^^^^
[INFO] [stdout]    |
[INFO] [stdout]    = note: `#[warn(unused_imports)]` on by default
[INFO] [stdout] 
[INFO] [stdout] 
[INFO] [stdout] error[E0554]: `#![feature]` may not be used on the beta release channel
[INFO] [stdout]  --> nozomi-video-streamer/src/main.rs:1:1
[INFO] [stdout]   |
[INFO] [stdout] 1 | #![feature(async_closure)]
[INFO] [stdout]   | ^^^^^^^^^^^^^^^^^^^^^^^^^^
[INFO] [stdout] 
[INFO] [stdout] 
[INFO] [stdout] error[E0554]: `#![feature]` may not be used on the beta release channel
[INFO] [stdout]  --> nozomi-video-streamer/src/main.rs:2:1
[INFO] [stdout]   |
[INFO] [stdout] 2 | #![feature(str_strip)]
[INFO] [stdout]   | ^^^^^^^^^^^^^^^^^^^^^^
[INFO] [stdout] 
[INFO] [stdout] 
[INFO] [stdout] warning: unused import: `Timelike`
[INFO] [stdout]   --> nozomi-video-streamer/src/main.rs:14:21
[INFO] [stdout]    |
[INFO] [stdout] 14 | use chrono::{Local, Timelike};
[INFO] [stdout]    |                     ^^^^^^^^
[INFO] [stdout]    |
[INFO] [stdout]    = note: `#[warn(unused_imports)]` on by default
[INFO] [stdout] 
[INFO] [stdout] 
[INFO] [stdout] error: aborting due to 2 previous errors; 1 warning emitted
[INFO] [stdout] 
[INFO] [stdout] 
[INFO] [stdout] For more information about this error, try `rustc --explain E0554`.
[INFO] [stdout] 
[INFO] [stderr] error: could not compile `nozomi-video-streamer` due to 3 previous errors; 1 warning emitted
[INFO] [stderr] warning: build failed, waiting for other jobs to finish...
[INFO] [stdout] error: aborting due to 2 previous errors; 1 warning emitted
[INFO] [stdout] 
[INFO] [stdout] 
[INFO] [stdout] For more information about this error, try `rustc --explain E0554`.
[INFO] [stdout] 
[INFO] [stderr] error: build failed
[INFO] running `Command { std: "docker" "inspect" "5b9e308eaeae94f2b2c54b5f9d5cf4c271a831c4e940d04be1c0204e6edc009b", kill_on_drop: false }`
[INFO] running `Command { std: "docker" "rm" "-f" "5b9e308eaeae94f2b2c54b5f9d5cf4c271a831c4e940d04be1c0204e6edc009b", kill_on_drop: false }`
[INFO] [stdout] 5b9e308eaeae94f2b2c54b5f9d5cf4c271a831c4e940d04be1c0204e6edc009b
