[INFO] cloning repository https://github.com/Kurt-Bonatz/pursue
[INFO] running `Command { std: "git" "-c" "credential.helper=" "-c" "credential.helper=/workspace/cargo-home/bin/git-credential-null" "clone" "--bare" "https://github.com/Kurt-Bonatz/pursue" "/workspace/cache/git-repos/https%3A%2F%2Fgithub.com%2FKurt-Bonatz%2Fpursue", kill_on_drop: false }`
[INFO] [stderr] Cloning into bare repository '/workspace/cache/git-repos/https%3A%2F%2Fgithub.com%2FKurt-Bonatz%2Fpursue'...
[INFO] running `Command { std: "git" "rev-parse" "HEAD", kill_on_drop: false }`
[INFO] [stdout] a8c10a20d91ad19c8a0e799f2a7de3f41ef0a8b3
[INFO] checking Kurt-Bonatz/pursue against 1.55.0 for beta-1.56-3
[INFO] running `Command { std: "git" "clone" "/workspace/cache/git-repos/https%3A%2F%2Fgithub.com%2FKurt-Bonatz%2Fpursue" "/workspace/builds/worker-14/source", kill_on_drop: false }`
[INFO] [stderr] Cloning into '/workspace/builds/worker-14/source'...
[INFO] [stderr] done.
[INFO] validating manifest of git repo https://github.com/Kurt-Bonatz/pursue on toolchain 1.55.0
[INFO] running `Command { std: "/workspace/cargo-home/bin/cargo" "+1.55.0" "metadata" "--manifest-path" "Cargo.toml" "--no-deps", kill_on_drop: false }`
[INFO] started tweaking git repo https://github.com/Kurt-Bonatz/pursue
[INFO] finished tweaking git repo https://github.com/Kurt-Bonatz/pursue
[INFO] tweaked toml for git repo https://github.com/Kurt-Bonatz/pursue written to /workspace/builds/worker-14/source/Cargo.toml
[INFO] crate git repo https://github.com/Kurt-Bonatz/pursue already has a lockfile, it will not be regenerated
[INFO] running `Command { std: "/workspace/cargo-home/bin/cargo" "+1.55.0" "fetch" "--manifest-path" "Cargo.toml", kill_on_drop: false }`
[INFO] running `Command { std: "docker" "create" "-v" "/var/lib/crater-agent-workspace/builds/worker-14/target:/opt/rustwide/target:rw,Z" "-v" "/var/lib/crater-agent-workspace/builds/worker-14/source:/opt/rustwide/workdir:ro,Z" "-v" "/var/lib/crater-agent-workspace/cargo-home:/opt/rustwide/cargo-home:ro,Z" "-v" "/var/lib/crater-agent-workspace/rustup-home:/opt/rustwide/rustup-home:ro,Z" "-e" "SOURCE_DIR=/opt/rustwide/workdir" "-e" "CARGO_TARGET_DIR=/opt/rustwide/target" "-e" "CARGO_HOME=/opt/rustwide/cargo-home" "-e" "RUSTUP_HOME=/opt/rustwide/rustup-home" "-w" "/opt/rustwide/workdir" "-m" "1610612736" "--user" "0:0" "--network" "none" "ghcr.io/rust-lang/crates-build-env/linux@sha256:a89201d6b5b9fd45c15d5952ece0a0129e7e80cb26ec023fd59cf09bc26f1604" "/opt/rustwide/cargo-home/bin/cargo" "+1.55.0" "metadata" "--no-deps" "--format-version=1", kill_on_drop: false }`
[INFO] [stdout] 49719cd1c914b4fa9416fca2b67eefc064a43a32596d7cdaa61ebcb9cab000df
[INFO] [stderr] WARNING: Your kernel does not support swap limit capabilities or the cgroup is not mounted. Memory limited without swap.
[INFO] running `Command { std: "docker" "start" "-a" "49719cd1c914b4fa9416fca2b67eefc064a43a32596d7cdaa61ebcb9cab000df", kill_on_drop: false }`
[INFO] running `Command { std: "docker" "inspect" "49719cd1c914b4fa9416fca2b67eefc064a43a32596d7cdaa61ebcb9cab000df", kill_on_drop: false }`
[INFO] running `Command { std: "docker" "rm" "-f" "49719cd1c914b4fa9416fca2b67eefc064a43a32596d7cdaa61ebcb9cab000df", kill_on_drop: false }`
[INFO] [stdout] 49719cd1c914b4fa9416fca2b67eefc064a43a32596d7cdaa61ebcb9cab000df
[INFO] running `Command { std: "docker" "create" "-v" "/var/lib/crater-agent-workspace/builds/worker-14/target:/opt/rustwide/target:rw,Z" "-v" "/var/lib/crater-agent-workspace/builds/worker-14/source:/opt/rustwide/workdir:ro,Z" "-v" "/var/lib/crater-agent-workspace/cargo-home:/opt/rustwide/cargo-home:ro,Z" "-v" "/var/lib/crater-agent-workspace/rustup-home:/opt/rustwide/rustup-home:ro,Z" "-e" "SOURCE_DIR=/opt/rustwide/workdir" "-e" "CARGO_TARGET_DIR=/opt/rustwide/target" "-e" "CARGO_INCREMENTAL=0" "-e" "RUST_BACKTRACE=full" "-e" "RUSTFLAGS=--cap-lints=warn" "-e" "CARGO_HOME=/opt/rustwide/cargo-home" "-e" "RUSTUP_HOME=/opt/rustwide/rustup-home" "-w" "/opt/rustwide/workdir" "-m" "1610612736" "--user" "0:0" "--network" "none" "ghcr.io/rust-lang/crates-build-env/linux@sha256:a89201d6b5b9fd45c15d5952ece0a0129e7e80cb26ec023fd59cf09bc26f1604" "/opt/rustwide/cargo-home/bin/cargo" "+1.55.0" "check" "--frozen" "--all" "--all-targets" "--message-format=json", kill_on_drop: false }`
[INFO] [stderr] WARNING: Your kernel does not support swap limit capabilities or the cgroup is not mounted. Memory limited without swap.
[INFO] [stdout] 23199a495c6271b91333eb5096cb190133955345aa1b6ce06fd168ccb259f5e1
[INFO] running `Command { std: "docker" "start" "-a" "23199a495c6271b91333eb5096cb190133955345aa1b6ce06fd168ccb259f5e1", kill_on_drop: false }`
[INFO] [stderr]    Compiling cc v1.0.28
[INFO] [stderr]    Compiling libc v0.2.47
[INFO] [stderr]     Checking cfg-if v0.1.6
[INFO] [stderr]     Checking matches v0.1.8
[INFO] [stderr]     Checking unicode-normalization v0.1.7
[INFO] [stderr]     Checking bitflags v1.0.4
[INFO] [stderr]    Compiling regex v1.1.0
[INFO] [stderr]     Checking lazy_static v1.2.0
[INFO] [stderr]     Checking ucd-util v0.1.3
[INFO] [stderr]     Checking unicode-width v0.1.5
[INFO] [stderr]     Checking percent-encoding v1.0.1
[INFO] [stderr]     Checking yaml-rust v0.3.5
[INFO] [stderr]     Checking openssl-probe v0.1.2
[INFO] [stderr]     Checking vec_map v0.8.1
[INFO] [stderr]     Checking ansi_term v0.11.0
[INFO] [stderr]     Checking strsim v0.7.0
[INFO] [stderr]     Checking utf8-ranges v1.0.2
[INFO] [stderr]     Checking remove_dir_all v0.5.1
[INFO] [stderr]     Checking ansi_term v0.7.5
[INFO] [stderr]     Checking tico v1.0.0
[INFO] [stderr]     Checking textwrap v0.10.0
[INFO] [stderr]     Checking log v0.4.6
[INFO] [stderr]     Checking unicode-bidi v0.3.4
[INFO] [stderr]     Checking thread_local v0.3.6
[INFO] [stderr]     Checking regex-syntax v0.6.4
[INFO] [stderr]    Compiling openssl-sys v0.9.40
[INFO] [stderr]    Compiling libz-sys v1.0.25
[INFO] [stderr]    Compiling curl-sys v0.4.16
[INFO] [stderr]    Compiling libssh2-sys v0.2.11
[INFO] [stderr]    Compiling libgit2-sys v0.7.11
[INFO] [stderr]     Checking memchr v2.1.2
[INFO] [stderr]     Checking atty v0.2.11
[INFO] [stderr]     Checking rand v0.4.5
[INFO] [stderr]     Checking dirs v1.0.4
[INFO] [stderr]     Checking idna v0.1.5
[INFO] [stderr]     Checking clap v2.32.0
[INFO] [stderr]     Checking aho-corasick v0.6.9
[INFO] [stderr]     Checking tempdir v0.3.7
[INFO] [stderr]     Checking url v1.7.2
[INFO] [stderr]     Checking git2 v0.7.5
[INFO] [stderr]     Checking pursue v0.0.1 (/opt/rustwide/workdir)
[INFO] [stdout] error[E0554]: `#![feature]` may not be used on the stable release channel
[INFO] [stdout]  --> src/main.rs:2:1
[INFO] [stdout]   |
[INFO] [stdout] 2 | #![feature(crate_visibility_modifier)]
[INFO] [stdout]   | ^^^^^^^^^^^^^^^^^^^^^^^^^^^^^^^^^^^^^^
[INFO] [stdout] 
[INFO] [stdout] 
[INFO] [stdout] warning: unused imports: `StatusOptions`, `Status`
[INFO] [stdout]  --> src/precmd.rs:4:35
[INFO] [stdout]   |
[INFO] [stdout] 4 | use git2::{ErrorCode, Repository, Status, StatusOptions};
[INFO] [stdout]   |                                   ^^^^^^  ^^^^^^^^^^^^^
[INFO] [stdout]   |
[INFO] [stdout]   = note: `#[warn(unused_imports)]` on by default
[INFO] [stdout] 
[INFO] [stdout] 
[INFO] [stdout] error: aborting due to previous error; 1 warning emitted
[INFO] [stdout] 
[INFO] [stdout] 
[INFO] [stdout] For more information about this error, try `rustc --explain E0554`.
[INFO] [stdout] 
[INFO] [stderr] error: could not compile `pursue` due to 2 previous errors; 1 warning emitted
[INFO] [stderr] warning: build failed, waiting for other jobs to finish...
[INFO] [stdout] error[E0554]: `#![feature]` may not be used on the stable release channel
[INFO] [stdout]  --> src/main.rs:2:1
[INFO] [stdout]   |
[INFO] [stdout] 2 | #![feature(crate_visibility_modifier)]
[INFO] [stdout]   | ^^^^^^^^^^^^^^^^^^^^^^^^^^^^^^^^^^^^^^
[INFO] [stdout] 
[INFO] [stdout] 
[INFO] [stdout] warning: unused imports: `StatusOptions`, `Status`
[INFO] [stdout]  --> src/precmd.rs:4:35
[INFO] [stdout]   |
[INFO] [stdout] 4 | use git2::{ErrorCode, Repository, Status, StatusOptions};
[INFO] [stdout]   |                                   ^^^^^^  ^^^^^^^^^^^^^
[INFO] [stdout]   |
[INFO] [stdout]   = note: `#[warn(unused_imports)]` on by default
[INFO] [stdout] 
[INFO] [stdout] 
[INFO] [stdout] error[E0061]: this function takes 0 arguments but 1 argument was supplied
[INFO] [stdout]    --> src/precmd.rs:468:17
[INFO] [stdout]     |
[INFO] [stdout] 468 |         assert!(is_dirty(&repo));
[INFO] [stdout]     |                 ^^^^^^^^ ----- supplied 1 argument
[INFO] [stdout]     |                 |
[INFO] [stdout]     |                 expected 0 arguments
[INFO] [stdout]     |
[INFO] [stdout] note: function defined here
[INFO] [stdout]    --> src/precmd.rs:157:4
[INFO] [stdout]     |
[INFO] [stdout] 157 | fn is_dirty() -> bool {
[INFO] [stdout]     |    ^^^^^^^^
[INFO] [stdout] 
[INFO] [stdout] 
[INFO] [stdout] error[E0061]: this function takes 0 arguments but 1 argument was supplied
[INFO] [stdout]    --> src/precmd.rs:482:17
[INFO] [stdout]     |
[INFO] [stdout] 482 |         assert!(is_dirty(&repo));
[INFO] [stdout]     |                 ^^^^^^^^ ----- supplied 1 argument
[INFO] [stdout]     |                 |
[INFO] [stdout]     |                 expected 0 arguments
[INFO] [stdout]     |
[INFO] [stdout] note: function defined here
[INFO] [stdout]    --> src/precmd.rs:157:4
[INFO] [stdout]     |
[INFO] [stdout] 157 | fn is_dirty() -> bool {
[INFO] [stdout]     |    ^^^^^^^^
[INFO] [stdout] 
[INFO] [stdout] 
[INFO] [stdout] error: aborting due to 3 previous errors; 1 warning emitted
[INFO] [stdout] 
[INFO] [stdout] 
[INFO] [stdout] Some errors have detailed explanations: E0061, E0554.
[INFO] [stdout] 
[INFO] [stdout] For more information about an error, try `rustc --explain E0061`.
[INFO] [stdout] 
[INFO] [stderr] error: build failed
[INFO] running `Command { std: "docker" "inspect" "23199a495c6271b91333eb5096cb190133955345aa1b6ce06fd168ccb259f5e1", kill_on_drop: false }`
[INFO] running `Command { std: "docker" "rm" "-f" "23199a495c6271b91333eb5096cb190133955345aa1b6ce06fd168ccb259f5e1", kill_on_drop: false }`
[INFO] [stdout] 23199a495c6271b91333eb5096cb190133955345aa1b6ce06fd168ccb259f5e1
