[INFO] cloning repository https://github.com/Kromgart/wrsr-mg
[INFO] running `Command { std: "git" "-c" "credential.helper=" "-c" "credential.helper=/workspace/cargo-home/bin/git-credential-null" "clone" "--bare" "https://github.com/Kromgart/wrsr-mg" "/workspace/cache/git-repos/https%3A%2F%2Fgithub.com%2FKromgart%2Fwrsr-mg", kill_on_drop: false }`
[INFO] [stderr] Cloning into bare repository '/workspace/cache/git-repos/https%3A%2F%2Fgithub.com%2FKromgart%2Fwrsr-mg'...
[INFO] running `Command { std: "git" "rev-parse" "HEAD", kill_on_drop: false }`
[INFO] [stdout] e2e7ac168c3c1f41a86865755a37a849d51053f2
[INFO] checking Kromgart/wrsr-mg against beta-2021-10-15 for beta-1.56-3
[INFO] running `Command { std: "git" "clone" "/workspace/cache/git-repos/https%3A%2F%2Fgithub.com%2FKromgart%2Fwrsr-mg" "/workspace/builds/worker-12/source", kill_on_drop: false }`
[INFO] [stderr] Cloning into '/workspace/builds/worker-12/source'...
[INFO] [stderr] done.
[INFO] validating manifest of git repo https://github.com/Kromgart/wrsr-mg on toolchain beta-2021-10-15
[INFO] running `Command { std: "/workspace/cargo-home/bin/cargo" "+beta-2021-10-15" "metadata" "--manifest-path" "Cargo.toml" "--no-deps", kill_on_drop: false }`
[INFO] started tweaking git repo https://github.com/Kromgart/wrsr-mg
[INFO] finished tweaking git repo https://github.com/Kromgart/wrsr-mg
[INFO] tweaked toml for git repo https://github.com/Kromgart/wrsr-mg written to /workspace/builds/worker-12/source/Cargo.toml
[INFO] crate git repo https://github.com/Kromgart/wrsr-mg already has a lockfile, it will not be regenerated
[INFO] running `Command { std: "/workspace/cargo-home/bin/cargo" "+beta-2021-10-15" "fetch" "--manifest-path" "Cargo.toml", kill_on_drop: false }`
[INFO] running `Command { std: "docker" "create" "-v" "/var/lib/crater-agent-workspace/builds/worker-12/target:/opt/rustwide/target:rw,Z" "-v" "/var/lib/crater-agent-workspace/builds/worker-12/source:/opt/rustwide/workdir:ro,Z" "-v" "/var/lib/crater-agent-workspace/cargo-home:/opt/rustwide/cargo-home:ro,Z" "-v" "/var/lib/crater-agent-workspace/rustup-home:/opt/rustwide/rustup-home:ro,Z" "-e" "SOURCE_DIR=/opt/rustwide/workdir" "-e" "CARGO_TARGET_DIR=/opt/rustwide/target" "-e" "CARGO_HOME=/opt/rustwide/cargo-home" "-e" "RUSTUP_HOME=/opt/rustwide/rustup-home" "-w" "/opt/rustwide/workdir" "-m" "1610612736" "--user" "0:0" "--network" "none" "ghcr.io/rust-lang/crates-build-env/linux@sha256:a89201d6b5b9fd45c15d5952ece0a0129e7e80cb26ec023fd59cf09bc26f1604" "/opt/rustwide/cargo-home/bin/cargo" "+beta-2021-10-15" "metadata" "--no-deps" "--format-version=1", kill_on_drop: false }`
[INFO] [stderr] WARNING: Your kernel does not support swap limit capabilities or the cgroup is not mounted. Memory limited without swap.
[INFO] [stdout] a0c069a2791fbfe64fcbffad0fed19157c357575e0edbd4d5138449db3d56a36
[INFO] running `Command { std: "docker" "start" "-a" "a0c069a2791fbfe64fcbffad0fed19157c357575e0edbd4d5138449db3d56a36", kill_on_drop: false }`
[INFO] running `Command { std: "docker" "inspect" "a0c069a2791fbfe64fcbffad0fed19157c357575e0edbd4d5138449db3d56a36", kill_on_drop: false }`
[INFO] running `Command { std: "docker" "rm" "-f" "a0c069a2791fbfe64fcbffad0fed19157c357575e0edbd4d5138449db3d56a36", kill_on_drop: false }`
[INFO] [stdout] a0c069a2791fbfe64fcbffad0fed19157c357575e0edbd4d5138449db3d56a36
[INFO] running `Command { std: "docker" "create" "-v" "/var/lib/crater-agent-workspace/builds/worker-12/target:/opt/rustwide/target:rw,Z" "-v" "/var/lib/crater-agent-workspace/builds/worker-12/source:/opt/rustwide/workdir:ro,Z" "-v" "/var/lib/crater-agent-workspace/cargo-home:/opt/rustwide/cargo-home:ro,Z" "-v" "/var/lib/crater-agent-workspace/rustup-home:/opt/rustwide/rustup-home:ro,Z" "-e" "SOURCE_DIR=/opt/rustwide/workdir" "-e" "CARGO_TARGET_DIR=/opt/rustwide/target" "-e" "CARGO_INCREMENTAL=0" "-e" "RUST_BACKTRACE=full" "-e" "RUSTFLAGS=--cap-lints=warn" "-e" "CARGO_HOME=/opt/rustwide/cargo-home" "-e" "RUSTUP_HOME=/opt/rustwide/rustup-home" "-w" "/opt/rustwide/workdir" "-m" "1610612736" "--user" "0:0" "--network" "none" "ghcr.io/rust-lang/crates-build-env/linux@sha256:a89201d6b5b9fd45c15d5952ece0a0129e7e80cb26ec023fd59cf09bc26f1604" "/opt/rustwide/cargo-home/bin/cargo" "+beta-2021-10-15" "check" "--frozen" "--all" "--all-targets" "--message-format=json", kill_on_drop: false }`
[INFO] [stdout] fbe05aff3af48535f1feb3a74fceceb2b4ffba33893b70593499d07a94a0a614
[INFO] [stderr] WARNING: Your kernel does not support swap limit capabilities or the cgroup is not mounted. Memory limited without swap.
[INFO] running `Command { std: "docker" "start" "-a" "fbe05aff3af48535f1feb3a74fceceb2b4ffba33893b70593499d07a94a0a614", kill_on_drop: false }`
[INFO] [stderr]     Checking once_cell v1.8.0
[INFO] [stderr]     Checking normpath v0.3.0
[INFO] [stderr]    Compiling num-traits v0.2.14
[INFO] [stderr]    Compiling num-bigint v0.4.0
[INFO] [stderr]    Compiling num-rational v0.4.0
[INFO] [stderr]    Compiling num-iter v0.1.42
[INFO] [stderr]     Checking getrandom v0.2.3
[INFO] [stderr]    Compiling const_format_proc_macros v0.2.14
[INFO] [stderr]     Checking ahash v0.7.4
[INFO] [stderr]     Checking const_format v0.2.14
[INFO] [stderr]     Checking num-integer v0.1.44
[INFO] [stderr]     Checking num-complex v0.4.0
[INFO] [stderr]     Checking num v0.4.0
[INFO] [stderr]     Checking wrsr-mt v0.5.1 (/opt/rustwide/workdir)
[INFO] [stdout] warning: unused import: `normpath::PathExt`
[INFO] [stdout]    --> src/ini/mod.rs:207:9
[INFO] [stdout]     |
[INFO] [stdout] 207 |     use normpath::PathExt;
[INFO] [stdout]     |         ^^^^^^^^^^^^^^^^^
[INFO] [stdout]     |
[INFO] [stdout]     = note: `#[warn(unused_imports)]` on by default
[INFO] [stdout] 
[INFO] [stdout] 
[INFO] [stdout] warning: unused import: `PathExt`
[INFO] [stdout]  --> src/modpack/mod.rs:8:29
[INFO] [stdout]   |
[INFO] [stdout] 8 | use normpath::{BasePathBuf, PathExt};
[INFO] [stdout]   |                             ^^^^^^^
[INFO] [stdout] 
[INFO] [stdout] 
[INFO] [stdout] warning: unused import: `normpath::PathExt`
[INFO] [stdout]    --> src/ini/mod.rs:207:9
[INFO] [stdout]     |
[INFO] [stdout] 207 |     use normpath::PathExt;
[INFO] [stdout]     |         ^^^^^^^^^^^^^^^^^
[INFO] [stdout]     |
[INFO] [stdout]     = note: `#[warn(unused_imports)]` on by default
[INFO] [stdout] 
[INFO] [stdout] 
[INFO] [stdout] warning: unused import: `PathExt`
[INFO] [stdout]  --> src/modpack/mod.rs:8:29
[INFO] [stdout]   |
[INFO] [stdout] 8 | use normpath::{BasePathBuf, PathExt};
[INFO] [stdout]   |                             ^^^^^^^
[INFO] [stdout] 
[INFO] [stdout] 
[INFO] [stdout] error[E0599]: no method named `normalize_virtually` found for reference `&Path` in the current scope
[INFO] [stdout]    --> src/ini/mod.rs:208:25
[INFO] [stdout]     |
[INFO] [stdout] 208 |     let mut root = root.normalize_virtually().unwrap();
[INFO] [stdout]     |                         ^^^^^^^^^^^^^^^^^^^ method not found in `&Path`
[INFO] [stdout] 
[INFO] [stdout] 
[INFO] [stdout] error[E0599]: no method named `normalize_virtually` found for reference `&Path` in the current scope
[INFO] [stdout]    --> src/ini/mod.rs:208:25
[INFO] [stdout]     |
[INFO] [stdout] 208 |     let mut root = root.normalize_virtually().unwrap();
[INFO] [stdout]     |                         ^^^^^^^^^^^^^^^^^^^ method not found in `&Path`
[INFO] [stdout] 
[INFO] [stdout] 
[INFO] [stdout] error[E0599]: no method named `normalize_virtually` found for struct `PathBuf` in the current scope
[INFO] [stdout]   --> src/modpack/mod.rs:85:59
[INFO] [stdout]    |
[INFO] [stdout] 85 |             let render_ref = if path.exists() { Some(path.normalize_virtually().unwrap()) } else { None };
[INFO] [stdout]    |                                                           ^^^^^^^^^^^^^^^^^^^ method not found in `PathBuf`
[INFO] [stdout] 
[INFO] [stdout] 
[INFO] [stdout] error[E0599]: no method named `normalize_virtually` found for struct `PathBuf` in the current scope
[INFO] [stdout]   --> src/modpack/mod.rs:85:59
[INFO] [stdout]    |
[INFO] [stdout] 85 |             let render_ref = if path.exists() { Some(path.normalize_virtually().unwrap()) } else { None };
[INFO] [stdout]    |                                                           ^^^^^^^^^^^^^^^^^^^ method not found in `PathBuf`
[INFO] [stdout] 
[INFO] [stdout] 
[INFO] [stderr] error: could not compile `wrsr-mt` due to 3 previous errors; 2 warnings emitted
[INFO] [stdout] error: aborting due to 2 previous errors; 2 warnings emitted
[INFO] [stdout] 
[INFO] [stdout] 
[INFO] [stderr] warning: build failed, waiting for other jobs to finish...
[INFO] [stdout] For more information about this error, try `rustc --explain E0599`.
[INFO] [stdout] 
[INFO] [stdout] error: aborting due to 2 previous errors; 2 warnings emitted
[INFO] [stdout] 
[INFO] [stdout] 
[INFO] [stdout] For more information about this error, try `rustc --explain E0599`.
[INFO] [stdout] 
[INFO] [stderr] error: build failed
[INFO] running `Command { std: "docker" "inspect" "fbe05aff3af48535f1feb3a74fceceb2b4ffba33893b70593499d07a94a0a614", kill_on_drop: false }`
[INFO] running `Command { std: "docker" "rm" "-f" "fbe05aff3af48535f1feb3a74fceceb2b4ffba33893b70593499d07a94a0a614", kill_on_drop: false }`
[INFO] [stdout] fbe05aff3af48535f1feb3a74fceceb2b4ffba33893b70593499d07a94a0a614
