[INFO] cloning repository https://github.com/Kratos40-sba/stock-cli
[INFO] running `Command { std: "git" "-c" "credential.helper=" "-c" "credential.helper=/workspace/cargo-home/bin/git-credential-null" "clone" "--bare" "https://github.com/Kratos40-sba/stock-cli" "/workspace/cache/git-repos/https%3A%2F%2Fgithub.com%2FKratos40-sba%2Fstock-cli", kill_on_drop: false }`
[INFO] [stderr] Cloning into bare repository '/workspace/cache/git-repos/https%3A%2F%2Fgithub.com%2FKratos40-sba%2Fstock-cli'...
[INFO] running `Command { std: "git" "rev-parse" "HEAD", kill_on_drop: false }`
[INFO] [stdout] f825c6455b0bb2f22da5479000f827f264d7e2a2
[INFO] checking Kratos40-sba/stock-cli against 1.55.0 for beta-1.56-3
[INFO] running `Command { std: "git" "clone" "/workspace/cache/git-repos/https%3A%2F%2Fgithub.com%2FKratos40-sba%2Fstock-cli" "/workspace/builds/worker-6/source", kill_on_drop: false }`
[INFO] [stderr] Cloning into '/workspace/builds/worker-6/source'...
[INFO] [stderr] done.
[INFO] validating manifest of git repo https://github.com/Kratos40-sba/stock-cli on toolchain 1.55.0
[INFO] running `Command { std: "/workspace/cargo-home/bin/cargo" "+1.55.0" "metadata" "--manifest-path" "Cargo.toml" "--no-deps", kill_on_drop: false }`
[INFO] started tweaking git repo https://github.com/Kratos40-sba/stock-cli
[INFO] finished tweaking git repo https://github.com/Kratos40-sba/stock-cli
[INFO] tweaked toml for git repo https://github.com/Kratos40-sba/stock-cli written to /workspace/builds/worker-6/source/Cargo.toml
[INFO] crate git repo https://github.com/Kratos40-sba/stock-cli already has a lockfile, it will not be regenerated
[INFO] running `Command { std: "/workspace/cargo-home/bin/cargo" "+1.55.0" "fetch" "--manifest-path" "Cargo.toml", kill_on_drop: false }`
[INFO] [stderr]  Downloading crates ...
[INFO] [stderr]   Downloaded rust_decimal_macros v1.15.0
[INFO] [stderr]   Downloaded xactor-derive v0.7.1
[INFO] [stderr]   Downloaded xactor v0.7.11
[INFO] [stderr]   Downloaded async-compat v0.2.1
[INFO] [stderr]   Downloaded security-framework v2.4.0
[INFO] [stderr]   Downloaded yahoo_finance_api v1.2.2
[INFO] [stderr]   Downloaded security-framework-sys v2.4.0
[INFO] running `Command { std: "docker" "create" "-v" "/var/lib/crater-agent-workspace/builds/worker-6/target:/opt/rustwide/target:rw,Z" "-v" "/var/lib/crater-agent-workspace/builds/worker-6/source:/opt/rustwide/workdir:ro,Z" "-v" "/var/lib/crater-agent-workspace/cargo-home:/opt/rustwide/cargo-home:ro,Z" "-v" "/var/lib/crater-agent-workspace/rustup-home:/opt/rustwide/rustup-home:ro,Z" "-e" "SOURCE_DIR=/opt/rustwide/workdir" "-e" "CARGO_TARGET_DIR=/opt/rustwide/target" "-e" "CARGO_HOME=/opt/rustwide/cargo-home" "-e" "RUSTUP_HOME=/opt/rustwide/rustup-home" "-w" "/opt/rustwide/workdir" "-m" "1610612736" "--user" "0:0" "--network" "none" "ghcr.io/rust-lang/crates-build-env/linux@sha256:a89201d6b5b9fd45c15d5952ece0a0129e7e80cb26ec023fd59cf09bc26f1604" "/opt/rustwide/cargo-home/bin/cargo" "+1.55.0" "metadata" "--no-deps" "--format-version=1", kill_on_drop: false }`
[INFO] [stdout] 3420f0545b84bea55ec6a973e33549a84e740909d4c57fdac22f00165cced642
[INFO] [stderr] WARNING: Your kernel does not support swap limit capabilities or the cgroup is not mounted. Memory limited without swap.
[INFO] running `Command { std: "docker" "start" "-a" "3420f0545b84bea55ec6a973e33549a84e740909d4c57fdac22f00165cced642", kill_on_drop: false }`
[INFO] running `Command { std: "docker" "inspect" "3420f0545b84bea55ec6a973e33549a84e740909d4c57fdac22f00165cced642", kill_on_drop: false }`
[INFO] running `Command { std: "docker" "rm" "-f" "3420f0545b84bea55ec6a973e33549a84e740909d4c57fdac22f00165cced642", kill_on_drop: false }`
[INFO] [stdout] 3420f0545b84bea55ec6a973e33549a84e740909d4c57fdac22f00165cced642
[INFO] running `Command { std: "docker" "create" "-v" "/var/lib/crater-agent-workspace/builds/worker-6/target:/opt/rustwide/target:rw,Z" "-v" "/var/lib/crater-agent-workspace/builds/worker-6/source:/opt/rustwide/workdir:ro,Z" "-v" "/var/lib/crater-agent-workspace/cargo-home:/opt/rustwide/cargo-home:ro,Z" "-v" "/var/lib/crater-agent-workspace/rustup-home:/opt/rustwide/rustup-home:ro,Z" "-e" "SOURCE_DIR=/opt/rustwide/workdir" "-e" "CARGO_TARGET_DIR=/opt/rustwide/target" "-e" "CARGO_INCREMENTAL=0" "-e" "RUST_BACKTRACE=full" "-e" "RUSTFLAGS=--cap-lints=warn" "-e" "CARGO_HOME=/opt/rustwide/cargo-home" "-e" "RUSTUP_HOME=/opt/rustwide/rustup-home" "-w" "/opt/rustwide/workdir" "-m" "1610612736" "--user" "0:0" "--network" "none" "ghcr.io/rust-lang/crates-build-env/linux@sha256:a89201d6b5b9fd45c15d5952ece0a0129e7e80cb26ec023fd59cf09bc26f1604" "/opt/rustwide/cargo-home/bin/cargo" "+1.55.0" "check" "--frozen" "--all" "--all-targets" "--message-format=json", kill_on_drop: false }`
[INFO] [stdout] af704e374304271fd41e3dff7174998294bbe771e54ffe58d6f41a5814204a58
[INFO] [stderr] WARNING: Your kernel does not support swap limit capabilities or the cgroup is not mounted. Memory limited without swap.
[INFO] running `Command { std: "docker" "start" "-a" "af704e374304271fd41e3dff7174998294bbe771e54ffe58d6f41a5814204a58", kill_on_drop: false }`
[INFO] [stderr]    Compiling syn v1.0.75
[INFO] [stderr]    Compiling log v0.4.14
[INFO] [stderr]    Compiling openssl v0.10.36
[INFO] [stderr]    Compiling native-tls v0.2.8
[INFO] [stderr]    Compiling signal-hook v0.3.9
[INFO] [stderr]    Compiling serde_json v1.0.67
[INFO] [stderr]    Compiling anyhow v1.0.43
[INFO] [stderr]    Compiling arrayvec v0.5.2
[INFO] [stderr]     Checking regex-automata v0.1.10
[INFO] [stderr]     Checking os_str_bytes v3.1.0
[INFO] [stderr]    Compiling futures-util v0.3.16
[INFO] [stderr]    Compiling tokio v1.10.1
[INFO] [stderr]    Compiling num-traits v0.2.14
[INFO] [stderr]    Compiling ring v0.16.20
[INFO] [stderr]     Checking tracing-core v0.1.19
[INFO] [stderr]    Compiling num-integer v0.1.44
[INFO] [stderr]    Compiling openssl-sys v0.9.66
[INFO] [stderr]     Checking textwrap v0.14.2
[INFO] [stderr]     Checking socket2 v0.4.1
[INFO] [stderr]     Checking signal-hook-registry v1.4.0
[INFO] [stderr]     Checking time v0.1.44
[INFO] [stderr]     Checking csv-core v0.1.10
[INFO] [stderr]     Checking futures-lite v1.12.0
[INFO] [stderr]     Checking idna v0.2.3
[INFO] [stderr]    Compiling proc-macro-error-attr v1.0.4
[INFO] [stderr]     Checking tracing v0.1.26
[INFO] [stderr]     Checking url v2.2.2
[INFO] [stderr]     Checking blocking v1.0.2
[INFO] [stderr]     Checking async-executor v1.4.1
[INFO] [stderr]     Checking chrono v0.4.19
[INFO] [stderr]     Checking webpki v0.21.4
[INFO] [stderr]     Checking sct v0.6.1
[INFO] [stderr]    Compiling proc-macro-error v1.0.4
[INFO] [stderr]    Compiling ctor v0.1.20
[INFO] [stderr]    Compiling serde_derive v1.0.130
[INFO] [stderr]    Compiling futures-macro v0.3.16
[INFO] [stderr]    Compiling async-attributes v1.1.2
[INFO] [stderr]    Compiling xactor-derive v0.7.1
[INFO] [stderr]    Compiling clap_derive v3.0.0-beta.4
[INFO] [stderr]    Compiling async-trait v0.1.51
[INFO] [stderr]     Checking value-bag v1.0.0-alpha.7
[INFO] [stderr]     Checking mio v0.7.13
[INFO] [stderr]     Checking polling v2.1.0
[INFO] [stderr]     Checking want v0.3.0
[INFO] [stderr]     Checking kv-log-macro v1.0.7
[INFO] [stderr]     Checking rustls v0.19.1
[INFO] [stderr]     Checking async-io v1.6.0
[INFO] [stderr]     Checking clap v3.0.0-beta.4
[INFO] [stderr]     Checking async-process v1.2.0
[INFO] [stderr]     Checking async-global-executor v2.0.2
[INFO] [stderr]     Checking async-std v1.10.0
[INFO] [stderr]     Checking futures-executor v0.3.16
[INFO] [stderr]     Checking futures v0.3.16
[INFO] [stderr]     Checking serde v1.0.130
[INFO] [stderr]     Checking tokio-util v0.6.7
[INFO] [stderr]     Checking tokio-native-tls v0.3.0
[INFO] [stderr]     Checking async-compat v0.2.1
[INFO] [stderr]     Checking h2 v0.3.4
[INFO] [stderr]     Checking serde_urlencoded v0.7.0
[INFO] [stderr]     Checking bstr v0.2.16
[INFO] [stderr]     Checking rust_decimal v1.15.0
[INFO] [stderr]     Checking xactor v0.7.11
[INFO] [stderr]     Checking csv v1.1.6
[INFO] [stderr]    Compiling rust_decimal_macros v1.15.0
[INFO] [stderr]     Checking hyper v0.14.12
[INFO] [stderr]     Checking hyper-tls v0.5.0
[INFO] [stderr]     Checking reqwest v0.11.4
[INFO] [stderr]     Checking yahoo_finance_api v1.2.2
[INFO] [stderr]     Checking stock-cli v0.1.0 (/opt/rustwide/workdir)
[INFO] [stdout] error[E0432]: unresolved import `crate::process_data`
[INFO] [stdout]  --> src/downloader.rs:3:12
[INFO] [stdout]   |
[INFO] [stdout] 3 | use crate::process_data::{min_and_max, Data};
[INFO] [stdout]   |            ^^^^^^^^^^^^ could not find `process_data` in the crate root
[INFO] [stdout] 
[INFO] [stdout] 
[INFO] [stdout] error[E0432]: unresolved import `crate::download_data`
[INFO] [stdout]  --> src/processor.rs:4:12
[INFO] [stdout]   |
[INFO] [stdout] 4 | use crate::download_data::YQuote;
[INFO] [stdout]   |            ^^^^^^^^^^^^^ could not find `download_data` in the crate root
[INFO] [stdout] 
[INFO] [stdout] 
[INFO] [stdout] warning: unused import: `std::sync::Arc`
[INFO] [stdout]  --> src/downloader.rs:7:5
[INFO] [stdout]   |
[INFO] [stdout] 7 | use std::sync::Arc;
[INFO] [stdout]   |     ^^^^^^^^^^^^^^
[INFO] [stdout]   |
[INFO] [stdout]   = note: `#[warn(unused_imports)]` on by default
[INFO] [stdout] 
[INFO] [stdout] 
[INFO] [stdout] warning: unused import: `rust_decimal::prelude::*`
[INFO] [stdout]  --> src/processor.rs:1:5
[INFO] [stdout]   |
[INFO] [stdout] 1 | use rust_decimal::prelude::*;
[INFO] [stdout]   |     ^^^^^^^^^^^^^^^^^^^^^^^^
[INFO] [stdout] 
[INFO] [stdout] 
[INFO] [stdout] error[E0432]: unresolved import `crate::process_data`
[INFO] [stdout]  --> src/downloader.rs:3:12
[INFO] [stdout]   |
[INFO] [stdout] 3 | use crate::process_data::{min_and_max, Data};
[INFO] [stdout]   |            ^^^^^^^^^^^^ could not find `process_data` in the crate root
[INFO] [stdout] 
[INFO] [stdout] 
[INFO] [stdout] error[E0432]: unresolved import `crate::download_data`
[INFO] [stdout]  --> src/processor.rs:4:12
[INFO] [stdout]   |
[INFO] [stdout] 4 | use crate::download_data::YQuote;
[INFO] [stdout]   |            ^^^^^^^^^^^^^ could not find `download_data` in the crate root
[INFO] [stdout] 
[INFO] [stdout] 
[INFO] [stdout] warning: unused import: `std::sync::Arc`
[INFO] [stdout]  --> src/downloader.rs:7:5
[INFO] [stdout]   |
[INFO] [stdout] 7 | use std::sync::Arc;
[INFO] [stdout]   |     ^^^^^^^^^^^^^^
[INFO] [stdout]   |
[INFO] [stdout]   = note: `#[warn(unused_imports)]` on by default
[INFO] [stdout] 
[INFO] [stdout] 
[INFO] [stdout] warning: unused import: `rust_decimal::prelude::*`
[INFO] [stdout]  --> src/processor.rs:1:5
[INFO] [stdout]   |
[INFO] [stdout] 1 | use rust_decimal::prelude::*;
[INFO] [stdout]   |     ^^^^^^^^^^^^^^^^^^^^^^^^
[INFO] [stdout] 
[INFO] [stdout] 
[INFO] [stdout] error: aborting due to 2 previous errors; 2 warnings emitted
[INFO] [stdout] 
[INFO] [stdout] 
[INFO] [stdout] For more information about this error, try `rustc --explain E0432`.
[INFO] [stdout] 
[INFO] [stderr] error: could not compile `stock-cli` due to 3 previous errors; 2 warnings emitted
[INFO] [stderr] warning: build failed, waiting for other jobs to finish...
[INFO] [stdout] error: aborting due to 2 previous errors; 2 warnings emitted
[INFO] [stdout] 
[INFO] [stdout] 
[INFO] [stdout] For more information about this error, try `rustc --explain E0432`.
[INFO] [stdout] 
[INFO] [stderr] error: build failed
[INFO] running `Command { std: "docker" "inspect" "af704e374304271fd41e3dff7174998294bbe771e54ffe58d6f41a5814204a58", kill_on_drop: false }`
[INFO] running `Command { std: "docker" "rm" "-f" "af704e374304271fd41e3dff7174998294bbe771e54ffe58d6f41a5814204a58", kill_on_drop: false }`
[INFO] [stdout] af704e374304271fd41e3dff7174998294bbe771e54ffe58d6f41a5814204a58
