[INFO] cloning repository https://github.com/Krakaw/nginx-auth
[INFO] running `Command { std: "git" "-c" "credential.helper=" "-c" "credential.helper=/workspace/cargo-home/bin/git-credential-null" "clone" "--bare" "https://github.com/Krakaw/nginx-auth" "/workspace/cache/git-repos/https%3A%2F%2Fgithub.com%2FKrakaw%2Fnginx-auth", kill_on_drop: false }`
[INFO] [stderr] Cloning into bare repository '/workspace/cache/git-repos/https%3A%2F%2Fgithub.com%2FKrakaw%2Fnginx-auth'...
[INFO] running `Command { std: "git" "rev-parse" "HEAD", kill_on_drop: false }`
[INFO] [stdout] 49635e81495e1a7272d06061dcac4cf0151a215a
[INFO] checking Krakaw/nginx-auth against 1.55.0 for beta-1.56-3
[INFO] running `Command { std: "git" "clone" "/workspace/cache/git-repos/https%3A%2F%2Fgithub.com%2FKrakaw%2Fnginx-auth" "/workspace/builds/worker-1/source", kill_on_drop: false }`
[INFO] [stderr] Cloning into '/workspace/builds/worker-1/source'...
[INFO] [stderr] done.
[INFO] validating manifest of git repo https://github.com/Krakaw/nginx-auth on toolchain 1.55.0
[INFO] running `Command { std: "/workspace/cargo-home/bin/cargo" "+1.55.0" "metadata" "--manifest-path" "Cargo.toml" "--no-deps", kill_on_drop: false }`
[INFO] removed /workspace/builds/worker-1/source/rust-toolchain
[INFO] started tweaking git repo https://github.com/Krakaw/nginx-auth
[INFO] finished tweaking git repo https://github.com/Krakaw/nginx-auth
[INFO] tweaked toml for git repo https://github.com/Krakaw/nginx-auth written to /workspace/builds/worker-1/source/Cargo.toml
[INFO] crate git repo https://github.com/Krakaw/nginx-auth already has a lockfile, it will not be regenerated
[INFO] running `Command { std: "/workspace/cargo-home/bin/cargo" "+1.55.0" "fetch" "--manifest-path" "Cargo.toml", kill_on_drop: false }`
[INFO] [stderr]     Blocking waiting for file lock on package cache
[INFO] running `Command { std: "docker" "create" "-v" "/var/lib/crater-agent-workspace/builds/worker-1/target:/opt/rustwide/target:rw,Z" "-v" "/var/lib/crater-agent-workspace/builds/worker-1/source:/opt/rustwide/workdir:ro,Z" "-v" "/var/lib/crater-agent-workspace/cargo-home:/opt/rustwide/cargo-home:ro,Z" "-v" "/var/lib/crater-agent-workspace/rustup-home:/opt/rustwide/rustup-home:ro,Z" "-e" "SOURCE_DIR=/opt/rustwide/workdir" "-e" "CARGO_TARGET_DIR=/opt/rustwide/target" "-e" "CARGO_HOME=/opt/rustwide/cargo-home" "-e" "RUSTUP_HOME=/opt/rustwide/rustup-home" "-w" "/opt/rustwide/workdir" "-m" "1610612736" "--user" "0:0" "--network" "none" "ghcr.io/rust-lang/crates-build-env/linux@sha256:a89201d6b5b9fd45c15d5952ece0a0129e7e80cb26ec023fd59cf09bc26f1604" "/opt/rustwide/cargo-home/bin/cargo" "+1.55.0" "metadata" "--no-deps" "--format-version=1", kill_on_drop: false }`
[INFO] [stderr] WARNING: Your kernel does not support swap limit capabilities or the cgroup is not mounted. Memory limited without swap.
[INFO] [stdout] 243d720431da1aefdfd00e9a1a558ffa54ca4cdea253304a2bce4d6b900683c3
[INFO] running `Command { std: "docker" "start" "-a" "243d720431da1aefdfd00e9a1a558ffa54ca4cdea253304a2bce4d6b900683c3", kill_on_drop: false }`
[INFO] running `Command { std: "docker" "inspect" "243d720431da1aefdfd00e9a1a558ffa54ca4cdea253304a2bce4d6b900683c3", kill_on_drop: false }`
[INFO] running `Command { std: "docker" "rm" "-f" "243d720431da1aefdfd00e9a1a558ffa54ca4cdea253304a2bce4d6b900683c3", kill_on_drop: false }`
[INFO] [stdout] 243d720431da1aefdfd00e9a1a558ffa54ca4cdea253304a2bce4d6b900683c3
[INFO] running `Command { std: "docker" "create" "-v" "/var/lib/crater-agent-workspace/builds/worker-1/target:/opt/rustwide/target:rw,Z" "-v" "/var/lib/crater-agent-workspace/builds/worker-1/source:/opt/rustwide/workdir:ro,Z" "-v" "/var/lib/crater-agent-workspace/cargo-home:/opt/rustwide/cargo-home:ro,Z" "-v" "/var/lib/crater-agent-workspace/rustup-home:/opt/rustwide/rustup-home:ro,Z" "-e" "SOURCE_DIR=/opt/rustwide/workdir" "-e" "CARGO_TARGET_DIR=/opt/rustwide/target" "-e" "CARGO_INCREMENTAL=0" "-e" "RUST_BACKTRACE=full" "-e" "RUSTFLAGS=--cap-lints=warn" "-e" "CARGO_HOME=/opt/rustwide/cargo-home" "-e" "RUSTUP_HOME=/opt/rustwide/rustup-home" "-w" "/opt/rustwide/workdir" "-m" "1610612736" "--user" "0:0" "--network" "none" "ghcr.io/rust-lang/crates-build-env/linux@sha256:a89201d6b5b9fd45c15d5952ece0a0129e7e80cb26ec023fd59cf09bc26f1604" "/opt/rustwide/cargo-home/bin/cargo" "+1.55.0" "check" "--frozen" "--all" "--all-targets" "--message-format=json", kill_on_drop: false }`
[INFO] [stdout] 85ec3035a44f465c54217eef6ff6d39661ad0ba7ffacc59ca7413808028f7cbc
[INFO] [stderr] WARNING: Your kernel does not support swap limit capabilities or the cgroup is not mounted. Memory limited without swap.
[INFO] running `Command { std: "docker" "start" "-a" "85ec3035a44f465c54217eef6ff6d39661ad0ba7ffacc59ca7413808028f7cbc", kill_on_drop: false }`
[INFO] [stderr]    Compiling libc v0.2.74
[INFO] [stderr]    Compiling syn v1.0.36
[INFO] [stderr]     Checking os_str_bytes v2.3.1
[INFO] [stderr]     Checking strsim v0.10.0
[INFO] [stderr]    Compiling proc-macro-error-attr v0.4.12
[INFO] [stderr]    Compiling proc-macro-error v0.4.12
[INFO] [stderr]     Checking getrandom v0.1.14
[INFO] [stderr]     Checking net2 v0.2.34
[INFO] [stderr]     Checking iovec v0.1.4
[INFO] [stderr]     Checking time v0.1.43
[INFO] [stderr]     Checking rand_os v0.1.3
[INFO] [stderr]     Checking socket2 v0.3.12
[INFO] [stderr]     Checking atty v0.2.14
[INFO] [stderr]     Checking env_logger v0.7.1
[INFO] [stderr]     Checking rand v0.6.5
[INFO] [stderr]     Checking rand_core v0.5.1
[INFO] [stderr]     Checking headers v0.3.2
[INFO] [stderr]     Checking mio v0.6.22
[INFO] [stderr]     Checking rand_chacha v0.2.2
[INFO] [stderr]     Checking rand v0.7.3
[INFO] [stderr]    Compiling phf_generator v0.7.24
[INFO] [stderr]    Compiling phf_codegen v0.7.24
[INFO] [stderr]     Checking tempfile v3.1.0
[INFO] [stderr]     Checking tungstenite v0.10.1
[INFO] [stderr]    Compiling mime_guess v1.8.8
[INFO] [stderr]    Compiling syn-mid v0.5.0
[INFO] [stderr]     Checking multipart v0.16.1
[INFO] [stderr]    Compiling pin-project-internal v0.4.23
[INFO] [stderr]    Compiling futures-macro v0.3.5
[INFO] [stderr]    Compiling tokio-macros v0.2.5
[INFO] [stderr]    Compiling serde_derive v1.0.114
[INFO] [stderr]     Checking tokio v0.2.22
[INFO] [stderr]    Compiling clap_derive v3.0.0-beta.1
[INFO] [stderr]     Checking pin-project v0.4.23
[INFO] [stderr]     Checking futures-util v0.3.5
[INFO] [stderr]     Checking tracing-futures v0.2.4
[INFO] [stderr]     Checking tokio-util v0.3.1
[INFO] [stderr]     Checking clap v3.0.0-beta.1
[INFO] [stderr]     Checking serde v1.0.114
[INFO] [stderr]     Checking futures-executor v0.3.5
[INFO] [stderr]     Checking h2 v0.2.6
[INFO] [stderr]     Checking futures v0.3.5
[INFO] [stderr]     Checking tokio-tungstenite v0.10.1
[INFO] [stderr]     Checking serde_json v1.0.57
[INFO] [stderr]     Checking serde_urlencoded v0.6.1
[INFO] [stderr]     Checking hyper v0.13.7
[INFO] [stderr]     Checking warp v0.2.4
[INFO] [stderr]     Checking Rauthy v0.2.3 (/opt/rustwide/workdir)
[INFO] [stdout] error[E0554]: `#![feature]` may not be used on the stable release channel
[INFO] [stdout]  --> src/main.rs:1:1
[INFO] [stdout]   |
[INFO] [stdout] 1 | #![feature(drain_filter)]
[INFO] [stdout]   | ^^^^^^^^^^^^^^^^^^^^^^^^^
[INFO] [stdout] 
[INFO] [stdout] 
[INFO] [stdout] error[E0554]: `#![feature]` may not be used on the stable release channel
[INFO] [stdout]  --> src/main.rs:2:1
[INFO] [stdout]   |
[INFO] [stdout] 2 | #![feature(option_result_contains)]
[INFO] [stdout]   | ^^^^^^^^^^^^^^^^^^^^^^^^^^^^^^^^^^^
[INFO] [stdout] 
[INFO] [stdout] 
[INFO] [stdout] error[E0554]: `#![feature]` may not be used on the stable release channel
[INFO] [stdout]  --> src/main.rs:1:1
[INFO] [stdout]   |
[INFO] [stdout] 1 | #![feature(drain_filter)]
[INFO] [stdout]   | ^^^^^^^^^^^^^^^^^^^^^^^^^
[INFO] [stdout] 
[INFO] [stdout] 
[INFO] [stdout] error[E0554]: `#![feature]` may not be used on the stable release channel
[INFO] [stdout]  --> src/main.rs:2:1
[INFO] [stdout]   |
[INFO] [stdout] 2 | #![feature(option_result_contains)]
[INFO] [stdout]   | ^^^^^^^^^^^^^^^^^^^^^^^^^^^^^^^^^^^
[INFO] [stdout] 
[INFO] [stdout] 
[INFO] [stdout] error: aborting due to 2 previous errors
[INFO] [stdout] 
[INFO] [stdout] 
[INFO] [stdout] For more information about this error, try `rustc --explain E0554`.
[INFO] [stdout] 
[INFO] [stderr] error: could not compile `Rauthy` due to 3 previous errors
[INFO] [stderr] warning: build failed, waiting for other jobs to finish...
[INFO] [stdout] error: aborting due to 2 previous errors
[INFO] [stdout] 
[INFO] [stdout] 
[INFO] [stdout] For more information about this error, try `rustc --explain E0554`.
[INFO] [stdout] 
[INFO] [stderr] error: build failed
[INFO] running `Command { std: "docker" "inspect" "85ec3035a44f465c54217eef6ff6d39661ad0ba7ffacc59ca7413808028f7cbc", kill_on_drop: false }`
[INFO] running `Command { std: "docker" "rm" "-f" "85ec3035a44f465c54217eef6ff6d39661ad0ba7ffacc59ca7413808028f7cbc", kill_on_drop: false }`
[INFO] [stdout] 85ec3035a44f465c54217eef6ff6d39661ad0ba7ffacc59ca7413808028f7cbc
