[INFO] cloning repository https://github.com/KimByungChan/spark-ar-killer
[INFO] running `Command { std: "git" "-c" "credential.helper=" "-c" "credential.helper=/workspace/cargo-home/bin/git-credential-null" "clone" "--bare" "https://github.com/KimByungChan/spark-ar-killer" "/workspace/cache/git-repos/https%3A%2F%2Fgithub.com%2FKimByungChan%2Fspark-ar-killer", kill_on_drop: false }`
[INFO] [stderr] Cloning into bare repository '/workspace/cache/git-repos/https%3A%2F%2Fgithub.com%2FKimByungChan%2Fspark-ar-killer'...
[INFO] running `Command { std: "git" "rev-parse" "HEAD", kill_on_drop: false }`
[INFO] [stdout] cb215efa6efca14f43ec2996f7858a4989f4f24c
[INFO] checking KimByungChan/spark-ar-killer against beta-2021-10-15 for beta-1.56-3
[INFO] running `Command { std: "git" "clone" "/workspace/cache/git-repos/https%3A%2F%2Fgithub.com%2FKimByungChan%2Fspark-ar-killer" "/workspace/builds/worker-2/source", kill_on_drop: false }`
[INFO] [stderr] Cloning into '/workspace/builds/worker-2/source'...
[INFO] [stderr] done.
[INFO] validating manifest of git repo https://github.com/KimByungChan/spark-ar-killer on toolchain beta-2021-10-15
[INFO] running `Command { std: "/workspace/cargo-home/bin/cargo" "+beta-2021-10-15" "metadata" "--manifest-path" "Cargo.toml" "--no-deps", kill_on_drop: false }`
[INFO] started tweaking git repo https://github.com/KimByungChan/spark-ar-killer
[INFO] finished tweaking git repo https://github.com/KimByungChan/spark-ar-killer
[INFO] tweaked toml for git repo https://github.com/KimByungChan/spark-ar-killer written to /workspace/builds/worker-2/source/Cargo.toml
[INFO] crate git repo https://github.com/KimByungChan/spark-ar-killer already has a lockfile, it will not be regenerated
[INFO] running `Command { std: "/workspace/cargo-home/bin/cargo" "+beta-2021-10-15" "fetch" "--manifest-path" "Cargo.toml", kill_on_drop: false }`
[INFO] running `Command { std: "docker" "create" "-v" "/var/lib/crater-agent-workspace/builds/worker-2/target:/opt/rustwide/target:rw,Z" "-v" "/var/lib/crater-agent-workspace/builds/worker-2/source:/opt/rustwide/workdir:ro,Z" "-v" "/var/lib/crater-agent-workspace/cargo-home:/opt/rustwide/cargo-home:ro,Z" "-v" "/var/lib/crater-agent-workspace/rustup-home:/opt/rustwide/rustup-home:ro,Z" "-e" "SOURCE_DIR=/opt/rustwide/workdir" "-e" "CARGO_TARGET_DIR=/opt/rustwide/target" "-e" "CARGO_HOME=/opt/rustwide/cargo-home" "-e" "RUSTUP_HOME=/opt/rustwide/rustup-home" "-w" "/opt/rustwide/workdir" "-m" "1610612736" "--user" "0:0" "--network" "none" "ghcr.io/rust-lang/crates-build-env/linux@sha256:a89201d6b5b9fd45c15d5952ece0a0129e7e80cb26ec023fd59cf09bc26f1604" "/opt/rustwide/cargo-home/bin/cargo" "+beta-2021-10-15" "metadata" "--no-deps" "--format-version=1", kill_on_drop: false }`
[INFO] [stderr] WARNING: Your kernel does not support swap limit capabilities or the cgroup is not mounted. Memory limited without swap.
[INFO] [stdout] 3b1b50b6c238d6dfb2189b135e5f9028f519ea86373dc927fb0b3dfbffe528c8
[INFO] running `Command { std: "docker" "start" "-a" "3b1b50b6c238d6dfb2189b135e5f9028f519ea86373dc927fb0b3dfbffe528c8", kill_on_drop: false }`
[INFO] running `Command { std: "docker" "inspect" "3b1b50b6c238d6dfb2189b135e5f9028f519ea86373dc927fb0b3dfbffe528c8", kill_on_drop: false }`
[INFO] running `Command { std: "docker" "rm" "-f" "3b1b50b6c238d6dfb2189b135e5f9028f519ea86373dc927fb0b3dfbffe528c8", kill_on_drop: false }`
[INFO] [stdout] 3b1b50b6c238d6dfb2189b135e5f9028f519ea86373dc927fb0b3dfbffe528c8
[INFO] running `Command { std: "docker" "create" "-v" "/var/lib/crater-agent-workspace/builds/worker-2/target:/opt/rustwide/target:rw,Z" "-v" "/var/lib/crater-agent-workspace/builds/worker-2/source:/opt/rustwide/workdir:ro,Z" "-v" "/var/lib/crater-agent-workspace/cargo-home:/opt/rustwide/cargo-home:ro,Z" "-v" "/var/lib/crater-agent-workspace/rustup-home:/opt/rustwide/rustup-home:ro,Z" "-e" "SOURCE_DIR=/opt/rustwide/workdir" "-e" "CARGO_TARGET_DIR=/opt/rustwide/target" "-e" "CARGO_INCREMENTAL=0" "-e" "RUST_BACKTRACE=full" "-e" "RUSTFLAGS=--cap-lints=warn" "-e" "CARGO_HOME=/opt/rustwide/cargo-home" "-e" "RUSTUP_HOME=/opt/rustwide/rustup-home" "-w" "/opt/rustwide/workdir" "-m" "1610612736" "--user" "0:0" "--network" "none" "ghcr.io/rust-lang/crates-build-env/linux@sha256:a89201d6b5b9fd45c15d5952ece0a0129e7e80cb26ec023fd59cf09bc26f1604" "/opt/rustwide/cargo-home/bin/cargo" "+beta-2021-10-15" "check" "--frozen" "--all" "--all-targets" "--message-format=json", kill_on_drop: false }`
[INFO] [stdout] cd0b60d405d80e8bd6c146b21cadaabe3cc271b87b7a7777e2249abdd2d5f660
[INFO] [stderr] WARNING: Your kernel does not support swap limit capabilities or the cgroup is not mounted. Memory limited without swap.
[INFO] running `Command { std: "docker" "start" "-a" "cd0b60d405d80e8bd6c146b21cadaabe3cc271b87b7a7777e2249abdd2d5f660", kill_on_drop: false }`
[INFO] [stderr]    Compiling spark-ar-killer v0.1.0 (/opt/rustwide/workdir)
[INFO] [stdout] error[E0433]: failed to resolve: use of undeclared crate or module `winapi`
[INFO] [stdout]  --> src/main.rs:4:5
[INFO] [stdout]   |
[INFO] [stdout] 4 | use winapi::shared::minwindef::{DWORD};
[INFO] [stdout]   |     ^^^^^^ use of undeclared crate or module `winapi`
[INFO] [stdout] 
[INFO] [stdout] 
[INFO] [stdout] error[E0433]: failed to resolve: use of undeclared crate or module `winapi`
[INFO] [stdout]  --> src/main.rs:5:5
[INFO] [stdout]   |
[INFO] [stdout] 5 | use winapi::um::handleapi::{CloseHandle, INVALID_HANDLE_VALUE};
[INFO] [stdout]   |     ^^^^^^ use of undeclared crate or module `winapi`
[INFO] [stdout] 
[INFO] [stdout] 
[INFO] [stdout] error[E0433]: failed to resolve: use of undeclared crate or module `winapi`
[INFO] [stdout]  --> src/main.rs:6:5
[INFO] [stdout]   |
[INFO] [stdout] 6 | use winapi::um::tlhelp32::{CreateToolhelp32Snapshot, Process32FirstW, Process32NextW, TH32CS_SNAPPROCESS, PROCESSENTRY32W};
[INFO] [stdout]   |     ^^^^^^ use of undeclared crate or module `winapi`
[INFO] [stdout] 
[INFO] [stdout] 
[INFO] [stdout] error[E0433]: failed to resolve: use of undeclared crate or module `winapi`
[INFO] [stdout]  --> src/main.rs:7:5
[INFO] [stdout]   |
[INFO] [stdout] 7 | use winapi::um::processthreadsapi::{TerminateProcess, OpenProcess};
[INFO] [stdout]   |     ^^^^^^ use of undeclared crate or module `winapi`
[INFO] [stdout] 
[INFO] [stdout] 
[INFO] [stdout] error[E0433]: failed to resolve: use of undeclared crate or module `wio`
[INFO] [stdout]   --> src/main.rs:10:5
[INFO] [stdout]    |
[INFO] [stdout] 10 | use wio::wide::FromWide;
[INFO] [stdout]    |     ^^^ use of undeclared crate or module `wio`
[INFO] [stdout] 
[INFO] [stdout] 
[INFO] [stdout] error[E0432]: unresolved import `regex`
[INFO] [stdout]   --> src/main.rs:11:5
[INFO] [stdout]    |
[INFO] [stdout] 11 | use regex::Regex;
[INFO] [stdout]    |     ^^^^^ use of undeclared crate or module `regex`
[INFO] [stdout] 
[INFO] [stdout] 
[INFO] [stdout] error[E0433]: failed to resolve: use of undeclared crate or module `winapi`
[INFO] [stdout]   --> src/main.rs:13:5
[INFO] [stdout]    |
[INFO] [stdout] 13 | use winapi::um::winnt::PROCESS_ALL_ACCESS;
[INFO] [stdout]    |     ^^^^^^ use of undeclared crate or module `winapi`
[INFO] [stdout] 
[INFO] [stdout] 
[INFO] [stdout] error[E0432]: unresolved import `lazy_static`
[INFO] [stdout]   --> src/main.rs:12:5
[INFO] [stdout]    |
[INFO] [stdout] 12 | use lazy_static::lazy_static;
[INFO] [stdout]    |     ^^^^^^^^^^^ use of undeclared crate or module `lazy_static`
[INFO] [stdout] 
[INFO] [stdout] 
[INFO] [stdout] error: cannot determine resolution for the macro `lazy_static`
[INFO] [stdout]   --> src/main.rs:15:1
[INFO] [stdout]    |
[INFO] [stdout] 15 | lazy_static! {
[INFO] [stdout]    | ^^^^^^^^^^^
[INFO] [stdout]    |
[INFO] [stdout]    = note: import resolution is stuck, try simplifying macro imports
[INFO] [stdout] 
[INFO] [stdout] 
[INFO] [stdout] error[E0412]: cannot find type `DWORD` in this scope
[INFO] [stdout]   --> src/main.rs:20:8
[INFO] [stdout]    |
[INFO] [stdout] 20 |   pid: DWORD,
[INFO] [stdout]    |        ^^^^^ not found in this scope
[INFO] [stdout] 
[INFO] [stdout] 
[INFO] [stdout] error[E0425]: cannot find function `get_processes` in this scope
[INFO] [stdout]   --> src/main.rs:73:25
[INFO] [stdout]    |
[INFO] [stdout] 73 |   let processes = match get_processes() {
[INFO] [stdout]    |                         ^^^^^^^^^^^^^ not found in this scope
[INFO] [stdout] 
[INFO] [stdout] 
[INFO] [stdout] error[E0425]: cannot find value `SPARK_AR_PROCESS_PREFIX` in this scope
[INFO] [stdout]   --> src/main.rs:84:9
[INFO] [stdout]    |
[INFO] [stdout] 84 |     if !SPARK_AR_PROCESS_PREFIX.is_match(&name) {
[INFO] [stdout]    |         ^^^^^^^^^^^^^^^^^^^^^^^ not found in this scope
[INFO] [stdout] 
[INFO] [stdout] 
[INFO] [stdout] error[E0425]: cannot find function, tuple struct or tuple variant `OpenProcess` in this scope
[INFO] [stdout]   --> src/main.rs:88:27
[INFO] [stdout]    |
[INFO] [stdout] 88 |     let handle = unsafe { OpenProcess(PROCESS_ALL_ACCESS, 0, p.pid) };
[INFO] [stdout]    |                           ^^^^^^^^^^^ not found in this scope
[INFO] [stdout] 
[INFO] [stdout] 
[INFO] [stdout] error[E0425]: cannot find value `PROCESS_ALL_ACCESS` in this scope
[INFO] [stdout]   --> src/main.rs:88:39
[INFO] [stdout]    |
[INFO] [stdout] 88 |     let handle = unsafe { OpenProcess(PROCESS_ALL_ACCESS, 0, p.pid) };
[INFO] [stdout]    |                                       ^^^^^^^^^^^^^^^^^^ not found in this scope
[INFO] [stdout] 
[INFO] [stdout] 
[INFO] [stdout] error[E0425]: cannot find function, tuple struct or tuple variant `TerminateProcess` in this scope
[INFO] [stdout]   --> src/main.rs:89:34
[INFO] [stdout]    |
[INFO] [stdout] 89 |     let is_terminated = unsafe { TerminateProcess(handle, 0) };
[INFO] [stdout]    |                                  ^^^^^^^^^^^^^^^^ not found in this scope
[INFO] [stdout] 
[INFO] [stdout] 
[INFO] [stdout] warning: unused imports: `size_of`, `zeroed`
[INFO] [stdout]  --> src/main.rs:8:16
[INFO] [stdout]   |
[INFO] [stdout] 8 | use std::mem::{zeroed, size_of};
[INFO] [stdout]   |                ^^^^^^  ^^^^^^^
[INFO] [stdout]   |
[INFO] [stdout]   = note: `#[warn(unused_imports)]` on by default
[INFO] [stdout] 
[INFO] [stdout] 
[INFO] [stdout] warning: unused import: `std::ffi::OsString`
[INFO] [stdout]  --> src/main.rs:9:5
[INFO] [stdout]   |
[INFO] [stdout] 9 | use std::ffi::OsString;
[INFO] [stdout]   |     ^^^^^^^^^^^^^^^^^^
[INFO] [stdout] 
[INFO] [stdout] 
[INFO] [stdout] error: aborting due to 15 previous errors; 2 warnings emitted
[INFO] [stdout] 
[INFO] [stdout] 
[INFO] [stdout] Some errors have detailed explanations: E0412, E0425, E0432, E0433.
[INFO] [stdout] 
[INFO] [stdout] For more information about an error, try `rustc --explain E0412`.
[INFO] [stdout] 
[INFO] [stderr] error: could not compile `spark-ar-killer` due to 16 previous errors; 2 warnings emitted
[INFO] [stderr] warning: build failed, waiting for other jobs to finish...
[INFO] [stdout] error[E0433]: failed to resolve: use of undeclared crate or module `winapi`
[INFO] [stdout]  --> src/main.rs:4:5
[INFO] [stdout]   |
[INFO] [stdout] 4 | use winapi::shared::minwindef::{DWORD};
[INFO] [stdout]   |     ^^^^^^ use of undeclared crate or module `winapi`
[INFO] [stdout] 
[INFO] [stdout] 
[INFO] [stdout] error[E0433]: failed to resolve: use of undeclared crate or module `winapi`
[INFO] [stdout]  --> src/main.rs:5:5
[INFO] [stdout]   |
[INFO] [stdout] 5 | use winapi::um::handleapi::{CloseHandle, INVALID_HANDLE_VALUE};
[INFO] [stdout]   |     ^^^^^^ use of undeclared crate or module `winapi`
[INFO] [stdout] 
[INFO] [stdout] 
[INFO] [stdout] error[E0433]: failed to resolve: use of undeclared crate or module `winapi`
[INFO] [stdout]  --> src/main.rs:6:5
[INFO] [stdout]   |
[INFO] [stdout] 6 | use winapi::um::tlhelp32::{CreateToolhelp32Snapshot, Process32FirstW, Process32NextW, TH32CS_SNAPPROCESS, PROCESSENTRY32W};
[INFO] [stdout]   |     ^^^^^^ use of undeclared crate or module `winapi`
[INFO] [stdout] 
[INFO] [stdout] 
[INFO] [stdout] error[E0433]: failed to resolve: use of undeclared crate or module `winapi`
[INFO] [stdout]  --> src/main.rs:7:5
[INFO] [stdout]   |
[INFO] [stdout] 7 | use winapi::um::processthreadsapi::{TerminateProcess, OpenProcess};
[INFO] [stdout]   |     ^^^^^^ use of undeclared crate or module `winapi`
[INFO] [stdout] 
[INFO] [stdout] 
[INFO] [stdout] error[E0433]: failed to resolve: use of undeclared crate or module `wio`
[INFO] [stdout]   --> src/main.rs:10:5
[INFO] [stdout]    |
[INFO] [stdout] 10 | use wio::wide::FromWide;
[INFO] [stdout]    |     ^^^ use of undeclared crate or module `wio`
[INFO] [stdout] 
[INFO] [stdout] 
[INFO] [stdout] error[E0432]: unresolved import `regex`
[INFO] [stdout]   --> src/main.rs:11:5
[INFO] [stdout]    |
[INFO] [stdout] 11 | use regex::Regex;
[INFO] [stdout]    |     ^^^^^ use of undeclared crate or module `regex`
[INFO] [stdout] 
[INFO] [stdout] 
[INFO] [stdout] error[E0433]: failed to resolve: use of undeclared crate or module `winapi`
[INFO] [stdout]   --> src/main.rs:13:5
[INFO] [stdout]    |
[INFO] [stdout] 13 | use winapi::um::winnt::PROCESS_ALL_ACCESS;
[INFO] [stdout]    |     ^^^^^^ use of undeclared crate or module `winapi`
[INFO] [stdout] 
[INFO] [stdout] 
[INFO] [stdout] error[E0432]: unresolved import `lazy_static`
[INFO] [stdout]   --> src/main.rs:12:5
[INFO] [stdout]    |
[INFO] [stdout] 12 | use lazy_static::lazy_static;
[INFO] [stdout]    |     ^^^^^^^^^^^ use of undeclared crate or module `lazy_static`
[INFO] [stdout] 
[INFO] [stdout] 
[INFO] [stdout] error: cannot determine resolution for the macro `lazy_static`
[INFO] [stdout]   --> src/main.rs:15:1
[INFO] [stdout]    |
[INFO] [stdout] 15 | lazy_static! {
[INFO] [stdout]    | ^^^^^^^^^^^
[INFO] [stdout]    |
[INFO] [stdout]    = note: import resolution is stuck, try simplifying macro imports
[INFO] [stdout] 
[INFO] [stdout] 
[INFO] [stdout] error[E0412]: cannot find type `DWORD` in this scope
[INFO] [stdout]   --> src/main.rs:20:8
[INFO] [stdout]    |
[INFO] [stdout] 20 |   pid: DWORD,
[INFO] [stdout]    |        ^^^^^ not found in this scope
[INFO] [stdout] 
[INFO] [stdout] 
[INFO] [stdout] error[E0425]: cannot find function `get_processes` in this scope
[INFO] [stdout]   --> src/main.rs:73:25
[INFO] [stdout]    |
[INFO] [stdout] 73 |   let processes = match get_processes() {
[INFO] [stdout]    |                         ^^^^^^^^^^^^^ not found in this scope
[INFO] [stdout] 
[INFO] [stdout] 
[INFO] [stdout] error[E0425]: cannot find value `SPARK_AR_PROCESS_PREFIX` in this scope
[INFO] [stdout]   --> src/main.rs:84:9
[INFO] [stdout]    |
[INFO] [stdout] 84 |     if !SPARK_AR_PROCESS_PREFIX.is_match(&name) {
[INFO] [stdout]    |         ^^^^^^^^^^^^^^^^^^^^^^^ not found in this scope
[INFO] [stdout] 
[INFO] [stdout] 
[INFO] [stdout] error[E0425]: cannot find function, tuple struct or tuple variant `OpenProcess` in this scope
[INFO] [stdout]   --> src/main.rs:88:27
[INFO] [stdout]    |
[INFO] [stdout] 88 |     let handle = unsafe { OpenProcess(PROCESS_ALL_ACCESS, 0, p.pid) };
[INFO] [stdout]    |                           ^^^^^^^^^^^ not found in this scope
[INFO] [stdout] 
[INFO] [stdout] 
[INFO] [stdout] error[E0425]: cannot find value `PROCESS_ALL_ACCESS` in this scope
[INFO] [stdout]   --> src/main.rs:88:39
[INFO] [stdout]    |
[INFO] [stdout] 88 |     let handle = unsafe { OpenProcess(PROCESS_ALL_ACCESS, 0, p.pid) };
[INFO] [stdout]    |                                       ^^^^^^^^^^^^^^^^^^ not found in this scope
[INFO] [stdout] 
[INFO] [stdout] 
[INFO] [stdout] error[E0425]: cannot find function, tuple struct or tuple variant `TerminateProcess` in this scope
[INFO] [stdout]   --> src/main.rs:89:34
[INFO] [stdout]    |
[INFO] [stdout] 89 |     let is_terminated = unsafe { TerminateProcess(handle, 0) };
[INFO] [stdout]    |                                  ^^^^^^^^^^^^^^^^ not found in this scope
[INFO] [stdout] 
[INFO] [stdout] 
[INFO] [stdout] warning: unused imports: `size_of`, `zeroed`
[INFO] [stdout]  --> src/main.rs:8:16
[INFO] [stdout]   |
[INFO] [stdout] 8 | use std::mem::{zeroed, size_of};
[INFO] [stdout]   |                ^^^^^^  ^^^^^^^
[INFO] [stdout]   |
[INFO] [stdout]   = note: `#[warn(unused_imports)]` on by default
[INFO] [stdout] 
[INFO] [stdout] 
[INFO] [stdout] warning: unused import: `std::ffi::OsString`
[INFO] [stdout]  --> src/main.rs:9:5
[INFO] [stdout]   |
[INFO] [stdout] 9 | use std::ffi::OsString;
[INFO] [stdout]   |     ^^^^^^^^^^^^^^^^^^
[INFO] [stdout] 
[INFO] [stdout] 
[INFO] [stdout] error: aborting due to 15 previous errors; 2 warnings emitted
[INFO] [stdout] 
[INFO] [stdout] 
[INFO] [stdout] Some errors have detailed explanations: E0412, E0425, E0432, E0433.
[INFO] [stdout] 
[INFO] [stdout] For more information about an error, try `rustc --explain E0412`.
[INFO] [stdout] 
[INFO] [stderr] error: build failed
[INFO] running `Command { std: "docker" "inspect" "cd0b60d405d80e8bd6c146b21cadaabe3cc271b87b7a7777e2249abdd2d5f660", kill_on_drop: false }`
[INFO] running `Command { std: "docker" "rm" "-f" "cd0b60d405d80e8bd6c146b21cadaabe3cc271b87b7a7777e2249abdd2d5f660", kill_on_drop: false }`
[INFO] [stdout] cd0b60d405d80e8bd6c146b21cadaabe3cc271b87b7a7777e2249abdd2d5f660
