[INFO] cloning repository https://github.com/Kilerd/ela
[INFO] running `Command { std: "git" "-c" "credential.helper=" "-c" "credential.helper=/workspace/cargo-home/bin/git-credential-null" "clone" "--bare" "https://github.com/Kilerd/ela" "/workspace/cache/git-repos/https%3A%2F%2Fgithub.com%2FKilerd%2Fela", kill_on_drop: false }`
[INFO] [stderr] Cloning into bare repository '/workspace/cache/git-repos/https%3A%2F%2Fgithub.com%2FKilerd%2Fela'...
[INFO] running `Command { std: "git" "rev-parse" "HEAD", kill_on_drop: false }`
[INFO] [stdout] dec33ab9580071766fe962f477ad7d071bcbdadc
[INFO] checking Kilerd/ela against 1.55.0 for beta-1.56-3
[INFO] running `Command { std: "git" "clone" "/workspace/cache/git-repos/https%3A%2F%2Fgithub.com%2FKilerd%2Fela" "/workspace/builds/worker-7/source", kill_on_drop: false }`
[INFO] [stderr] Cloning into '/workspace/builds/worker-7/source'...
[INFO] [stderr] done.
[INFO] validating manifest of git repo https://github.com/Kilerd/ela on toolchain 1.55.0
[INFO] running `Command { std: "/workspace/cargo-home/bin/cargo" "+1.55.0" "metadata" "--manifest-path" "Cargo.toml" "--no-deps", kill_on_drop: false }`
[INFO] started tweaking git repo https://github.com/Kilerd/ela
[INFO] finished tweaking git repo https://github.com/Kilerd/ela
[INFO] tweaked toml for git repo https://github.com/Kilerd/ela written to /workspace/builds/worker-7/source/Cargo.toml
[INFO] crate git repo https://github.com/Kilerd/ela already has a lockfile, it will not be regenerated
[INFO] running `Command { std: "/workspace/cargo-home/bin/cargo" "+1.55.0" "fetch" "--manifest-path" "Cargo.toml", kill_on_drop: false }`
[INFO] [stderr]     Blocking waiting for file lock on package cache
[INFO] running `Command { std: "docker" "create" "-v" "/var/lib/crater-agent-workspace/builds/worker-7/target:/opt/rustwide/target:rw,Z" "-v" "/var/lib/crater-agent-workspace/builds/worker-7/source:/opt/rustwide/workdir:ro,Z" "-v" "/var/lib/crater-agent-workspace/cargo-home:/opt/rustwide/cargo-home:ro,Z" "-v" "/var/lib/crater-agent-workspace/rustup-home:/opt/rustwide/rustup-home:ro,Z" "-e" "SOURCE_DIR=/opt/rustwide/workdir" "-e" "CARGO_TARGET_DIR=/opt/rustwide/target" "-e" "CARGO_HOME=/opt/rustwide/cargo-home" "-e" "RUSTUP_HOME=/opt/rustwide/rustup-home" "-w" "/opt/rustwide/workdir" "-m" "1610612736" "--user" "0:0" "--network" "none" "ghcr.io/rust-lang/crates-build-env/linux@sha256:a89201d6b5b9fd45c15d5952ece0a0129e7e80cb26ec023fd59cf09bc26f1604" "/opt/rustwide/cargo-home/bin/cargo" "+1.55.0" "metadata" "--no-deps" "--format-version=1", kill_on_drop: false }`
[INFO] [stdout] 01c09ee474785ad40cde744ee6bcd74566df70136bac34a1bb3560b24050cb39
[INFO] [stderr] WARNING: Your kernel does not support swap limit capabilities or the cgroup is not mounted. Memory limited without swap.
[INFO] running `Command { std: "docker" "start" "-a" "01c09ee474785ad40cde744ee6bcd74566df70136bac34a1bb3560b24050cb39", kill_on_drop: false }`
[INFO] running `Command { std: "docker" "inspect" "01c09ee474785ad40cde744ee6bcd74566df70136bac34a1bb3560b24050cb39", kill_on_drop: false }`
[INFO] running `Command { std: "docker" "rm" "-f" "01c09ee474785ad40cde744ee6bcd74566df70136bac34a1bb3560b24050cb39", kill_on_drop: false }`
[INFO] [stdout] 01c09ee474785ad40cde744ee6bcd74566df70136bac34a1bb3560b24050cb39
[INFO] running `Command { std: "docker" "create" "-v" "/var/lib/crater-agent-workspace/builds/worker-7/target:/opt/rustwide/target:rw,Z" "-v" "/var/lib/crater-agent-workspace/builds/worker-7/source:/opt/rustwide/workdir:ro,Z" "-v" "/var/lib/crater-agent-workspace/cargo-home:/opt/rustwide/cargo-home:ro,Z" "-v" "/var/lib/crater-agent-workspace/rustup-home:/opt/rustwide/rustup-home:ro,Z" "-e" "SOURCE_DIR=/opt/rustwide/workdir" "-e" "CARGO_TARGET_DIR=/opt/rustwide/target" "-e" "CARGO_INCREMENTAL=0" "-e" "RUST_BACKTRACE=full" "-e" "RUSTFLAGS=--cap-lints=warn" "-e" "CARGO_HOME=/opt/rustwide/cargo-home" "-e" "RUSTUP_HOME=/opt/rustwide/rustup-home" "-w" "/opt/rustwide/workdir" "-m" "1610612736" "--user" "0:0" "--network" "none" "ghcr.io/rust-lang/crates-build-env/linux@sha256:a89201d6b5b9fd45c15d5952ece0a0129e7e80cb26ec023fd59cf09bc26f1604" "/opt/rustwide/cargo-home/bin/cargo" "+1.55.0" "check" "--frozen" "--all" "--all-targets" "--message-format=json", kill_on_drop: false }`
[INFO] [stdout] 2f4c5bdf9d10ccb3b0a82b25c0f5b1892b5398b1ec81b1c9759458c8033d1d3a
[INFO] [stderr] WARNING: Your kernel does not support swap limit capabilities or the cgroup is not mounted. Memory limited without swap.
[INFO] running `Command { std: "docker" "start" "-a" "2f4c5bdf9d10ccb3b0a82b25c0f5b1892b5398b1ec81b1c9759458c8033d1d3a", kill_on_drop: false }`
[INFO] [stderr]    Compiling libc v0.2.99
[INFO] [stderr]    Compiling futures-core v0.3.16
[INFO] [stderr]     Checking bitflags v1.3.1
[INFO] [stderr]    Compiling syn v0.15.38
[INFO] [stderr]    Compiling serde v1.0.93
[INFO] [stderr]     Checking futures v0.1.28
[INFO] [stderr]    Compiling tokio v1.9.0
[INFO] [stderr]    Compiling ring v0.16.20
[INFO] [stderr]     Checking tokio v0.2.25
[INFO] [stderr]     Checking tracing v0.1.26
[INFO] [stderr]     Checking http-body v0.4.3
[INFO] [stderr]    Compiling native-tls v0.2.8
[INFO] [stderr]     Checking futures-util v0.3.16
[INFO] [stderr]     Checking futures-channel v0.3.16
[INFO] [stderr]     Checking openssl-sys v0.9.65
[INFO] [stderr]     Checking hyper v0.14.11
[INFO] [stderr]     Checking openssl v0.10.35
[INFO] [stderr]    Compiling serde_derive v1.0.93
[INFO] [stderr]     Checking webpki v0.21.4
[INFO] [stderr]     Checking sct v0.6.1
[INFO] [stderr]     Checking rustls v0.19.1
[INFO] [stderr]     Checking toml v0.5.1
[INFO] [stderr]     Checking tokio-tls v0.3.1
[INFO] [stderr]     Checking ela v0.1.0 (/opt/rustwide/workdir)
[INFO] [stdout] error[E0433]: failed to resolve: use of undeclared crate or module `actix_web`
[INFO] [stdout]  --> src/main.rs:4:5
[INFO] [stdout]   |
[INFO] [stdout] 4 | use actix_web::{client::Client, guard, web, App, HttpServer};
[INFO] [stdout]   |     ^^^^^^^^^ use of undeclared crate or module `actix_web`
[INFO] [stdout] 
[INFO] [stdout] 
[INFO] [stdout] error[E0433]: failed to resolve: use of undeclared crate or module `actix_web`
[INFO] [stdout]  --> src/main.rs:4:5
[INFO] [stdout]   |
[INFO] [stdout] 4 | use actix_web::{client::Client, guard, web, App, HttpServer};
[INFO] [stdout]   |     ^^^^^^^^^ use of undeclared crate or module `actix_web`
[INFO] [stdout] 
[INFO] [stdout] 
[INFO] [stdout] error[E0433]: failed to resolve: use of undeclared crate or module `actix_web`
[INFO] [stdout]  --> src/proxy.rs:2:5
[INFO] [stdout]   |
[INFO] [stdout] 2 | use actix_web::client::Client;
[INFO] [stdout]   |     ^^^^^^^^^ use of undeclared crate or module `actix_web`
[INFO] [stdout] 
[INFO] [stdout] 
[INFO] [stdout] error[E0432]: unresolved import `actix_web`
[INFO] [stdout]  --> src/main.rs:4:5
[INFO] [stdout]   |
[INFO] [stdout] 4 | use actix_web::{client::Client, guard, web, App, HttpServer};
[INFO] [stdout]   |     ^^^^^^^^^ use of undeclared crate or module `actix_web`
[INFO] [stdout] 
[INFO] [stdout] 
[INFO] [stdout] error[E0433]: failed to resolve: use of undeclared crate or module `actix_web`
[INFO] [stdout]  --> src/config.rs:1:5
[INFO] [stdout]   |
[INFO] [stdout] 1 | use actix_web::dev::RequestHead;
[INFO] [stdout]   |     ^^^^^^^^^ use of undeclared crate or module `actix_web`
[INFO] [stdout] 
[INFO] [stdout] 
[INFO] [stdout] error[E0433]: failed to resolve: use of undeclared crate or module `actix_web`
[INFO] [stdout]  --> src/config.rs:2:5
[INFO] [stdout]   |
[INFO] [stdout] 2 | use actix_web::guard::Guard;
[INFO] [stdout]   |     ^^^^^^^^^ use of undeclared crate or module `actix_web`
[INFO] [stdout] 
[INFO] [stdout] 
[INFO] [stdout] error[E0432]: unresolved import `actix_web`
[INFO] [stdout]  --> src/proxy.rs:3:5
[INFO] [stdout]   |
[INFO] [stdout] 3 | use actix_web::{web, Error, HttpRequest, HttpResponse};
[INFO] [stdout]   |     ^^^^^^^^^ use of undeclared crate or module `actix_web`
[INFO] [stdout] 
[INFO] [stdout] 
[INFO] [stdout] error[E0432]: unresolved import `serde`
[INFO] [stdout]  --> src/config.rs:3:5
[INFO] [stdout]   |
[INFO] [stdout] 3 | use serde::{Deserialize, Serialize};
[INFO] [stdout]   |     ^^^^^ use of undeclared crate or module `serde`
[INFO] [stdout] 
[INFO] [stdout] 
[INFO] [stdout] error: cannot determine resolution for the derive macro `Serialize`
[INFO] [stdout]  --> src/config.rs:8:10
[INFO] [stdout]   |
[INFO] [stdout] 8 | #[derive(Serialize, Deserialize, Debug)]
[INFO] [stdout]   |          ^^^^^^^^^
[INFO] [stdout]   |
[INFO] [stdout]   = note: import resolution is stuck, try simplifying macro imports
[INFO] [stdout] 
[INFO] [stdout] 
[INFO] [stdout] error: cannot determine resolution for the derive macro `Deserialize`
[INFO] [stdout]  --> src/config.rs:8:21
[INFO] [stdout]   |
[INFO] [stdout] 8 | #[derive(Serialize, Deserialize, Debug)]
[INFO] [stdout]   |                     ^^^^^^^^^^^
[INFO] [stdout]   |
[INFO] [stdout]   = note: import resolution is stuck, try simplifying macro imports
[INFO] [stdout] 
[INFO] [stdout] 
[INFO] [stdout] error: cannot determine resolution for the derive macro `Serialize`
[INFO] [stdout]   --> src/config.rs:14:10
[INFO] [stdout]    |
[INFO] [stdout] 14 | #[derive(Serialize, Deserialize, Debug)]
[INFO] [stdout]    |          ^^^^^^^^^
[INFO] [stdout]    |
[INFO] [stdout]    = note: import resolution is stuck, try simplifying macro imports
[INFO] [stdout] 
[INFO] [stdout] 
[INFO] [stdout] error: cannot determine resolution for the derive macro `Deserialize`
[INFO] [stdout]   --> src/config.rs:14:21
[INFO] [stdout]    |
[INFO] [stdout] 14 | #[derive(Serialize, Deserialize, Debug)]
[INFO] [stdout]    |                     ^^^^^^^^^^^
[INFO] [stdout]    |
[INFO] [stdout]    = note: import resolution is stuck, try simplifying macro imports
[INFO] [stdout] 
[INFO] [stdout] 
[INFO] [stdout] error: cannot determine resolution for the derive macro `Serialize`
[INFO] [stdout]   --> src/config.rs:19:10
[INFO] [stdout]    |
[INFO] [stdout] 19 | #[derive(Serialize, Deserialize, Debug, Clone)]
[INFO] [stdout]    |          ^^^^^^^^^
[INFO] [stdout]    |
[INFO] [stdout]    = note: import resolution is stuck, try simplifying macro imports
[INFO] [stdout] 
[INFO] [stdout] 
[INFO] [stdout] error: cannot determine resolution for the derive macro `Deserialize`
[INFO] [stdout]   --> src/config.rs:19:21
[INFO] [stdout]    |
[INFO] [stdout] 19 | #[derive(Serialize, Deserialize, Debug, Clone)]
[INFO] [stdout]    |                     ^^^^^^^^^^^
[INFO] [stdout]    |
[INFO] [stdout]    = note: import resolution is stuck, try simplifying macro imports
[INFO] [stdout] 
[INFO] [stdout] 
[INFO] [stdout] error[E0433]: failed to resolve: use of undeclared crate or module `actix_web`
[INFO] [stdout]  --> src/proxy.rs:2:5
[INFO] [stdout]   |
[INFO] [stdout] 2 | use actix_web::client::Client;
[INFO] [stdout]   |     ^^^^^^^^^ use of undeclared crate or module `actix_web`
[INFO] [stdout] 
[INFO] [stdout] 
[INFO] [stdout] error[E0432]: unresolved import `actix_web`
[INFO] [stdout]  --> src/main.rs:4:5
[INFO] [stdout]   |
[INFO] [stdout] 4 | use actix_web::{client::Client, guard, web, App, HttpServer};
[INFO] [stdout]   |     ^^^^^^^^^ use of undeclared crate or module `actix_web`
[INFO] [stdout] 
[INFO] [stdout] 
[INFO] [stdout] error[E0433]: failed to resolve: use of undeclared crate or module `actix_web`
[INFO] [stdout]  --> src/config.rs:1:5
[INFO] [stdout]   |
[INFO] [stdout] 1 | use actix_web::dev::RequestHead;
[INFO] [stdout]   |     ^^^^^^^^^ use of undeclared crate or module `actix_web`
[INFO] [stdout] 
[INFO] [stdout] 
[INFO] [stdout] error[E0433]: failed to resolve: use of undeclared crate or module `actix_web`
[INFO] [stdout]  --> src/config.rs:2:5
[INFO] [stdout]   |
[INFO] [stdout] 2 | use actix_web::guard::Guard;
[INFO] [stdout]   |     ^^^^^^^^^ use of undeclared crate or module `actix_web`
[INFO] [stdout] 
[INFO] [stdout] 
[INFO] [stdout] error[E0432]: unresolved import `actix_web`
[INFO] [stdout]  --> src/proxy.rs:3:5
[INFO] [stdout]   |
[INFO] [stdout] 3 | use actix_web::{web, Error, HttpRequest, HttpResponse};
[INFO] [stdout]   |     ^^^^^^^^^ use of undeclared crate or module `actix_web`
[INFO] [stdout] 
[INFO] [stdout] 
[INFO] [stdout] error[E0432]: unresolved import `serde`
[INFO] [stdout]  --> src/config.rs:3:5
[INFO] [stdout]   |
[INFO] [stdout] 3 | use serde::{Deserialize, Serialize};
[INFO] [stdout]   |     ^^^^^ use of undeclared crate or module `serde`
[INFO] [stdout] 
[INFO] [stdout] 
[INFO] [stdout] error: cannot determine resolution for the derive macro `Serialize`
[INFO] [stdout]  --> src/config.rs:8:10
[INFO] [stdout]   |
[INFO] [stdout] 8 | #[derive(Serialize, Deserialize, Debug)]
[INFO] [stdout]   |          ^^^^^^^^^
[INFO] [stdout]   |
[INFO] [stdout]   = note: import resolution is stuck, try simplifying macro imports
[INFO] [stdout] 
[INFO] [stdout] 
[INFO] [stdout] error: cannot determine resolution for the derive macro `Deserialize`
[INFO] [stdout]  --> src/config.rs:8:21
[INFO] [stdout]   |
[INFO] [stdout] 8 | #[derive(Serialize, Deserialize, Debug)]
[INFO] [stdout]   |                     ^^^^^^^^^^^
[INFO] [stdout]   |
[INFO] [stdout]   = note: import resolution is stuck, try simplifying macro imports
[INFO] [stdout] 
[INFO] [stdout] 
[INFO] [stdout] error: cannot determine resolution for the derive macro `Serialize`
[INFO] [stdout]   --> src/config.rs:14:10
[INFO] [stdout]    |
[INFO] [stdout] 14 | #[derive(Serialize, Deserialize, Debug)]
[INFO] [stdout]    |          ^^^^^^^^^
[INFO] [stdout]    |
[INFO] [stdout]    = note: import resolution is stuck, try simplifying macro imports
[INFO] [stdout] 
[INFO] [stdout] 
[INFO] [stdout] error: cannot determine resolution for the derive macro `Deserialize`
[INFO] [stdout]   --> src/config.rs:14:21
[INFO] [stdout]    |
[INFO] [stdout] 14 | #[derive(Serialize, Deserialize, Debug)]
[INFO] [stdout]    |                     ^^^^^^^^^^^
[INFO] [stdout]    |
[INFO] [stdout]    = note: import resolution is stuck, try simplifying macro imports
[INFO] [stdout] 
[INFO] [stdout] 
[INFO] [stdout] error: cannot determine resolution for the derive macro `Serialize`
[INFO] [stdout]   --> src/config.rs:19:10
[INFO] [stdout]    |
[INFO] [stdout] 19 | #[derive(Serialize, Deserialize, Debug, Clone)]
[INFO] [stdout]    |          ^^^^^^^^^
[INFO] [stdout]    |
[INFO] [stdout]    = note: import resolution is stuck, try simplifying macro imports
[INFO] [stdout] 
[INFO] [stdout] 
[INFO] [stdout] error: cannot determine resolution for the derive macro `Deserialize`
[INFO] [stdout]   --> src/config.rs:19:21
[INFO] [stdout]    |
[INFO] [stdout] 19 | #[derive(Serialize, Deserialize, Debug, Clone)]
[INFO] [stdout]    |                     ^^^^^^^^^^^
[INFO] [stdout]    |
[INFO] [stdout]    = note: import resolution is stuck, try simplifying macro imports
[INFO] [stdout] 
[INFO] [stdout] 
[INFO] [stdout] error[E0433]: failed to resolve: use of undeclared type `Client`
[INFO] [stdout]   --> src/main.rs:24:60
[INFO] [stdout]    |
[INFO] [stdout] 24 |         let mut app = App::new().data(config.clone()).data(Client::new());
[INFO] [stdout]    |                                                            ^^^^^^ use of undeclared type `Client`
[INFO] [stdout] 
[INFO] [stdout] 
[INFO] [stdout] error[E0405]: cannot find trait `Guard` in this scope
[INFO] [stdout]   --> src/config.rs:38:6
[INFO] [stdout]    |
[INFO] [stdout] 38 | impl Guard for Site {
[INFO] [stdout]    |      ^^^^^ not found in this scope
[INFO] [stdout] 
[INFO] [stdout] 
[INFO] [stdout] error[E0412]: cannot find type `RequestHead` in this scope
[INFO] [stdout]   --> src/config.rs:39:31
[INFO] [stdout]    |
[INFO] [stdout] 39 |     fn check(&self, request: &RequestHead) -> bool {
[INFO] [stdout]    |                               ^^^^^^^^^^^ not found in this scope
[INFO] [stdout] 
[INFO] [stdout] 
[INFO] [stdout] error[E0412]: cannot find type `Client` in this scope
[INFO] [stdout]   --> src/proxy.rs:11:23
[INFO] [stdout]    |
[INFO] [stdout] 8  | pub fn forward(
[INFO] [stdout]    |               - help: you might be missing a type parameter: `<Client>`
[INFO] [stdout] ...
[INFO] [stdout] 11 |     client: web::Data<Client>,
[INFO] [stdout]    |                       ^^^^^^ not found in this scope
[INFO] [stdout] 
[INFO] [stdout] 
[INFO] [stdout] warning: unused import: `std::rc::Rc`
[INFO] [stdout]  --> src/main.rs:1:5
[INFO] [stdout]   |
[INFO] [stdout] 1 | use std::rc::Rc;
[INFO] [stdout]   |     ^^^^^^^^^^^
[INFO] [stdout]   |
[INFO] [stdout]   = note: `#[warn(unused_imports)]` on by default
[INFO] [stdout] 
[INFO] [stdout] 
[INFO] [stdout] error: aborting due to 17 previous errors; 1 warning emitted
[INFO] [stdout] 
[INFO] [stdout] 
[INFO] [stdout] Some errors have detailed explanations: E0405, E0412, E0432, E0433.
[INFO] [stdout] 
[INFO] [stdout] For more information about an error, try `rustc --explain E0405`.
[INFO] [stdout] 
[INFO] [stderr] error: could not compile `ela` due to 18 previous errors; 1 warning emitted
[INFO] [stderr] warning: build failed, waiting for other jobs to finish...
[INFO] [stdout] error[E0433]: failed to resolve: use of undeclared type `Client`
[INFO] [stdout]   --> src/main.rs:24:60
[INFO] [stdout]    |
[INFO] [stdout] 24 |         let mut app = App::new().data(config.clone()).data(Client::new());
[INFO] [stdout]    |                                                            ^^^^^^ use of undeclared type `Client`
[INFO] [stdout] 
[INFO] [stdout] 
[INFO] [stdout] error[E0405]: cannot find trait `Guard` in this scope
[INFO] [stdout]   --> src/config.rs:38:6
[INFO] [stdout]    |
[INFO] [stdout] 38 | impl Guard for Site {
[INFO] [stdout]    |      ^^^^^ not found in this scope
[INFO] [stdout] 
[INFO] [stdout] 
[INFO] [stdout] error[E0412]: cannot find type `RequestHead` in this scope
[INFO] [stdout]   --> src/config.rs:39:31
[INFO] [stdout]    |
[INFO] [stdout] 39 |     fn check(&self, request: &RequestHead) -> bool {
[INFO] [stdout]    |                               ^^^^^^^^^^^ not found in this scope
[INFO] [stdout] 
[INFO] [stdout] 
[INFO] [stdout] error[E0412]: cannot find type `Client` in this scope
[INFO] [stdout]   --> src/proxy.rs:11:23
[INFO] [stdout]    |
[INFO] [stdout] 8  | pub fn forward(
[INFO] [stdout]    |               - help: you might be missing a type parameter: `<Client>`
[INFO] [stdout] ...
[INFO] [stdout] 11 |     client: web::Data<Client>,
[INFO] [stdout]    |                       ^^^^^^ not found in this scope
[INFO] [stdout] 
[INFO] [stdout] 
[INFO] [stdout] warning: unused import: `std::rc::Rc`
[INFO] [stdout]  --> src/main.rs:1:5
[INFO] [stdout]   |
[INFO] [stdout] 1 | use std::rc::Rc;
[INFO] [stdout]   |     ^^^^^^^^^^^
[INFO] [stdout]   |
[INFO] [stdout]   = note: `#[warn(unused_imports)]` on by default
[INFO] [stdout] 
[INFO] [stdout] 
[INFO] [stdout] error: aborting due to 17 previous errors; 1 warning emitted
[INFO] [stdout] 
[INFO] [stdout] 
[INFO] [stdout] Some errors have detailed explanations: E0405, E0412, E0432, E0433.
[INFO] [stdout] 
[INFO] [stdout] For more information about an error, try `rustc --explain E0405`.
[INFO] [stdout] 
[INFO] [stderr] error: build failed
[INFO] running `Command { std: "docker" "inspect" "2f4c5bdf9d10ccb3b0a82b25c0f5b1892b5398b1ec81b1c9759458c8033d1d3a", kill_on_drop: false }`
[INFO] running `Command { std: "docker" "rm" "-f" "2f4c5bdf9d10ccb3b0a82b25c0f5b1892b5398b1ec81b1c9759458c8033d1d3a", kill_on_drop: false }`
[INFO] [stdout] 2f4c5bdf9d10ccb3b0a82b25c0f5b1892b5398b1ec81b1c9759458c8033d1d3a
