[INFO] cloning repository https://github.com/KevinMGranger/nine-ufs-rs
[INFO] running `Command { std: "git" "-c" "credential.helper=" "-c" "credential.helper=/workspace/cargo-home/bin/git-credential-null" "clone" "--bare" "https://github.com/KevinMGranger/nine-ufs-rs" "/workspace/cache/git-repos/https%3A%2F%2Fgithub.com%2FKevinMGranger%2Fnine-ufs-rs", kill_on_drop: false }`
[INFO] [stderr] Cloning into bare repository '/workspace/cache/git-repos/https%3A%2F%2Fgithub.com%2FKevinMGranger%2Fnine-ufs-rs'...
[INFO] running `Command { std: "git" "rev-parse" "HEAD", kill_on_drop: false }`
[INFO] [stdout] fb17c42588743f7195369df131360f0c19934546
[INFO] checking KevinMGranger/nine-ufs-rs against beta-2021-10-15 for beta-1.56-3
[INFO] running `Command { std: "git" "clone" "/workspace/cache/git-repos/https%3A%2F%2Fgithub.com%2FKevinMGranger%2Fnine-ufs-rs" "/workspace/builds/worker-6/source", kill_on_drop: false }`
[INFO] [stderr] Cloning into '/workspace/builds/worker-6/source'...
[INFO] [stderr] done.
[INFO] validating manifest of git repo https://github.com/KevinMGranger/nine-ufs-rs on toolchain beta-2021-10-15
[INFO] running `Command { std: "/workspace/cargo-home/bin/cargo" "+beta-2021-10-15" "metadata" "--manifest-path" "Cargo.toml" "--no-deps", kill_on_drop: false }`
[INFO] started tweaking git repo https://github.com/KevinMGranger/nine-ufs-rs
[INFO] finished tweaking git repo https://github.com/KevinMGranger/nine-ufs-rs
[INFO] tweaked toml for git repo https://github.com/KevinMGranger/nine-ufs-rs written to /workspace/builds/worker-6/source/Cargo.toml
[INFO] crate git repo https://github.com/KevinMGranger/nine-ufs-rs already has a lockfile, it will not be regenerated
[INFO] running `Command { std: "/workspace/cargo-home/bin/cargo" "+beta-2021-10-15" "fetch" "--manifest-path" "Cargo.toml", kill_on_drop: false }`
[INFO] [stderr]  Downloading crates ...
[INFO] [stderr]   Downloaded nine v0.2.1
[INFO] running `Command { std: "docker" "create" "-v" "/var/lib/crater-agent-workspace/builds/worker-6/target:/opt/rustwide/target:rw,Z" "-v" "/var/lib/crater-agent-workspace/builds/worker-6/source:/opt/rustwide/workdir:ro,Z" "-v" "/var/lib/crater-agent-workspace/cargo-home:/opt/rustwide/cargo-home:ro,Z" "-v" "/var/lib/crater-agent-workspace/rustup-home:/opt/rustwide/rustup-home:ro,Z" "-e" "SOURCE_DIR=/opt/rustwide/workdir" "-e" "CARGO_TARGET_DIR=/opt/rustwide/target" "-e" "CARGO_HOME=/opt/rustwide/cargo-home" "-e" "RUSTUP_HOME=/opt/rustwide/rustup-home" "-w" "/opt/rustwide/workdir" "-m" "1610612736" "--user" "0:0" "--network" "none" "ghcr.io/rust-lang/crates-build-env/linux@sha256:a89201d6b5b9fd45c15d5952ece0a0129e7e80cb26ec023fd59cf09bc26f1604" "/opt/rustwide/cargo-home/bin/cargo" "+beta-2021-10-15" "metadata" "--no-deps" "--format-version=1", kill_on_drop: false }`
[INFO] [stdout] e98ba858907a18344ddce2c6e6d5740d3d8321ba930e4ac90c2f1b2c81e0f04b
[INFO] [stderr] WARNING: Your kernel does not support swap limit capabilities or the cgroup is not mounted. Memory limited without swap.
[INFO] running `Command { std: "docker" "start" "-a" "e98ba858907a18344ddce2c6e6d5740d3d8321ba930e4ac90c2f1b2c81e0f04b", kill_on_drop: false }`
[INFO] running `Command { std: "docker" "inspect" "e98ba858907a18344ddce2c6e6d5740d3d8321ba930e4ac90c2f1b2c81e0f04b", kill_on_drop: false }`
[INFO] running `Command { std: "docker" "rm" "-f" "e98ba858907a18344ddce2c6e6d5740d3d8321ba930e4ac90c2f1b2c81e0f04b", kill_on_drop: false }`
[INFO] [stdout] e98ba858907a18344ddce2c6e6d5740d3d8321ba930e4ac90c2f1b2c81e0f04b
[INFO] running `Command { std: "docker" "create" "-v" "/var/lib/crater-agent-workspace/builds/worker-6/target:/opt/rustwide/target:rw,Z" "-v" "/var/lib/crater-agent-workspace/builds/worker-6/source:/opt/rustwide/workdir:ro,Z" "-v" "/var/lib/crater-agent-workspace/cargo-home:/opt/rustwide/cargo-home:ro,Z" "-v" "/var/lib/crater-agent-workspace/rustup-home:/opt/rustwide/rustup-home:ro,Z" "-e" "SOURCE_DIR=/opt/rustwide/workdir" "-e" "CARGO_TARGET_DIR=/opt/rustwide/target" "-e" "CARGO_INCREMENTAL=0" "-e" "RUST_BACKTRACE=full" "-e" "RUSTFLAGS=--cap-lints=warn" "-e" "CARGO_HOME=/opt/rustwide/cargo-home" "-e" "RUSTUP_HOME=/opt/rustwide/rustup-home" "-w" "/opt/rustwide/workdir" "-m" "1610612736" "--user" "0:0" "--network" "none" "ghcr.io/rust-lang/crates-build-env/linux@sha256:a89201d6b5b9fd45c15d5952ece0a0129e7e80cb26ec023fd59cf09bc26f1604" "/opt/rustwide/cargo-home/bin/cargo" "+beta-2021-10-15" "check" "--frozen" "--all" "--all-targets" "--message-format=json", kill_on_drop: false }`
[INFO] [stdout] 80114ec142f1b2833acf25b5c02098dbfcea2da90f7872ae1377d75f532e7ae3
[INFO] [stderr] WARNING: Your kernel does not support swap limit capabilities or the cgroup is not mounted. Memory limited without swap.
[INFO] running `Command { std: "docker" "start" "-a" "80114ec142f1b2833acf25b5c02098dbfcea2da90f7872ae1377d75f532e7ae3", kill_on_drop: false }`
[INFO] [stderr]    Compiling proc-macro2 v0.4.19
[INFO] [stderr]    Compiling cc v1.0.25
[INFO] [stderr]    Compiling failure_derive v0.1.2
[INFO] [stderr]    Compiling serde v1.0.79
[INFO] [stderr]     Checking rustc-demangle v0.1.9
[INFO] [stderr]     Checking cfg-if v0.1.5
[INFO] [stderr]    Compiling backtrace-sys v0.1.24
[INFO] [stderr]    Compiling quote v0.6.8
[INFO] [stderr]    Compiling syn v0.14.9
[INFO] [stderr]    Compiling syn v0.15.4
[INFO] [stderr]     Checking backtrace v0.3.9
[INFO] [stderr]    Compiling serde_derive v1.0.79
[INFO] [stderr]    Compiling synstructure v0.9.0
[INFO] [stderr]     Checking failure v0.1.2
[INFO] [stderr]     Checking nine v0.2.1
[INFO] [stderr]     Checking nine-ufs v0.1.0 (/opt/rustwide/workdir)
[INFO] [stdout] error: expected `;`, found `}`
[INFO] [stdout]   --> src/server/fs.rs:22:28
[INFO] [stdout]    |
[INFO] [stdout] 22 |     let mode = perms.mode()
[INFO] [stdout]    |                            ^ help: add `;` here
[INFO] [stdout] 23 | }
[INFO] [stdout]    | - unexpected token
[INFO] [stdout] 
[INFO] [stdout] 
[INFO] [stdout] error: expected `;`, found `unimplemented`
[INFO] [stdout]   --> src/server/fs.rs:39:6
[INFO] [stdout]    |
[INFO] [stdout] 39 |     }
[INFO] [stdout]    |      ^ help: add `;` here
[INFO] [stdout] 40 |     unimplemented!()
[INFO] [stdout]    |     ------------- unexpected token
[INFO] [stdout] 
[INFO] [stdout] 
[INFO] [stdout] error: expected `;`, found `}`
[INFO] [stdout]   --> src/server/fs.rs:22:28
[INFO] [stdout]    |
[INFO] [stdout] 22 |     let mode = perms.mode()
[INFO] [stdout]    |                            ^ help: add `;` here
[INFO] [stdout] 23 | }
[INFO] [stdout]    | - unexpected token
[INFO] [stdout] 
[INFO] [stdout] 
[INFO] [stdout] error: expected `;`, found `unimplemented`
[INFO] [stdout]   --> src/server/fs.rs:39:6
[INFO] [stdout]    |
[INFO] [stdout] 39 |     }
[INFO] [stdout]    |      ^ help: add `;` here
[INFO] [stdout] 40 |     unimplemented!()
[INFO] [stdout]    |     ------------- unexpected token
[INFO] [stdout] 
[INFO] [stdout] 
[INFO] [stdout] warning: trait objects without an explicit `dyn` are deprecated
[INFO] [stdout]   --> src/server/errors.rs:22:32
[INFO] [stdout]    |
[INFO] [stdout] 22 |     fn cause(&self) -> Option<&Fail> {
[INFO] [stdout]    |                                ^^^^ help: use `dyn`: `dyn Fail`
[INFO] [stdout]    |
[INFO] [stdout]    = note: `#[warn(bare_trait_objects)]` on by default
[INFO] [stdout]    = warning: this is accepted in the current edition (Rust 2015) but is a hard error in Rust 2021!
[INFO] [stdout]    = note: for more information, see <https://doc.rust-lang.org/nightly/edition-guide/rust-2021/warnings-promoted-to-error.html>
[INFO] [stdout] 
[INFO] [stdout] 
[INFO] [stdout] warning: trait objects without an explicit `dyn` are deprecated
[INFO] [stdout]   --> src/server/errors.rs:59:32
[INFO] [stdout]    |
[INFO] [stdout] 59 |     fn cause(&self) -> Option<&Fail> {
[INFO] [stdout]    |                                ^^^^ help: use `dyn`: `dyn Fail`
[INFO] [stdout]    |
[INFO] [stdout]    = warning: this is accepted in the current edition (Rust 2015) but is a hard error in Rust 2021!
[INFO] [stdout]    = note: for more information, see <https://doc.rust-lang.org/nightly/edition-guide/rust-2021/warnings-promoted-to-error.html>
[INFO] [stdout] 
[INFO] [stdout] 
[INFO] [stdout] warning: trait objects without an explicit `dyn` are deprecated
[INFO] [stdout]   --> src/server/errors.rs:22:32
[INFO] [stdout]    |
[INFO] [stdout] 22 |     fn cause(&self) -> Option<&Fail> {
[INFO] [stdout]    |                                ^^^^ help: use `dyn`: `dyn Fail`
[INFO] [stdout]    |
[INFO] [stdout]    = note: `#[warn(bare_trait_objects)]` on by default
[INFO] [stdout]    = warning: this is accepted in the current edition (Rust 2015) but is a hard error in Rust 2021!
[INFO] [stdout]    = note: for more information, see <https://doc.rust-lang.org/nightly/edition-guide/rust-2021/warnings-promoted-to-error.html>
[INFO] [stdout] 
[INFO] [stdout] 
[INFO] [stdout] warning: trait objects without an explicit `dyn` are deprecated
[INFO] [stdout]   --> src/server/errors.rs:59:32
[INFO] [stdout]    |
[INFO] [stdout] 59 |     fn cause(&self) -> Option<&Fail> {
[INFO] [stdout]    |                                ^^^^ help: use `dyn`: `dyn Fail`
[INFO] [stdout]    |
[INFO] [stdout]    = warning: this is accepted in the current edition (Rust 2015) but is a hard error in Rust 2021!
[INFO] [stdout]    = note: for more information, see <https://doc.rust-lang.org/nightly/edition-guide/rust-2021/warnings-promoted-to-error.html>
[INFO] [stdout] 
[INFO] [stdout] 
[INFO] [stdout] error[E0308]: mismatched types
[INFO] [stdout]   --> src/server/fs.rs:20:29
[INFO] [stdout]    |
[INFO] [stdout] 20 | fn mode(meta: &Metadata) -> FileMode {
[INFO] [stdout]    |    ----                     ^^^^^^^^ expected struct `nine::p2000::FileMode`, found `()`
[INFO] [stdout]    |    |
[INFO] [stdout]    |    implicitly returns `()` as its body has no tail or `return` expression
[INFO] [stdout] 
[INFO] [stdout] 
[INFO] [stdout] error[E0063]: missing fields `atime`, `gid`, `length` and 4 other fields in initializer of `nine::p2000::Stat`
[INFO] [stdout]   --> src/server/fs.rs:34:5
[INFO] [stdout]    |
[INFO] [stdout] 34 |     Stat {
[INFO] [stdout]    |     ^^^^ missing `atime`, `gid`, `length` and 4 other fields
[INFO] [stdout] 
[INFO] [stdout] 
[INFO] [stdout] error[E0308]: mismatched types
[INFO] [stdout]   --> src/server/fs.rs:20:29
[INFO] [stdout]    |
[INFO] [stdout] 20 | fn mode(meta: &Metadata) -> FileMode {
[INFO] [stdout]    |    ----                     ^^^^^^^^ expected struct `nine::p2000::FileMode`, found `()`
[INFO] [stdout]    |    |
[INFO] [stdout]    |    implicitly returns `()` as its body has no tail or `return` expression
[INFO] [stdout] 
[INFO] [stdout] 
[INFO] [stdout] error[E0063]: missing fields `atime`, `gid`, `length` and 4 other fields in initializer of `nine::p2000::Stat`
[INFO] [stdout]   --> src/server/fs.rs:34:5
[INFO] [stdout]    |
[INFO] [stdout] 34 |     Stat {
[INFO] [stdout]    |     ^^^^ missing `atime`, `gid`, `length` and 4 other fields
[INFO] [stdout] 
[INFO] [stdout] 
[INFO] [stdout] error[E0308]: mismatched types
[INFO] [stdout]   --> src/server/fs.rs:34:5
[INFO] [stdout]    |
[INFO] [stdout] 34 | /     Stat {
[INFO] [stdout] 35 | |         type_: 0,
[INFO] [stdout] 36 | |         dev: 0,
[INFO] [stdout] 37 | |         qid: qid(meta),
[INFO] [stdout] 38 | |         mode: mode(meta)
[INFO] [stdout] 39 | |     }
[INFO] [stdout]    | |_____^ expected `()`, found struct `nine::p2000::Stat`
[INFO] [stdout] 
[INFO] [stdout] 
[INFO] [stdout] error[E0308]: mismatched types
[INFO] [stdout]   --> src/server/fs.rs:34:5
[INFO] [stdout]    |
[INFO] [stdout] 34 | /     Stat {
[INFO] [stdout] 35 | |         type_: 0,
[INFO] [stdout] 36 | |         dev: 0,
[INFO] [stdout] 37 | |         qid: qid(meta),
[INFO] [stdout] 38 | |         mode: mode(meta)
[INFO] [stdout] 39 | |     }
[INFO] [stdout]    | |_____^ expected `()`, found struct `nine::p2000::Stat`
[INFO] [stdout] 
[INFO] [stdout] 
[INFO] [stdout] error[E0308]: mismatched types
[INFO] [stdout]    --> src/main.rs:201:21
[INFO] [stdout]     |
[INFO] [stdout] 201 |             iounit: u32::max_value(),
[INFO] [stdout]     |                     ^^^^^^^^^^^^^^^^ expected `u64`, found `u32`
[INFO] [stdout] 
[INFO] [stdout] 
[INFO] [stdout] error: aborting due to 6 previous errors; 2 warnings emitted
[INFO] [stdout] 
[INFO] [stdout] 
[INFO] [stdout] Some errors have detailed explanations: E0063, E0308.
[INFO] [stdout] 
[INFO] [stdout] For more information about an error, try `rustc --explain E0063`.
[INFO] [stdout] 
[INFO] [stderr] error: could not compile `nine-ufs` due to 7 previous errors; 2 warnings emitted
[INFO] [stderr] warning: build failed, waiting for other jobs to finish...
[INFO] [stdout] error[E0308]: mismatched types
[INFO] [stdout]    --> src/main.rs:201:21
[INFO] [stdout]     |
[INFO] [stdout] 201 |             iounit: u32::max_value(),
[INFO] [stdout]     |                     ^^^^^^^^^^^^^^^^ expected `u64`, found `u32`
[INFO] [stdout] 
[INFO] [stdout] 
[INFO] [stdout] error: aborting due to 6 previous errors; 2 warnings emitted
[INFO] [stdout] 
[INFO] [stdout] 
[INFO] [stdout] Some errors have detailed explanations: E0063, E0308.
[INFO] [stdout] 
[INFO] [stdout] For more information about an error, try `rustc --explain E0063`.
[INFO] [stdout] 
[INFO] [stderr] error: build failed
[INFO] running `Command { std: "docker" "inspect" "80114ec142f1b2833acf25b5c02098dbfcea2da90f7872ae1377d75f532e7ae3", kill_on_drop: false }`
[INFO] running `Command { std: "docker" "rm" "-f" "80114ec142f1b2833acf25b5c02098dbfcea2da90f7872ae1377d75f532e7ae3", kill_on_drop: false }`
[INFO] [stdout] 80114ec142f1b2833acf25b5c02098dbfcea2da90f7872ae1377d75f532e7ae3
