[INFO] cloning repository https://github.com/Kerndog73/The-Fat-Controller
[INFO] running `Command { std: "git" "-c" "credential.helper=" "-c" "credential.helper=/workspace/cargo-home/bin/git-credential-null" "clone" "--bare" "https://github.com/Kerndog73/The-Fat-Controller" "/workspace/cache/git-repos/https%3A%2F%2Fgithub.com%2FKerndog73%2FThe-Fat-Controller", kill_on_drop: false }`
[INFO] [stderr] Cloning into bare repository '/workspace/cache/git-repos/https%3A%2F%2Fgithub.com%2FKerndog73%2FThe-Fat-Controller'...
[INFO] running `Command { std: "git" "rev-parse" "HEAD", kill_on_drop: false }`
[INFO] [stdout] b088f611c44bea76b0b92c40f094a7e9cc0004e5
[INFO] checking Kerndog73/The-Fat-Controller against beta-2021-10-15 for beta-1.56-3
[INFO] running `Command { std: "git" "clone" "/workspace/cache/git-repos/https%3A%2F%2Fgithub.com%2FKerndog73%2FThe-Fat-Controller" "/workspace/builds/worker-10/source", kill_on_drop: false }`
[INFO] [stderr] Cloning into '/workspace/builds/worker-10/source'...
[INFO] [stderr] done.
[INFO] validating manifest of git repo https://github.com/Kerndog73/The-Fat-Controller on toolchain beta-2021-10-15
[INFO] running `Command { std: "/workspace/cargo-home/bin/cargo" "+beta-2021-10-15" "metadata" "--manifest-path" "Cargo.toml" "--no-deps", kill_on_drop: false }`
[INFO] started tweaking git repo https://github.com/Kerndog73/The-Fat-Controller
[INFO] finished tweaking git repo https://github.com/Kerndog73/The-Fat-Controller
[INFO] tweaked toml for git repo https://github.com/Kerndog73/The-Fat-Controller written to /workspace/builds/worker-10/source/Cargo.toml
[INFO] running `Command { std: "/workspace/cargo-home/bin/cargo" "+beta-2021-10-15" "generate-lockfile" "--manifest-path" "Cargo.toml" "-Zno-index-update", kill_on_drop: false }`
[INFO] running `Command { std: "/workspace/cargo-home/bin/cargo" "+beta-2021-10-15" "fetch" "--manifest-path" "Cargo.toml", kill_on_drop: false }`
[INFO] running `Command { std: "docker" "create" "-v" "/var/lib/crater-agent-workspace/builds/worker-10/target:/opt/rustwide/target:rw,Z" "-v" "/var/lib/crater-agent-workspace/builds/worker-10/source:/opt/rustwide/workdir:ro,Z" "-v" "/var/lib/crater-agent-workspace/cargo-home:/opt/rustwide/cargo-home:ro,Z" "-v" "/var/lib/crater-agent-workspace/rustup-home:/opt/rustwide/rustup-home:ro,Z" "-e" "SOURCE_DIR=/opt/rustwide/workdir" "-e" "CARGO_TARGET_DIR=/opt/rustwide/target" "-e" "CARGO_HOME=/opt/rustwide/cargo-home" "-e" "RUSTUP_HOME=/opt/rustwide/rustup-home" "-w" "/opt/rustwide/workdir" "-m" "1610612736" "--user" "0:0" "--network" "none" "ghcr.io/rust-lang/crates-build-env/linux@sha256:a89201d6b5b9fd45c15d5952ece0a0129e7e80cb26ec023fd59cf09bc26f1604" "/opt/rustwide/cargo-home/bin/cargo" "+beta-2021-10-15" "metadata" "--no-deps" "--format-version=1", kill_on_drop: false }`
[INFO] [stdout] 1f137c37efa3daf4e50844fcb9eee00c2472c9412e85f4963b5ec6cc6b4fa0e4
[INFO] [stderr] WARNING: Your kernel does not support swap limit capabilities or the cgroup is not mounted. Memory limited without swap.
[INFO] running `Command { std: "docker" "start" "-a" "1f137c37efa3daf4e50844fcb9eee00c2472c9412e85f4963b5ec6cc6b4fa0e4", kill_on_drop: false }`
[INFO] running `Command { std: "docker" "inspect" "1f137c37efa3daf4e50844fcb9eee00c2472c9412e85f4963b5ec6cc6b4fa0e4", kill_on_drop: false }`
[INFO] running `Command { std: "docker" "rm" "-f" "1f137c37efa3daf4e50844fcb9eee00c2472c9412e85f4963b5ec6cc6b4fa0e4", kill_on_drop: false }`
[INFO] [stdout] 1f137c37efa3daf4e50844fcb9eee00c2472c9412e85f4963b5ec6cc6b4fa0e4
[INFO] running `Command { std: "docker" "create" "-v" "/var/lib/crater-agent-workspace/builds/worker-10/target:/opt/rustwide/target:rw,Z" "-v" "/var/lib/crater-agent-workspace/builds/worker-10/source:/opt/rustwide/workdir:ro,Z" "-v" "/var/lib/crater-agent-workspace/cargo-home:/opt/rustwide/cargo-home:ro,Z" "-v" "/var/lib/crater-agent-workspace/rustup-home:/opt/rustwide/rustup-home:ro,Z" "-e" "SOURCE_DIR=/opt/rustwide/workdir" "-e" "CARGO_TARGET_DIR=/opt/rustwide/target" "-e" "CARGO_INCREMENTAL=0" "-e" "RUST_BACKTRACE=full" "-e" "RUSTFLAGS=--cap-lints=warn" "-e" "CARGO_HOME=/opt/rustwide/cargo-home" "-e" "RUSTUP_HOME=/opt/rustwide/rustup-home" "-w" "/opt/rustwide/workdir" "-m" "1610612736" "--user" "0:0" "--network" "none" "ghcr.io/rust-lang/crates-build-env/linux@sha256:a89201d6b5b9fd45c15d5952ece0a0129e7e80cb26ec023fd59cf09bc26f1604" "/opt/rustwide/cargo-home/bin/cargo" "+beta-2021-10-15" "check" "--frozen" "--all" "--all-targets" "--message-format=json", kill_on_drop: false }`
[INFO] [stdout] cd32a61267586495e858eb5b88588d36d989fc2800bb023adbccc312994bd394
[INFO] [stderr] WARNING: Your kernel does not support swap limit capabilities or the cgroup is not mounted. Memory limited without swap.
[INFO] running `Command { std: "docker" "start" "-a" "cd32a61267586495e858eb5b88588d36d989fc2800bb023adbccc312994bd394", kill_on_drop: false }`
[INFO] [stderr]    Compiling tfc v0.6.0 (/opt/rustwide/workdir)
[INFO] [stdout] error[E0308]: mismatched types
[INFO] [stdout]   --> src/command/execute.rs:62:23
[INFO] [stdout]    |
[INFO] [stdout] 62 |             return Ok(true);
[INFO] [stdout]    |                       ^^^^ expected `()`, found `bool`
[INFO] [stdout] 
[INFO] [stdout] 
[INFO] [stdout] error[E0308]: mismatched types
[INFO] [stdout]   --> src/command/execute.rs:71:28
[INFO] [stdout]    |
[INFO] [stdout] 71 |             _ => return Ok(false)
[INFO] [stdout]    |                            ^^^^^ expected `()`, found `bool`
[INFO] [stdout] 
[INFO] [stdout] 
[INFO] [stdout] warning: unreachable call
[INFO] [stdout]   --> src/command/execute.rs:66:9
[INFO] [stdout]    |
[INFO] [stdout] 66 |            match self {
[INFO] [stdout]    |   _________^
[INFO] [stdout]    |  |_________|
[INFO] [stdout]    | ||
[INFO] [stdout] 67 | ||             UnicodeCharDown(_) => panic!("UnicodeKeyboardContext is not implemented"),
[INFO] [stdout] 68 | ||             UnicodeCharUp(_) => panic!("UnicodeKeyboardContext is not implemented"),
[INFO] [stdout] 69 | ||             UnicodeChar(_) => panic!("UnicodeKeyboardContext is not implemented"),
[INFO] [stdout] 70 | ||             UnicodeString(_) => panic!("UnicodeKeyboardContext is not implemented"),
[INFO] [stdout] 71 | ||             _ => return Ok(false)
[INFO] [stdout] 72 | ||         }?;
[INFO] [stdout]    | ||_________-^ unreachable call
[INFO] [stdout]    | |__________|
[INFO] [stdout]    |            any code following this `match` expression is unreachable, as all arms diverge
[INFO] [stdout]    |
[INFO] [stdout]    = note: `#[warn(unreachable_code)]` on by default
[INFO] [stdout] 
[INFO] [stdout] 
[INFO] [stdout] error[E0308]: mismatched types
[INFO] [stdout]   --> src/command/execute.rs:62:23
[INFO] [stdout]    |
[INFO] [stdout] 62 |             return Ok(true);
[INFO] [stdout]    |                       ^^^^ expected `()`, found `bool`
[INFO] [stdout] 
[INFO] [stdout] 
[INFO] [stdout] error[E0308]: mismatched types
[INFO] [stdout]   --> src/command/execute.rs:74:12
[INFO] [stdout]    |
[INFO] [stdout] 74 |         Ok(true)
[INFO] [stdout]    |            ^^^^ expected `()`, found `bool`
[INFO] [stdout] 
[INFO] [stdout] 
[INFO] [stdout] error[E0308]: mismatched types
[INFO] [stdout]   --> src/command/execute.rs:71:28
[INFO] [stdout]    |
[INFO] [stdout] 71 |             _ => return Ok(false)
[INFO] [stdout]    |                            ^^^^^ expected `()`, found `bool`
[INFO] [stdout] 
[INFO] [stdout] 
[INFO] [stdout] warning: unreachable call
[INFO] [stdout]   --> src/command/execute.rs:66:9
[INFO] [stdout]    |
[INFO] [stdout] 66 |            match self {
[INFO] [stdout]    |   _________^
[INFO] [stdout]    |  |_________|
[INFO] [stdout]    | ||
[INFO] [stdout] 67 | ||             UnicodeCharDown(_) => panic!("UnicodeKeyboardContext is not implemented"),
[INFO] [stdout] 68 | ||             UnicodeCharUp(_) => panic!("UnicodeKeyboardContext is not implemented"),
[INFO] [stdout] 69 | ||             UnicodeChar(_) => panic!("UnicodeKeyboardContext is not implemented"),
[INFO] [stdout] 70 | ||             UnicodeString(_) => panic!("UnicodeKeyboardContext is not implemented"),
[INFO] [stdout] 71 | ||             _ => return Ok(false)
[INFO] [stdout] 72 | ||         }?;
[INFO] [stdout]    | ||_________-^ unreachable call
[INFO] [stdout]    | |__________|
[INFO] [stdout]    |            any code following this `match` expression is unreachable, as all arms diverge
[INFO] [stdout]    |
[INFO] [stdout]    = note: `#[warn(unreachable_code)]` on by default
[INFO] [stdout] 
[INFO] [stdout] 
[INFO] [stdout] error[E0308]: try expression alternatives have incompatible types
[INFO] [stdout]    --> src/command/execute.rs:141:12
[INFO] [stdout]     |
[INFO] [stdout] 141 |         if self.execute_unicode(ctx)? {
[INFO] [stdout]     |            ^^^^^^^^^^^^^^^^^^^^^^^^^^ expected `bool`, found `()`
[INFO] [stdout] 
[INFO] [stdout] 
[INFO] [stdout] error[E0308]: mismatched types
[INFO] [stdout]   --> src/command/execute.rs:74:12
[INFO] [stdout]    |
[INFO] [stdout] 74 |         Ok(true)
[INFO] [stdout]    |            ^^^^ expected `()`, found `bool`
[INFO] [stdout] 
[INFO] [stdout] 
[INFO] [stdout] error[E0599]: no variant or associated item named `COUNT` found for enum `key::Key` in the current scope
[INFO] [stdout]    --> src/linux_wayland/mod.rs:40:33
[INFO] [stdout]     |
[INFO] [stdout] 40  |         for k in 0..crate::Key::COUNT {
[INFO] [stdout]     |                                 ^^^^^ variant or associated item not found in `key::Key`
[INFO] [stdout]     |
[INFO] [stdout]    ::: src/enum.rs:110:9
[INFO] [stdout]     |
[INFO] [stdout] 110 |         pub enum $name {
[INFO] [stdout]     |         -------------- variant or associated item `COUNT` not found here
[INFO] [stdout]     |
[INFO] [stdout]     = help: items from traits can only be used if the trait is in scope
[INFO] [stdout]     = note: the following trait is implemented but not in scope; perhaps add a `use` for it:
[INFO] [stdout]             `use crate::r#enum::Enum;`
[INFO] [stdout] 
[INFO] [stdout] 
[INFO] [stdout] error: aborting due to 5 previous errors; 1 warning emitted
[INFO] [stdout] 
[INFO] [stdout] 
[INFO] [stdout] Some errors have detailed explanations: E0308, E0599.
[INFO] [stdout] 
[INFO] [stdout] For more information about an error, try `rustc --explain E0308`.
[INFO] [stdout] 
[INFO] [stderr] error: could not compile `tfc` due to 6 previous errors; 1 warning emitted
[INFO] [stderr] warning: build failed, waiting for other jobs to finish...
[INFO] [stdout] error[E0308]: try expression alternatives have incompatible types
[INFO] [stdout]    --> src/command/execute.rs:141:12
[INFO] [stdout]     |
[INFO] [stdout] 141 |         if self.execute_unicode(ctx)? {
[INFO] [stdout]     |            ^^^^^^^^^^^^^^^^^^^^^^^^^^ expected `bool`, found `()`
[INFO] [stdout] 
[INFO] [stdout] 
[INFO] [stdout] error[E0599]: no variant or associated item named `COUNT` found for enum `key::Key` in the current scope
[INFO] [stdout]    --> src/linux_wayland/mod.rs:40:33
[INFO] [stdout]     |
[INFO] [stdout] 40  |         for k in 0..crate::Key::COUNT {
[INFO] [stdout]     |                                 ^^^^^ variant or associated item not found in `key::Key`
[INFO] [stdout]     |
[INFO] [stdout]    ::: src/enum.rs:110:9
[INFO] [stdout]     |
[INFO] [stdout] 110 |         pub enum $name {
[INFO] [stdout]     |         -------------- variant or associated item `COUNT` not found here
[INFO] [stdout]     |
[INFO] [stdout]     = help: items from traits can only be used if the trait is in scope
[INFO] [stdout]     = note: the following trait is implemented but not in scope; perhaps add a `use` for it:
[INFO] [stdout]             `use crate::r#enum::Enum;`
[INFO] [stdout] 
[INFO] [stdout] 
[INFO] [stdout] error: aborting due to 5 previous errors; 1 warning emitted
[INFO] [stdout] 
[INFO] [stdout] 
[INFO] [stdout] Some errors have detailed explanations: E0308, E0599.
[INFO] [stdout] 
[INFO] [stdout] For more information about an error, try `rustc --explain E0308`.
[INFO] [stdout] 
[INFO] [stderr] error: build failed
[INFO] running `Command { std: "docker" "inspect" "cd32a61267586495e858eb5b88588d36d989fc2800bb023adbccc312994bd394", kill_on_drop: false }`
[INFO] running `Command { std: "docker" "rm" "-f" "cd32a61267586495e858eb5b88588d36d989fc2800bb023adbccc312994bd394", kill_on_drop: false }`
[INFO] [stdout] cd32a61267586495e858eb5b88588d36d989fc2800bb023adbccc312994bd394
