[INFO] cloning repository https://github.com/KaranAhlawat/Rust-Car-API
[INFO] running `Command { std: "git" "-c" "credential.helper=" "-c" "credential.helper=/workspace/cargo-home/bin/git-credential-null" "clone" "--bare" "https://github.com/KaranAhlawat/Rust-Car-API" "/workspace/cache/git-repos/https%3A%2F%2Fgithub.com%2FKaranAhlawat%2FRust-Car-API", kill_on_drop: false }`
[INFO] [stderr] Cloning into bare repository '/workspace/cache/git-repos/https%3A%2F%2Fgithub.com%2FKaranAhlawat%2FRust-Car-API'...
[INFO] running `Command { std: "git" "rev-parse" "HEAD", kill_on_drop: false }`
[INFO] [stdout] 14c82e4a7558d3e22e48064d236942f905c8125c
[INFO] checking KaranAhlawat/Rust-Car-API against beta-2021-10-15 for beta-1.56-3
[INFO] running `Command { std: "git" "clone" "/workspace/cache/git-repos/https%3A%2F%2Fgithub.com%2FKaranAhlawat%2FRust-Car-API" "/workspace/builds/worker-12/source", kill_on_drop: false }`
[INFO] [stderr] Cloning into '/workspace/builds/worker-12/source'...
[INFO] [stderr] done.
[INFO] validating manifest of git repo https://github.com/KaranAhlawat/Rust-Car-API on toolchain beta-2021-10-15
[INFO] running `Command { std: "/workspace/cargo-home/bin/cargo" "+beta-2021-10-15" "metadata" "--manifest-path" "Cargo.toml" "--no-deps", kill_on_drop: false }`
[INFO] started tweaking git repo https://github.com/KaranAhlawat/Rust-Car-API
[INFO] finished tweaking git repo https://github.com/KaranAhlawat/Rust-Car-API
[INFO] tweaked toml for git repo https://github.com/KaranAhlawat/Rust-Car-API written to /workspace/builds/worker-12/source/Cargo.toml
[INFO] crate git repo https://github.com/KaranAhlawat/Rust-Car-API already has a lockfile, it will not be regenerated
[INFO] running `Command { std: "/workspace/cargo-home/bin/cargo" "+beta-2021-10-15" "fetch" "--manifest-path" "Cargo.toml", kill_on_drop: false }`
[INFO] [stderr]     Blocking waiting for file lock on package cache
[INFO] running `Command { std: "docker" "create" "-v" "/var/lib/crater-agent-workspace/builds/worker-12/target:/opt/rustwide/target:rw,Z" "-v" "/var/lib/crater-agent-workspace/builds/worker-12/source:/opt/rustwide/workdir:ro,Z" "-v" "/var/lib/crater-agent-workspace/cargo-home:/opt/rustwide/cargo-home:ro,Z" "-v" "/var/lib/crater-agent-workspace/rustup-home:/opt/rustwide/rustup-home:ro,Z" "-e" "SOURCE_DIR=/opt/rustwide/workdir" "-e" "CARGO_TARGET_DIR=/opt/rustwide/target" "-e" "CARGO_HOME=/opt/rustwide/cargo-home" "-e" "RUSTUP_HOME=/opt/rustwide/rustup-home" "-w" "/opt/rustwide/workdir" "-m" "1610612736" "--user" "0:0" "--network" "none" "ghcr.io/rust-lang/crates-build-env/linux@sha256:a89201d6b5b9fd45c15d5952ece0a0129e7e80cb26ec023fd59cf09bc26f1604" "/opt/rustwide/cargo-home/bin/cargo" "+beta-2021-10-15" "metadata" "--no-deps" "--format-version=1", kill_on_drop: false }`
[INFO] [stdout] 62760ee555d91bb11db3a4ad7f2be0f81e32c285f701bb1d2b82924deb897daa
[INFO] [stderr] WARNING: Your kernel does not support swap limit capabilities or the cgroup is not mounted. Memory limited without swap.
[INFO] running `Command { std: "docker" "start" "-a" "62760ee555d91bb11db3a4ad7f2be0f81e32c285f701bb1d2b82924deb897daa", kill_on_drop: false }`
[INFO] running `Command { std: "docker" "inspect" "62760ee555d91bb11db3a4ad7f2be0f81e32c285f701bb1d2b82924deb897daa", kill_on_drop: false }`
[INFO] running `Command { std: "docker" "rm" "-f" "62760ee555d91bb11db3a4ad7f2be0f81e32c285f701bb1d2b82924deb897daa", kill_on_drop: false }`
[INFO] [stdout] 62760ee555d91bb11db3a4ad7f2be0f81e32c285f701bb1d2b82924deb897daa
[INFO] running `Command { std: "docker" "create" "-v" "/var/lib/crater-agent-workspace/builds/worker-12/target:/opt/rustwide/target:rw,Z" "-v" "/var/lib/crater-agent-workspace/builds/worker-12/source:/opt/rustwide/workdir:ro,Z" "-v" "/var/lib/crater-agent-workspace/cargo-home:/opt/rustwide/cargo-home:ro,Z" "-v" "/var/lib/crater-agent-workspace/rustup-home:/opt/rustwide/rustup-home:ro,Z" "-e" "SOURCE_DIR=/opt/rustwide/workdir" "-e" "CARGO_TARGET_DIR=/opt/rustwide/target" "-e" "CARGO_INCREMENTAL=0" "-e" "RUST_BACKTRACE=full" "-e" "RUSTFLAGS=--cap-lints=warn" "-e" "CARGO_HOME=/opt/rustwide/cargo-home" "-e" "RUSTUP_HOME=/opt/rustwide/rustup-home" "-w" "/opt/rustwide/workdir" "-m" "1610612736" "--user" "0:0" "--network" "none" "ghcr.io/rust-lang/crates-build-env/linux@sha256:a89201d6b5b9fd45c15d5952ece0a0129e7e80cb26ec023fd59cf09bc26f1604" "/opt/rustwide/cargo-home/bin/cargo" "+beta-2021-10-15" "check" "--frozen" "--all" "--all-targets" "--message-format=json", kill_on_drop: false }`
[INFO] [stdout] 37d2a0f2923b857812c4a75c25f57e600cce21902a5bfc942d182a011361c797
[INFO] [stderr] WARNING: Your kernel does not support swap limit capabilities or the cgroup is not mounted. Memory limited without swap.
[INFO] running `Command { std: "docker" "start" "-a" "37d2a0f2923b857812c4a75c25f57e600cce21902a5bfc942d182a011361c797", kill_on_drop: false }`
[INFO] [stderr]    Compiling syn v1.0.76
[INFO] [stderr]    Compiling serde v1.0.130
[INFO] [stderr]    Compiling once_cell v1.8.0
[INFO] [stderr]    Compiling futures-channel v0.3.17
[INFO] [stderr]    Compiling bytes v1.1.0
[INFO] [stderr]    Compiling serde_json v1.0.68
[INFO] [stderr]    Compiling itoa v0.4.8
[INFO] [stderr]    Compiling whoami v1.1.3
[INFO] [stderr]    Compiling crossbeam-queue v0.3.2
[INFO] [stderr]    Compiling futures-sink v0.3.17
[INFO] [stderr]    Compiling futures-io v0.3.17
[INFO] [stderr]     Checking local-waker v0.1.1
[INFO] [stderr]    Compiling slab v0.4.4
[INFO] [stderr]    Compiling minimal-lexical v0.1.3
[INFO] [stderr]    Compiling zstd-safe v3.1.0+zstd.1.4.9
[INFO] [stderr]    Compiling cpufeatures v0.2.1
[INFO] [stderr]    Compiling crc-catalog v1.1.1
[INFO] [stderr]    Compiling firestorm v0.4.6
[INFO] [stderr]    Compiling byteorder v1.4.3
[INFO] [stderr]    Compiling nom v7.0.0
[INFO] [stderr]    Compiling time v0.2.27
[INFO] [stderr]    Compiling tokio v1.11.0
[INFO] [stderr]    Compiling instant v0.1.10
[INFO] [stderr]     Checking bytestring v1.0.0
[INFO] [stderr]    Compiling lock_api v0.4.5
[INFO] [stderr]    Compiling tinyvec v1.4.0
[INFO] [stderr]     Checking actix-utils v3.0.0
[INFO] [stderr]    Compiling crc v2.0.0
[INFO] [stderr]    Compiling memchr v2.4.1
[INFO] [stderr]    Compiling futures-core v0.3.17
[INFO] [stderr]    Compiling typenum v1.14.0
[INFO] [stderr]    Compiling futures-task v0.3.17
[INFO] [stderr]    Compiling crossbeam-utils v0.8.5
[INFO] [stderr]     Checking tracing v0.1.27
[INFO] [stderr]    Compiling jobserver v0.1.24
[INFO] [stderr]    Compiling getrandom v0.2.3
[INFO] [stderr]    Compiling signal-hook-registry v1.4.0
[INFO] [stderr]    Compiling num_cpus v1.13.0
[INFO] [stderr]    Compiling dirs-sys v0.3.6
[INFO] [stderr]     Checking parking_lot_core v0.8.5
[INFO] [stderr]     Checking socket2 v0.4.2
[INFO] [stderr]     Checking mio v0.7.13
[INFO] [stderr]     Checking actix-service v2.0.0
[INFO] [stderr]    Compiling http v0.2.4
[INFO] [stderr]     Checking lexical-core v0.7.6
[INFO] [stderr]     Checking stringprep v0.1.2
[INFO] [stderr]     Checking ahash v0.7.4
[INFO] [stderr]    Compiling dirs v3.0.2
[INFO] [stderr]     Checking flate2 v1.0.22
[INFO] [stderr]     Checking regex v1.5.4
[INFO] [stderr]    Compiling aho-corasick v0.7.18
[INFO] [stderr]    Compiling cc v1.0.70
[INFO] [stderr]    Compiling rand_core v0.6.3
[INFO] [stderr]    Compiling crossbeam-channel v0.5.1
[INFO] [stderr]     Checking parking_lot v0.11.2
[INFO] [stderr]     Checking crypto-mac v0.10.1
[INFO] [stderr]    Compiling generic-array v0.14.4
[INFO] [stderr]    Compiling unicode-normalization v0.1.19
[INFO] [stderr]     Checking md-5 v0.9.1
[INFO] [stderr]     Checking sha2 v0.9.8
[INFO] [stderr]     Checking hashbrown v0.11.2
[INFO] [stderr]     Checking hmac v0.10.1
[INFO] [stderr]    Compiling rand_chacha v0.3.1
[INFO] [stderr]     Checking futures-intrusive v0.4.0
[INFO] [stderr]    Compiling digest v0.9.0
[INFO] [stderr]    Compiling block-buffer v0.9.0
[INFO] [stderr]    Compiling rand v0.8.4
[INFO] [stderr]     Checking serde-hjson v0.9.1
[INFO] [stderr]     Checking indexmap v1.7.0
[INFO] [stderr]     Checking hashlink v0.7.0
[INFO] [stderr]    Compiling sha-1 v0.9.8
[INFO] [stderr]     Checking nom v5.1.2
[INFO] [stderr]    Compiling idna v0.2.3
[INFO] [stderr]    Compiling ring v0.16.20
[INFO] [stderr]    Compiling zstd-sys v1.5.0+zstd.1.4.9
[INFO] [stderr]    Compiling brotli-sys v0.3.2
[INFO] [stderr]     Checking sqlformat v0.1.8
[INFO] [stderr]    Compiling url v2.2.2
[INFO] [stderr]     Checking tokio-util v0.6.8
[INFO] [stderr]     Checking tokio-stream v0.1.7
[INFO] [stderr]    Compiling webpki v0.21.4
[INFO] [stderr]    Compiling sct v0.6.1
[INFO] [stderr]     Checking actix-codec v0.4.0
[INFO] [stderr]    Compiling rustls v0.19.1
[INFO] [stderr]    Compiling webpki-roots v0.21.1
[INFO] [stderr]     Checking brotli2 v0.3.2
[INFO] [stderr]     Checking tokio-rustls v0.22.0
[INFO] [stderr]    Compiling serde_derive v1.0.130
[INFO] [stderr]    Compiling futures-macro v0.3.17
[INFO] [stderr]    Compiling actix-macros v0.2.1
[INFO] [stderr]    Compiling thiserror-impl v1.0.29
[INFO] [stderr]    Compiling time-macros-impl v0.1.2
[INFO] [stderr]    Compiling derive_more v0.99.16
[INFO] [stderr]    Compiling pin-project-internal v1.0.8
[INFO] [stderr]     Checking actix-rt v2.2.0
[INFO] [stderr]     Checking time-macros v0.1.1
[INFO] [stderr]     Checking sqlx-rt v0.5.7
[INFO] [stderr]     Checking actix-server v2.0.0-beta.5
[INFO] [stderr]     Checking futures-util v0.3.17
[INFO] [stderr]     Checking cookie v0.15.1
[INFO] [stderr]    Compiling thiserror v1.0.29
[INFO] [stderr]     Checking pin-project v1.0.8
[INFO] [stderr]     Checking actix-tls v3.0.0-beta.5
[INFO] [stderr]    Compiling futures-executor v0.3.17
[INFO] [stderr]     Checking local-channel v0.1.2
[INFO] [stderr]     Checking h2 v0.3.4
[INFO] [stderr]    Compiling futures v0.3.17
[INFO] [stderr]     Checking actix-router v0.2.7
[INFO] [stderr]     Checking toml v0.5.8
[INFO] [stderr]     Checking serde_urlencoded v0.7.0
[INFO] [stderr]    Compiling actix-router v0.5.0-beta.2
[INFO] [stderr]     Checking sqlx-core v0.5.7
[INFO] [stderr]     Checking config v0.11.0
[INFO] [stderr]    Compiling actix-web-codegen v0.5.0-beta.4
[INFO] [stderr]    Compiling sqlx-macros v0.5.7
[INFO] [stderr]     Checking zstd v0.7.0+zstd.1.4.9
[INFO] [stderr]     Checking actix-http v3.0.0-beta.9
[INFO] [stderr]     Checking actix-web v4.0.0-beta.8
[INFO] [stderr]     Checking sqlx v0.5.7
[INFO] [stderr]     Checking car-inventory v0.1.0 (/opt/rustwide/workdir)
[INFO] [stdout] error: error communicating with the server: Cannot assign requested address (os error 99)
[INFO] [stdout]   --> src/routes/car.rs:7:11
[INFO] [stdout]    |
[INFO] [stdout] 7  |       match sqlx::query_as!(
[INFO] [stdout]    |  ___________^
[INFO] [stdout] 8  | |         CarResponseDto,
[INFO] [stdout] 9  | |         r#"
[INFO] [stdout] 10 | |             SELECT id, make, model, horsepower
[INFO] [stdout] 11 | |             FROM cars
[INFO] [stdout] 12 | |         "#,
[INFO] [stdout] 13 | |     )
[INFO] [stdout]    | |_____^
[INFO] [stdout]    |
[INFO] [stdout]    = note: this error originates in the macro `$crate::sqlx_macros::expand_query` (in Nightly builds, run with -Z macro-backtrace for more info)
[INFO] [stdout] 
[INFO] [stdout] 
[INFO] [stdout] error: error communicating with the server: Cannot assign requested address (os error 99)
[INFO] [stdout]   --> src/routes/car.rs:26:11
[INFO] [stdout]    |
[INFO] [stdout] 26 |       match sqlx::query_as!(
[INFO] [stdout]    |  ___________^
[INFO] [stdout] 27 | |         CarResponseDto,
[INFO] [stdout] 28 | |         r#"
[INFO] [stdout] 29 | |             SELECT id, make, model, horsepower
[INFO] [stdout] ...  |
[INFO] [stdout] 33 | |         id.into_inner()
[INFO] [stdout] 34 | |     )
[INFO] [stdout]    | |_____^
[INFO] [stdout]    |
[INFO] [stdout]    = note: this error originates in the macro `$crate::sqlx_macros::expand_query` (in Nightly builds, run with -Z macro-backtrace for more info)
[INFO] [stdout] 
[INFO] [stdout] 
[INFO] [stdout] error: error communicating with the server: Cannot assign requested address (os error 99)
[INFO] [stdout]   --> src/routes/car.rs:47:11
[INFO] [stdout]    |
[INFO] [stdout] 47 |       match sqlx::query_as!(
[INFO] [stdout]    |  ___________^
[INFO] [stdout] 48 | |         CarResponseDto,
[INFO] [stdout] 49 | |         r#"
[INFO] [stdout] 50 | |             INSERT INTO cars (make, model, horsepower)
[INFO] [stdout] ...  |
[INFO] [stdout] 56 | |         car.horsepower
[INFO] [stdout] 57 | |     )
[INFO] [stdout]    | |_____^
[INFO] [stdout]    |
[INFO] [stdout]    = note: this error originates in the macro `$crate::sqlx_macros::expand_query` (in Nightly builds, run with -Z macro-backtrace for more info)
[INFO] [stdout] 
[INFO] [stdout] 
[INFO] [stdout] error: error communicating with the server: Cannot assign requested address (os error 99)
[INFO] [stdout]   --> src/routes/car.rs:70:11
[INFO] [stdout]    |
[INFO] [stdout] 70 |       match sqlx::query!(
[INFO] [stdout]    |  ___________^
[INFO] [stdout] 71 | |         r#"
[INFO] [stdout] 72 | |             DELETE FROM cars
[INFO] [stdout] 73 | |             WHERE cars.id = $1
[INFO] [stdout] 74 | |         "#,
[INFO] [stdout] 75 | |         id.into_inner()
[INFO] [stdout] 76 | |     )
[INFO] [stdout]    | |_____^
[INFO] [stdout]    |
[INFO] [stdout]    = note: this error originates in the macro `$crate::sqlx_macros::expand_query` (in Nightly builds, run with -Z macro-backtrace for more info)
[INFO] [stdout] 
[INFO] [stdout] 
[INFO] [stdout] warning: unused import: `CarResponseDto`
[INFO] [stdout]  --> src/routes/car.rs:4:26
[INFO] [stdout]   |
[INFO] [stdout] 4 | use crate::models::{Car, CarResponseDto};
[INFO] [stdout]   |                          ^^^^^^^^^^^^^^
[INFO] [stdout]   |
[INFO] [stdout]   = note: `#[warn(unused_imports)]` on by default
[INFO] [stdout] 
[INFO] [stdout] 
[INFO] [stdout] error: error communicating with the server: Cannot assign requested address (os error 99)
[INFO] [stdout]   --> src/routes/car.rs:7:11
[INFO] [stdout]    |
[INFO] [stdout] 7  |       match sqlx::query_as!(
[INFO] [stdout]    |  ___________^
[INFO] [stdout] 8  | |         CarResponseDto,
[INFO] [stdout] 9  | |         r#"
[INFO] [stdout] 10 | |             SELECT id, make, model, horsepower
[INFO] [stdout] 11 | |             FROM cars
[INFO] [stdout] 12 | |         "#,
[INFO] [stdout] 13 | |     )
[INFO] [stdout]    | |_____^
[INFO] [stdout]    |
[INFO] [stdout]    = note: this error originates in the macro `$crate::sqlx_macros::expand_query` (in Nightly builds, run with -Z macro-backtrace for more info)
[INFO] [stdout] 
[INFO] [stdout] 
[INFO] [stdout] error: error communicating with the server: Cannot assign requested address (os error 99)
[INFO] [stdout]   --> src/routes/car.rs:26:11
[INFO] [stdout]    |
[INFO] [stdout] 26 |       match sqlx::query_as!(
[INFO] [stdout]    |  ___________^
[INFO] [stdout] 27 | |         CarResponseDto,
[INFO] [stdout] 28 | |         r#"
[INFO] [stdout] 29 | |             SELECT id, make, model, horsepower
[INFO] [stdout] ...  |
[INFO] [stdout] 33 | |         id.into_inner()
[INFO] [stdout] 34 | |     )
[INFO] [stdout]    | |_____^
[INFO] [stdout]    |
[INFO] [stdout]    = note: this error originates in the macro `$crate::sqlx_macros::expand_query` (in Nightly builds, run with -Z macro-backtrace for more info)
[INFO] [stdout] 
[INFO] [stdout] 
[INFO] [stdout] error: error communicating with the server: Cannot assign requested address (os error 99)
[INFO] [stdout]   --> src/routes/car.rs:47:11
[INFO] [stdout]    |
[INFO] [stdout] 47 |       match sqlx::query_as!(
[INFO] [stdout]    |  ___________^
[INFO] [stdout] 48 | |         CarResponseDto,
[INFO] [stdout] 49 | |         r#"
[INFO] [stdout] 50 | |             INSERT INTO cars (make, model, horsepower)
[INFO] [stdout] ...  |
[INFO] [stdout] 56 | |         car.horsepower
[INFO] [stdout] 57 | |     )
[INFO] [stdout]    | |_____^
[INFO] [stdout]    |
[INFO] [stdout]    = note: this error originates in the macro `$crate::sqlx_macros::expand_query` (in Nightly builds, run with -Z macro-backtrace for more info)
[INFO] [stdout] 
[INFO] [stdout] 
[INFO] [stdout] error: error communicating with the server: Cannot assign requested address (os error 99)
[INFO] [stdout]   --> src/routes/car.rs:70:11
[INFO] [stdout]    |
[INFO] [stdout] 70 |       match sqlx::query!(
[INFO] [stdout]    |  ___________^
[INFO] [stdout] 71 | |         r#"
[INFO] [stdout] 72 | |             DELETE FROM cars
[INFO] [stdout] 73 | |             WHERE cars.id = $1
[INFO] [stdout] 74 | |         "#,
[INFO] [stdout] 75 | |         id.into_inner()
[INFO] [stdout] 76 | |     )
[INFO] [stdout]    | |_____^
[INFO] [stdout]    |
[INFO] [stdout]    = note: this error originates in the macro `$crate::sqlx_macros::expand_query` (in Nightly builds, run with -Z macro-backtrace for more info)
[INFO] [stdout] 
[INFO] [stdout] 
[INFO] [stdout] warning: unused import: `CarResponseDto`
[INFO] [stdout]  --> src/routes/car.rs:4:26
[INFO] [stdout]   |
[INFO] [stdout] 4 | use crate::models::{Car, CarResponseDto};
[INFO] [stdout]   |                          ^^^^^^^^^^^^^^
[INFO] [stdout]   |
[INFO] [stdout]   = note: `#[warn(unused_imports)]` on by default
[INFO] [stdout] 
[INFO] [stdout] 
[INFO] [stdout] error: aborting due to 4 previous errors; 1 warning emitted
[INFO] [stdout] 
[INFO] [stdout] 
[INFO] [stdout] error: aborting due to 4 previous errors; 1 warning emitted
[INFO] [stdout] 
[INFO] [stdout] 
[INFO] [stderr] error: could not compile `car-inventory` due to 5 previous errors; 1 warning emitted
[INFO] [stderr] warning: build failed, waiting for other jobs to finish...
[INFO] [stderr] error: build failed
[INFO] running `Command { std: "docker" "inspect" "37d2a0f2923b857812c4a75c25f57e600cce21902a5bfc942d182a011361c797", kill_on_drop: false }`
[INFO] running `Command { std: "docker" "rm" "-f" "37d2a0f2923b857812c4a75c25f57e600cce21902a5bfc942d182a011361c797", kill_on_drop: false }`
[INFO] [stdout] 37d2a0f2923b857812c4a75c25f57e600cce21902a5bfc942d182a011361c797
