[INFO] cloning repository https://github.com/KamilM1205/shipgame
[INFO] running `Command { std: "git" "-c" "credential.helper=" "-c" "credential.helper=/workspace/cargo-home/bin/git-credential-null" "clone" "--bare" "https://github.com/KamilM1205/shipgame" "/workspace/cache/git-repos/https%3A%2F%2Fgithub.com%2FKamilM1205%2Fshipgame", kill_on_drop: false }`
[INFO] [stderr] Cloning into bare repository '/workspace/cache/git-repos/https%3A%2F%2Fgithub.com%2FKamilM1205%2Fshipgame'...
[INFO] running `Command { std: "git" "rev-parse" "HEAD", kill_on_drop: false }`
[INFO] [stdout] 7bd9b125ab7ea429e7d2f9c16f76357876e26b57
[INFO] checking KamilM1205/shipgame against beta-2021-10-15 for beta-1.56-3
[INFO] running `Command { std: "git" "clone" "/workspace/cache/git-repos/https%3A%2F%2Fgithub.com%2FKamilM1205%2Fshipgame" "/workspace/builds/worker-2/source", kill_on_drop: false }`
[INFO] [stderr] Cloning into '/workspace/builds/worker-2/source'...
[INFO] [stderr] done.
[INFO] validating manifest of git repo https://github.com/KamilM1205/shipgame on toolchain beta-2021-10-15
[INFO] running `Command { std: "/workspace/cargo-home/bin/cargo" "+beta-2021-10-15" "metadata" "--manifest-path" "Cargo.toml" "--no-deps", kill_on_drop: false }`
[INFO] started tweaking git repo https://github.com/KamilM1205/shipgame
[INFO] finished tweaking git repo https://github.com/KamilM1205/shipgame
[INFO] tweaked toml for git repo https://github.com/KamilM1205/shipgame written to /workspace/builds/worker-2/source/Cargo.toml
[INFO] crate git repo https://github.com/KamilM1205/shipgame already has a lockfile, it will not be regenerated
[INFO] running `Command { std: "/workspace/cargo-home/bin/cargo" "+beta-2021-10-15" "fetch" "--manifest-path" "Cargo.toml", kill_on_drop: false }`
[INFO] [stderr]  Downloading crates ...
[INFO] [stderr]   Downloaded bitreader v0.3.4
[INFO] [stderr]   Downloaded nanoserde-derive v0.1.18
[INFO] [stderr]   Downloaded mp4parse v0.10.1
[INFO] [stderr]   Downloaded tinyvec v1.3.0
[INFO] [stderr]   Downloaded macroquad-tiled v0.1.0
[INFO] [stderr]   Downloaded nanoserde v0.1.29
[INFO] [stderr]   Downloaded macroquad v0.3.7
[INFO] [stderr]   Downloaded caf v0.1.0
[INFO] [stderr]   Downloaded alac v0.5.0
[INFO] running `Command { std: "docker" "create" "-v" "/var/lib/crater-agent-workspace/builds/worker-2/target:/opt/rustwide/target:rw,Z" "-v" "/var/lib/crater-agent-workspace/builds/worker-2/source:/opt/rustwide/workdir:ro,Z" "-v" "/var/lib/crater-agent-workspace/cargo-home:/opt/rustwide/cargo-home:ro,Z" "-v" "/var/lib/crater-agent-workspace/rustup-home:/opt/rustwide/rustup-home:ro,Z" "-e" "SOURCE_DIR=/opt/rustwide/workdir" "-e" "CARGO_TARGET_DIR=/opt/rustwide/target" "-e" "CARGO_HOME=/opt/rustwide/cargo-home" "-e" "RUSTUP_HOME=/opt/rustwide/rustup-home" "-w" "/opt/rustwide/workdir" "-m" "1610612736" "--user" "0:0" "--network" "none" "ghcr.io/rust-lang/crates-build-env/linux@sha256:a89201d6b5b9fd45c15d5952ece0a0129e7e80cb26ec023fd59cf09bc26f1604" "/opt/rustwide/cargo-home/bin/cargo" "+beta-2021-10-15" "metadata" "--no-deps" "--format-version=1", kill_on_drop: false }`
[INFO] [stderr] WARNING: Your kernel does not support swap limit capabilities or the cgroup is not mounted. Memory limited without swap.
[INFO] [stdout] 6451303744a9a0ca06f808ee75c6dab8b0352391ee8ba2ea43ea269782f82cd3
[INFO] running `Command { std: "docker" "start" "-a" "6451303744a9a0ca06f808ee75c6dab8b0352391ee8ba2ea43ea269782f82cd3", kill_on_drop: false }`
[INFO] running `Command { std: "docker" "inspect" "6451303744a9a0ca06f808ee75c6dab8b0352391ee8ba2ea43ea269782f82cd3", kill_on_drop: false }`
[INFO] running `Command { std: "docker" "rm" "-f" "6451303744a9a0ca06f808ee75c6dab8b0352391ee8ba2ea43ea269782f82cd3", kill_on_drop: false }`
[INFO] [stdout] 6451303744a9a0ca06f808ee75c6dab8b0352391ee8ba2ea43ea269782f82cd3
[INFO] running `Command { std: "docker" "create" "-v" "/var/lib/crater-agent-workspace/builds/worker-2/target:/opt/rustwide/target:rw,Z" "-v" "/var/lib/crater-agent-workspace/builds/worker-2/source:/opt/rustwide/workdir:ro,Z" "-v" "/var/lib/crater-agent-workspace/cargo-home:/opt/rustwide/cargo-home:ro,Z" "-v" "/var/lib/crater-agent-workspace/rustup-home:/opt/rustwide/rustup-home:ro,Z" "-e" "SOURCE_DIR=/opt/rustwide/workdir" "-e" "CARGO_TARGET_DIR=/opt/rustwide/target" "-e" "CARGO_INCREMENTAL=0" "-e" "RUST_BACKTRACE=full" "-e" "RUSTFLAGS=--cap-lints=warn" "-e" "CARGO_HOME=/opt/rustwide/cargo-home" "-e" "RUSTUP_HOME=/opt/rustwide/rustup-home" "-w" "/opt/rustwide/workdir" "-m" "1610612736" "--user" "0:0" "--network" "none" "ghcr.io/rust-lang/crates-build-env/linux@sha256:a89201d6b5b9fd45c15d5952ece0a0129e7e80cb26ec023fd59cf09bc26f1604" "/opt/rustwide/cargo-home/bin/cargo" "+beta-2021-10-15" "check" "--frozen" "--all" "--all-targets" "--message-format=json", kill_on_drop: false }`
[INFO] [stderr] WARNING: Your kernel does not support swap limit capabilities or the cgroup is not mounted. Memory limited without swap.
[INFO] [stdout] 8cdd3e846fc9239933bb81c64124c310652310e5f099aa374b1eef589212e9b4
[INFO] running `Command { std: "docker" "start" "-a" "8cdd3e846fc9239933bb81c64124c310652310e5f099aa374b1eef589212e9b4", kill_on_drop: false }`
[INFO] [stderr]    Compiling syn v1.0.73
[INFO] [stderr]    Compiling sapp-linux v0.1.13
[INFO] [stderr]     Checking ttf-parser v0.12.3
[INFO] [stderr]     Checking quad-rand v0.2.1
[INFO] [stderr]    Compiling macroquad_macro v0.1.5
[INFO] [stderr]     Checking glam v0.14.0
[INFO] [stderr]     Checking bumpalo v3.7.0
[INFO] [stderr]    Compiling nanoserde-derive v0.1.18
[INFO] [stderr]     Checking tinyvec v1.3.0
[INFO] [stderr]     Checking ogg v0.8.0
[INFO] [stderr]     Checking parking_lot_core v0.8.3
[INFO] [stderr]     Checking serde v1.0.126
[INFO] [stderr]     Checking alsa-sys v0.3.1
[INFO] [stderr]     Checking image v0.23.14
[INFO] [stderr]     Checking parking_lot v0.11.1
[INFO] [stderr]     Checking alsa v0.5.0
[INFO] [stderr]     Checking lewton v0.10.2
[INFO] [stderr]     Checking nanoserde v0.1.29
[INFO] [stderr]     Checking fontdue v0.5.2
[INFO] [stderr]     Checking miniquad v0.3.0-alpha.37
[INFO] [stderr]     Checking toml v0.5.8
[INFO] [stderr]    Compiling thiserror-impl v1.0.26
[INFO] [stderr]    Compiling serde_derive v1.0.126
[INFO] [stderr]    Compiling async-trait v0.1.50
[INFO] [stderr]     Checking thiserror v1.0.26
[INFO] [stderr]     Checking cpal v0.13.3
[INFO] [stderr]     Checking rodio v0.13.1
[INFO] [stderr]     Checking macroquad v0.3.7
[INFO] [stderr]     Checking macroquad-tiled v0.1.0
[INFO] [stderr]     Checking ShipGame v0.1.0 (/opt/rustwide/workdir)
[INFO] [stdout] error: borrow expressions cannot be annotated with lifetimes
[INFO] [stdout]   --> src/utils/lvl_loader.rs:30:58
[INFO] [stdout]    |
[INFO] [stdout] 30 |         Self { x: 0., y: 0., map: tiled_map, tiles: vec!(&'a one) }
[INFO] [stdout]    |                                                          ^--^^^^
[INFO] [stdout]    |                                                           |
[INFO] [stdout]    |                                                           annotated with lifetime here
[INFO] [stdout]    |                                                           help: remove the lifetime annotation
[INFO] [stdout] 
[INFO] [stdout] 
[INFO] [stdout] error[E0425]: cannot find value `one` in this scope
[INFO] [stdout]    --> src/utils/lvl_loader.rs:30:62
[INFO] [stdout]     |
[INFO] [stdout] 30  |         Self { x: 0., y: 0., map: tiled_map, tiles: vec!(&'a one) }
[INFO] [stdout]     |                                                              ^^^ help: a unit variant with a similar name exists: `None`
[INFO] [stdout] 
[INFO] [stdout] 
[INFO] [stdout] error[E0425]: cannot find value `layer` in this scope
[INFO] [stdout]   --> src/utils/lvl_loader.rs:48:39
[INFO] [stdout]    |
[INFO] [stdout] 48 |                     self.map.get_tile(layer: &str, x: u32, y: u32)
[INFO] [stdout]    |                                       ^^^^^ expecting a type here because of type ascription
[INFO] [stdout] 
[INFO] [stdout] 
[INFO] [stdout] error[E0106]: missing lifetime specifier
[INFO] [stdout]  --> src/game_objects/ground.rs:7:12
[INFO] [stdout]   |
[INFO] [stdout] 7 |     level: Level,
[INFO] [stdout]   |            ^^^^^ expected named lifetime parameter
[INFO] [stdout]   |
[INFO] [stdout] help: consider introducing a named lifetime parameter
[INFO] [stdout]   |
[INFO] [stdout] 6 ~ pub struct Ground<'a> {
[INFO] [stdout] 7 ~     level: Level<'a>,
[INFO] [stdout]   |
[INFO] [stdout] 
[INFO] [stdout] 
[INFO] [stdout] error: aborting due to 4 previous errors
[INFO] [stdout] 
[INFO] [stdout] 
[INFO] [stdout] Some errors have detailed explanations: E0106, E0425.
[INFO] [stdout] 
[INFO] [stdout] For more information about an error, try `rustc --explain E0106`.
[INFO] [stdout] 
[INFO] [stderr] error: could not compile `ShipGame` due to 5 previous errors
[INFO] [stderr] warning: build failed, waiting for other jobs to finish...
[INFO] [stdout] error: borrow expressions cannot be annotated with lifetimes
[INFO] [stdout]   --> src/utils/lvl_loader.rs:30:58
[INFO] [stdout]    |
[INFO] [stdout] 30 |         Self { x: 0., y: 0., map: tiled_map, tiles: vec!(&'a one) }
[INFO] [stdout]    |                                                          ^--^^^^
[INFO] [stdout]    |                                                           |
[INFO] [stdout]    |                                                           annotated with lifetime here
[INFO] [stdout]    |                                                           help: remove the lifetime annotation
[INFO] [stdout] 
[INFO] [stdout] 
[INFO] [stdout] error[E0425]: cannot find value `one` in this scope
[INFO] [stdout]    --> src/utils/lvl_loader.rs:30:62
[INFO] [stdout]     |
[INFO] [stdout] 30  |         Self { x: 0., y: 0., map: tiled_map, tiles: vec!(&'a one) }
[INFO] [stdout]     |                                                              ^^^ help: a unit variant with a similar name exists: `None`
[INFO] [stdout] 
[INFO] [stdout] 
[INFO] [stdout] error[E0425]: cannot find value `layer` in this scope
[INFO] [stdout]   --> src/utils/lvl_loader.rs:48:39
[INFO] [stdout]    |
[INFO] [stdout] 48 |                     self.map.get_tile(layer: &str, x: u32, y: u32)
[INFO] [stdout]    |                                       ^^^^^ expecting a type here because of type ascription
[INFO] [stdout] 
[INFO] [stdout] 
[INFO] [stdout] error[E0106]: missing lifetime specifier
[INFO] [stdout]  --> src/game_objects/ground.rs:7:12
[INFO] [stdout]   |
[INFO] [stdout] 7 |     level: Level,
[INFO] [stdout]   |            ^^^^^ expected named lifetime parameter
[INFO] [stdout]   |
[INFO] [stdout] help: consider introducing a named lifetime parameter
[INFO] [stdout]   |
[INFO] [stdout] 6 ~ pub struct Ground<'a> {
[INFO] [stdout] 7 ~     level: Level<'a>,
[INFO] [stdout]   |
[INFO] [stdout] 
[INFO] [stdout] 
[INFO] [stdout] error: aborting due to 4 previous errors
[INFO] [stdout] 
[INFO] [stdout] 
[INFO] [stdout] Some errors have detailed explanations: E0106, E0425.
[INFO] [stdout] 
[INFO] [stdout] For more information about an error, try `rustc --explain E0106`.
[INFO] [stdout] 
[INFO] [stderr] error: build failed
[INFO] running `Command { std: "docker" "inspect" "8cdd3e846fc9239933bb81c64124c310652310e5f099aa374b1eef589212e9b4", kill_on_drop: false }`
[INFO] running `Command { std: "docker" "rm" "-f" "8cdd3e846fc9239933bb81c64124c310652310e5f099aa374b1eef589212e9b4", kill_on_drop: false }`
[INFO] [stdout] 8cdd3e846fc9239933bb81c64124c310652310e5f099aa374b1eef589212e9b4
