[INFO] cloning repository https://github.com/JurassicBunny/rgaussian16
[INFO] running `Command { std: "git" "-c" "credential.helper=" "-c" "credential.helper=/workspace/cargo-home/bin/git-credential-null" "clone" "--bare" "https://github.com/JurassicBunny/rgaussian16" "/workspace/cache/git-repos/https%3A%2F%2Fgithub.com%2FJurassicBunny%2Frgaussian16", kill_on_drop: false }`
[INFO] [stderr] Cloning into bare repository '/workspace/cache/git-repos/https%3A%2F%2Fgithub.com%2FJurassicBunny%2Frgaussian16'...
[INFO] running `Command { std: "git" "rev-parse" "HEAD", kill_on_drop: false }`
[INFO] [stdout] e3609d9f16a3b756805bfcad65a73755f7a2f7a1
[INFO] checking JurassicBunny/rgaussian16 against 1.55.0 for beta-1.56-3
[INFO] running `Command { std: "git" "clone" "/workspace/cache/git-repos/https%3A%2F%2Fgithub.com%2FJurassicBunny%2Frgaussian16" "/workspace/builds/worker-21/source", kill_on_drop: false }`
[INFO] [stderr] Cloning into '/workspace/builds/worker-21/source'...
[INFO] [stderr] done.
[INFO] validating manifest of git repo https://github.com/JurassicBunny/rgaussian16 on toolchain 1.55.0
[INFO] running `Command { std: "/workspace/cargo-home/bin/cargo" "+1.55.0" "metadata" "--manifest-path" "Cargo.toml" "--no-deps", kill_on_drop: false }`
[INFO] started tweaking git repo https://github.com/JurassicBunny/rgaussian16
[INFO] finished tweaking git repo https://github.com/JurassicBunny/rgaussian16
[INFO] tweaked toml for git repo https://github.com/JurassicBunny/rgaussian16 written to /workspace/builds/worker-21/source/Cargo.toml
[INFO] crate git repo https://github.com/JurassicBunny/rgaussian16 already has a lockfile, it will not be regenerated
[INFO] running `Command { std: "/workspace/cargo-home/bin/cargo" "+1.55.0" "fetch" "--manifest-path" "Cargo.toml", kill_on_drop: false }`
[INFO] running `Command { std: "docker" "create" "-v" "/var/lib/crater-agent-workspace/builds/worker-21/target:/opt/rustwide/target:rw,Z" "-v" "/var/lib/crater-agent-workspace/builds/worker-21/source:/opt/rustwide/workdir:ro,Z" "-v" "/var/lib/crater-agent-workspace/cargo-home:/opt/rustwide/cargo-home:ro,Z" "-v" "/var/lib/crater-agent-workspace/rustup-home:/opt/rustwide/rustup-home:ro,Z" "-e" "SOURCE_DIR=/opt/rustwide/workdir" "-e" "CARGO_TARGET_DIR=/opt/rustwide/target" "-e" "CARGO_HOME=/opt/rustwide/cargo-home" "-e" "RUSTUP_HOME=/opt/rustwide/rustup-home" "-w" "/opt/rustwide/workdir" "-m" "1610612736" "--user" "0:0" "--network" "none" "ghcr.io/rust-lang/crates-build-env/linux@sha256:a89201d6b5b9fd45c15d5952ece0a0129e7e80cb26ec023fd59cf09bc26f1604" "/opt/rustwide/cargo-home/bin/cargo" "+1.55.0" "metadata" "--no-deps" "--format-version=1", kill_on_drop: false }`
[INFO] [stdout] 8d5a9fd3abfa3bf86b46f8851554ad92e5c4bbe9dc9d36216f3514833622985d
[INFO] running `Command { std: "docker" "start" "-a" "8d5a9fd3abfa3bf86b46f8851554ad92e5c4bbe9dc9d36216f3514833622985d", kill_on_drop: false }`
[INFO] running `Command { std: "docker" "inspect" "8d5a9fd3abfa3bf86b46f8851554ad92e5c4bbe9dc9d36216f3514833622985d", kill_on_drop: false }`
[INFO] running `Command { std: "docker" "rm" "-f" "8d5a9fd3abfa3bf86b46f8851554ad92e5c4bbe9dc9d36216f3514833622985d", kill_on_drop: false }`
[INFO] [stdout] 8d5a9fd3abfa3bf86b46f8851554ad92e5c4bbe9dc9d36216f3514833622985d
[INFO] running `Command { std: "docker" "create" "-v" "/var/lib/crater-agent-workspace/builds/worker-21/target:/opt/rustwide/target:rw,Z" "-v" "/var/lib/crater-agent-workspace/builds/worker-21/source:/opt/rustwide/workdir:ro,Z" "-v" "/var/lib/crater-agent-workspace/cargo-home:/opt/rustwide/cargo-home:ro,Z" "-v" "/var/lib/crater-agent-workspace/rustup-home:/opt/rustwide/rustup-home:ro,Z" "-e" "SOURCE_DIR=/opt/rustwide/workdir" "-e" "CARGO_TARGET_DIR=/opt/rustwide/target" "-e" "CARGO_INCREMENTAL=0" "-e" "RUST_BACKTRACE=full" "-e" "RUSTFLAGS=--cap-lints=warn" "-e" "CARGO_HOME=/opt/rustwide/cargo-home" "-e" "RUSTUP_HOME=/opt/rustwide/rustup-home" "-w" "/opt/rustwide/workdir" "-m" "1610612736" "--user" "0:0" "--network" "none" "ghcr.io/rust-lang/crates-build-env/linux@sha256:a89201d6b5b9fd45c15d5952ece0a0129e7e80cb26ec023fd59cf09bc26f1604" "/opt/rustwide/cargo-home/bin/cargo" "+1.55.0" "check" "--frozen" "--all" "--all-targets" "--message-format=json", kill_on_drop: false }`
[INFO] [stdout] 12558b5257b5112abfe6c241860062cd9d3c3c95f7136623f49b9b6c14ee9057
[INFO] running `Command { std: "docker" "start" "-a" "12558b5257b5112abfe6c241860062cd9d3c3c95f7136623f49b9b6c14ee9057", kill_on_drop: false }`
[INFO] [stderr]    Compiling proc-macro2 v1.0.29
[INFO] [stderr]    Compiling unicode-xid v0.2.2
[INFO] [stderr]    Compiling syn v1.0.80
[INFO] [stderr]    Compiling serde_derive v1.0.130
[INFO] [stderr]    Compiling libc v0.2.103
[INFO] [stderr]    Compiling serde v1.0.130
[INFO] [stderr]    Compiling memchr v2.4.1
[INFO] [stderr]     Checking linked-hash-map v0.5.4
[INFO] [stderr]     Checking bitflags v1.3.2
[INFO] [stderr]     Checking hashbrown v0.11.2
[INFO] [stderr]     Checking regex-syntax v0.6.25
[INFO] [stderr]     Checking dtoa v0.4.8
[INFO] [stderr]    Compiling proc-macro-error-attr v1.0.4
[INFO] [stderr]    Compiling proc-macro-error v1.0.4
[INFO] [stderr]    Compiling indexmap v1.7.0
[INFO] [stderr]     Checking yaml-rust v0.4.5
[INFO] [stderr]     Checking aho-corasick v0.7.18
[INFO] [stderr]    Compiling quote v1.0.10
[INFO] [stderr]     Checking faccess v0.2.3
[INFO] [stderr]     Checking os_pipe v0.9.2
[INFO] [stderr]     Checking regex v1.5.4
[INFO] [stderr]    Compiling cmd_lib_macros v1.2.4
[INFO] [stderr]     Checking cmd_lib v1.2.4
[INFO] [stderr]     Checking serde_yaml v0.8.21
[INFO] [stderr]     Checking serde_test v1.0.130
[INFO] [stderr]     Checking rgaussian16 v0.1.0 (/opt/rustwide/workdir)
[INFO] [stdout] error[E0061]: this function takes 1 argument but 0 arguments were supplied
[INFO] [stdout]    --> src/gaussian.rs:94:29
[INFO] [stdout]     |
[INFO] [stdout] 94  |         Command::new("g16").stdin()
[INFO] [stdout]     |                             ^^^^^- supplied 0 arguments
[INFO] [stdout]     |                             |
[INFO] [stdout]     |                             expected 1 argument
[INFO] [stdout]     |
[INFO] [stdout] note: associated function defined here
[INFO] [stdout] 
[INFO] [stdout] 
[INFO] [stdout] error[E0061]: this function takes 1 argument but 0 arguments were supplied
[INFO] [stdout]    --> src/gaussian.rs:94:29
[INFO] [stdout]     |
[INFO] [stdout] 94  |         Command::new("g16").stdin()
[INFO] [stdout]     |                             ^^^^^- supplied 0 arguments
[INFO] [stdout]     |                             |
[INFO] [stdout]     |                             expected 1 argument
[INFO] [stdout]     |
[INFO] [stdout] note: associated function defined here
[INFO] [stdout] 
[INFO] [stdout] 
[INFO] [stdout] error[E0308]: mismatched types
[INFO] [stdout]   --> src/gaussian.rs:94:9
[INFO] [stdout]    |
[INFO] [stdout] 93 |     pub fn run(input: File, output: File) -> Result<(), std::io::Error> {
[INFO] [stdout]    |                                              -------------------------- expected `Result<(), std::io::Error>` because of return type
[INFO] [stdout] 94 |         Command::new("g16").stdin()
[INFO] [stdout]    |         ^^^^^^^^^^^^^^^^^^^^^^^^^^^ expected enum `Result`, found `&mut Command`
[INFO] [stdout]    |
[INFO] [stdout]    = note:           expected enum `Result<(), std::io::Error>`
[INFO] [stdout]            found mutable reference `&mut Command`
[INFO] [stdout] 
[INFO] [stdout] 
[INFO] [stdout] error: aborting due to 2 previous errors
[INFO] [stdout] 
[INFO] [stdout] 
[INFO] [stdout] Some errors have detailed explanations: E0061, E0308.
[INFO] [stdout] 
[INFO] [stdout] For more information about an error, try `rustc --explain E0061`.
[INFO] [stdout] 
[INFO] [stderr] error: could not compile `rgaussian16` due to 3 previous errors
[INFO] [stderr] warning: build failed, waiting for other jobs to finish...
[INFO] [stdout] error[E0308]: mismatched types
[INFO] [stdout]   --> src/gaussian.rs:94:9
[INFO] [stdout]    |
[INFO] [stdout] 93 |     pub fn run(input: File, output: File) -> Result<(), std::io::Error> {
[INFO] [stdout]    |                                              -------------------------- expected `Result<(), std::io::Error>` because of return type
[INFO] [stdout] 94 |         Command::new("g16").stdin()
[INFO] [stdout]    |         ^^^^^^^^^^^^^^^^^^^^^^^^^^^ expected enum `Result`, found `&mut Command`
[INFO] [stdout]    |
[INFO] [stdout]    = note:           expected enum `Result<(), std::io::Error>`
[INFO] [stdout]            found mutable reference `&mut Command`
[INFO] [stdout] 
[INFO] [stdout] 
[INFO] [stdout] error: aborting due to 2 previous errors
[INFO] [stdout] 
[INFO] [stdout] 
[INFO] [stdout] Some errors have detailed explanations: E0061, E0308.
[INFO] [stdout] 
[INFO] [stdout] For more information about an error, try `rustc --explain E0061`.
[INFO] [stdout] 
[INFO] [stderr] error: build failed
[INFO] running `Command { std: "docker" "inspect" "12558b5257b5112abfe6c241860062cd9d3c3c95f7136623f49b9b6c14ee9057", kill_on_drop: false }`
[INFO] running `Command { std: "docker" "rm" "-f" "12558b5257b5112abfe6c241860062cd9d3c3c95f7136623f49b9b6c14ee9057", kill_on_drop: false }`
[INFO] [stdout] 12558b5257b5112abfe6c241860062cd9d3c3c95f7136623f49b9b6c14ee9057
