[INFO] cloning repository https://github.com/JohannesThoren/rddit_2
[INFO] running `Command { std: "git" "-c" "credential.helper=" "-c" "credential.helper=/workspace/cargo-home/bin/git-credential-null" "clone" "--bare" "https://github.com/JohannesThoren/rddit_2" "/workspace/cache/git-repos/https%3A%2F%2Fgithub.com%2FJohannesThoren%2Frddit_2", kill_on_drop: false }`
[INFO] [stderr] Cloning into bare repository '/workspace/cache/git-repos/https%3A%2F%2Fgithub.com%2FJohannesThoren%2Frddit_2'...
[INFO] running `Command { std: "git" "rev-parse" "HEAD", kill_on_drop: false }`
[INFO] [stdout] 86fe65c17522155d4d4fb027b42c7168958db9a6
[INFO] checking JohannesThoren/rddit_2 against beta-2021-10-15 for beta-1.56-3
[INFO] running `Command { std: "git" "clone" "/workspace/cache/git-repos/https%3A%2F%2Fgithub.com%2FJohannesThoren%2Frddit_2" "/workspace/builds/worker-68/source", kill_on_drop: false }`
[INFO] [stderr] Cloning into '/workspace/builds/worker-68/source'...
[INFO] [stderr] done.
[INFO] validating manifest of git repo https://github.com/JohannesThoren/rddit_2 on toolchain beta-2021-10-15
[INFO] running `Command { std: "/workspace/cargo-home/bin/cargo" "+beta-2021-10-15" "metadata" "--manifest-path" "Cargo.toml" "--no-deps", kill_on_drop: false }`
[INFO] started tweaking git repo https://github.com/JohannesThoren/rddit_2
[INFO] finished tweaking git repo https://github.com/JohannesThoren/rddit_2
[INFO] tweaked toml for git repo https://github.com/JohannesThoren/rddit_2 written to /workspace/builds/worker-68/source/Cargo.toml
[INFO] crate git repo https://github.com/JohannesThoren/rddit_2 already has a lockfile, it will not be regenerated
[INFO] running `Command { std: "/workspace/cargo-home/bin/cargo" "+beta-2021-10-15" "fetch" "--manifest-path" "Cargo.toml", kill_on_drop: false }`
[INFO] [stderr]     Blocking waiting for file lock on package cache
[INFO] [stderr]     Blocking waiting for file lock on package cache
[INFO] running `Command { std: "docker" "create" "-v" "/var/lib/crater-agent-workspace/builds/worker-68/target:/opt/rustwide/target:rw,Z" "-v" "/var/lib/crater-agent-workspace/builds/worker-68/source:/opt/rustwide/workdir:ro,Z" "-v" "/var/lib/crater-agent-workspace/cargo-home:/opt/rustwide/cargo-home:ro,Z" "-v" "/var/lib/crater-agent-workspace/rustup-home:/opt/rustwide/rustup-home:ro,Z" "-e" "SOURCE_DIR=/opt/rustwide/workdir" "-e" "CARGO_TARGET_DIR=/opt/rustwide/target" "-e" "CARGO_HOME=/opt/rustwide/cargo-home" "-e" "RUSTUP_HOME=/opt/rustwide/rustup-home" "-w" "/opt/rustwide/workdir" "-m" "1610612736" "--user" "0:0" "--network" "none" "ghcr.io/rust-lang/crates-build-env/linux@sha256:a89201d6b5b9fd45c15d5952ece0a0129e7e80cb26ec023fd59cf09bc26f1604" "/opt/rustwide/cargo-home/bin/cargo" "+beta-2021-10-15" "metadata" "--no-deps" "--format-version=1", kill_on_drop: false }`
[INFO] [stdout] 9d4e5d71b7bc3d6bbf5bdeb81236c8720d5dbac77cc3bea1e072edbfd42ed72a
[INFO] running `Command { std: "docker" "start" "-a" "9d4e5d71b7bc3d6bbf5bdeb81236c8720d5dbac77cc3bea1e072edbfd42ed72a", kill_on_drop: false }`
[INFO] running `Command { std: "docker" "inspect" "9d4e5d71b7bc3d6bbf5bdeb81236c8720d5dbac77cc3bea1e072edbfd42ed72a", kill_on_drop: false }`
[INFO] running `Command { std: "docker" "rm" "-f" "9d4e5d71b7bc3d6bbf5bdeb81236c8720d5dbac77cc3bea1e072edbfd42ed72a", kill_on_drop: false }`
[INFO] [stdout] 9d4e5d71b7bc3d6bbf5bdeb81236c8720d5dbac77cc3bea1e072edbfd42ed72a
[INFO] running `Command { std: "docker" "create" "-v" "/var/lib/crater-agent-workspace/builds/worker-68/target:/opt/rustwide/target:rw,Z" "-v" "/var/lib/crater-agent-workspace/builds/worker-68/source:/opt/rustwide/workdir:ro,Z" "-v" "/var/lib/crater-agent-workspace/cargo-home:/opt/rustwide/cargo-home:ro,Z" "-v" "/var/lib/crater-agent-workspace/rustup-home:/opt/rustwide/rustup-home:ro,Z" "-e" "SOURCE_DIR=/opt/rustwide/workdir" "-e" "CARGO_TARGET_DIR=/opt/rustwide/target" "-e" "CARGO_INCREMENTAL=0" "-e" "RUST_BACKTRACE=full" "-e" "RUSTFLAGS=--cap-lints=warn" "-e" "CARGO_HOME=/opt/rustwide/cargo-home" "-e" "RUSTUP_HOME=/opt/rustwide/rustup-home" "-w" "/opt/rustwide/workdir" "-m" "1610612736" "--user" "0:0" "--network" "none" "ghcr.io/rust-lang/crates-build-env/linux@sha256:a89201d6b5b9fd45c15d5952ece0a0129e7e80cb26ec023fd59cf09bc26f1604" "/opt/rustwide/cargo-home/bin/cargo" "+beta-2021-10-15" "check" "--frozen" "--all" "--all-targets" "--message-format=json", kill_on_drop: false }`
[INFO] [stdout] 8baba2040045a3ea05c16e5e7ca0c7f651e530b257a8e8d7d9779474180edc92
[INFO] running `Command { std: "docker" "start" "-a" "8baba2040045a3ea05c16e5e7ca0c7f651e530b257a8e8d7d9779474180edc92", kill_on_drop: false }`
[INFO] [stderr]     Blocking waiting for file lock on package cache
[INFO] [stderr]    Compiling libc v0.2.81
[INFO] [stderr]    Compiling log v0.4.11
[INFO] [stderr]    Compiling syn v1.0.54
[INFO] [stderr]    Compiling cc v1.0.66
[INFO] [stderr]     Checking bytes v0.5.6
[INFO] [stderr]     Checking futures-core v0.3.8
[INFO] [stderr]     Checking itoa v0.4.6
[INFO] [stderr]    Compiling version_check v0.9.2
[INFO] [stderr]    Compiling pin-project-internal v0.4.27
[INFO] [stderr]     Checking pin-project-lite v0.1.11
[INFO] [stderr]     Checking pin-project-lite v0.2.0
[INFO] [stderr]     Checking once_cell v1.5.2
[INFO] [stderr]    Compiling openssl v0.10.31
[INFO] [stderr]     Checking futures-io v0.3.8
[INFO] [stderr]     Checking futures-sink v0.3.8
[INFO] [stderr]    Compiling serde v1.0.118
[INFO] [stderr]    Compiling httparse v1.3.4
[INFO] [stderr]    Compiling native-tls v0.2.6
[INFO] [stderr]    Compiling encoding_rs v0.8.26
[INFO] [stderr]     Checking tower-service v0.3.0
[INFO] [stderr]    Compiling serde_json v1.0.60
[INFO] [stderr]     Checking htmlescape v0.3.1
[INFO] [stderr]    Compiling indexmap v1.6.1
[INFO] [stderr]     Checking tinyvec v1.1.0
[INFO] [stderr]     Checking form_urlencoded v1.0.0
[INFO] [stderr]    Compiling quote v1.0.7
[INFO] [stderr]     Checking futures-channel v0.3.8
[INFO] [stderr]     Checking futures-task v0.3.8
[INFO] [stderr]    Compiling openssl-src v111.13.0+1.1.1i
[INFO] [stderr]     Checking http v0.2.2
[INFO] [stderr]     Checking tracing v0.1.22
[INFO] [stderr]     Checking want v0.3.0
[INFO] [stderr]    Compiling unicase v2.6.0
[INFO] [stderr]    Compiling openssl-sys v0.9.59
[INFO] [stderr]     Checking unicode-normalization v0.1.16
[INFO] [stderr]     Checking net2 v0.2.37
[INFO] [stderr]     Checking iovec v0.1.4
[INFO] [stderr]     Checking num_cpus v1.13.0
[INFO] [stderr]     Checking socket2 v0.3.18
[INFO] [stderr]     Checking atty v0.2.14
[INFO] [stderr]     Checking clap v2.33.3
[INFO] [stderr]    Compiling mime_guess v2.0.3
[INFO] [stderr]     Checking mio v0.6.23
[INFO] [stderr]     Checking idna v0.2.0
[INFO] [stderr]     Checking tokio v0.2.24
[INFO] [stderr]     Checking url v2.2.0
[INFO] [stderr]     Checking http-body v0.3.1
[INFO] [stderr]     Checking serde_urlencoded v0.7.0
[INFO] [stderr]     Checking tokio-util v0.3.1
[INFO] [stderr]    Compiling pin-project-internal v1.0.2
[INFO] [stderr]     Checking pin-project v1.0.2
[INFO] [stderr]     Checking pin-project v0.4.27
[INFO] [stderr]     Checking futures-util v0.3.8
[INFO] [stderr]     Checking tracing-futures v0.2.4
[INFO] [stderr]     Checking h2 v0.2.7
[INFO] [stderr]     Checking hyper v0.13.9
[INFO] [stderr]     Checking tokio-tls v0.3.1
[INFO] [stderr]     Checking hyper-tls v0.4.3
[INFO] [stderr]     Checking reqwest v0.10.10
[INFO] [stderr]     Checking rddit_framework_2 v0.1.0 (https://github.com/JohannesThoren/rddit_framework_2.0#2e13f7a5)
[INFO] [stderr]     Checking rddit-2 v0.1.0 (/opt/rustwide/workdir)
[INFO] [stdout] error[E0425]: cannot find function `get_data` in module `rddit_framework_2::post_handler`
[INFO] [stdout]    --> src/main.rs:142:54
[INFO] [stdout]     |
[INFO] [stdout] 142 |     let mut posts = rddit_framework_2::post_handler::get_data(&mut settings);
[INFO] [stdout]     |                                                      ^^^^^^^^ not found in `rddit_framework_2::post_handler`
[INFO] [stdout] 
[INFO] [stdout] 
[INFO] [stdout] error[E0425]: cannot find function `search_post` in module `rddit_framework_2::post_handler`
[INFO] [stdout]    --> src/main.rs:145:50
[INFO] [stdout]     |
[INFO] [stdout] 145 |         posts = rddit_framework_2::post_handler::search_post(posts.clone(), &mut keyword);
[INFO] [stdout]     |                                                  ^^^^^^^^^^^ not found in `rddit_framework_2::post_handler`
[INFO] [stdout] 
[INFO] [stdout] 
[INFO] [stdout] error[E0425]: cannot find function `get_data` in module `rddit_framework_2::post_handler`
[INFO] [stdout]    --> src/main.rs:142:54
[INFO] [stdout]     |
[INFO] [stdout] 142 |     let mut posts = rddit_framework_2::post_handler::get_data(&mut settings);
[INFO] [stdout]     |                                                      ^^^^^^^^ not found in `rddit_framework_2::post_handler`
[INFO] [stdout] 
[INFO] [stdout] 
[INFO] [stdout] error[E0425]: cannot find function `search_post` in module `rddit_framework_2::post_handler`
[INFO] [stdout]    --> src/main.rs:145:50
[INFO] [stdout]     |
[INFO] [stdout] 145 |         posts = rddit_framework_2::post_handler::search_post(posts.clone(), &mut keyword);
[INFO] [stdout]     |                                                  ^^^^^^^^^^^ not found in `rddit_framework_2::post_handler`
[INFO] [stdout] 
[INFO] [stdout] 
[INFO] [stdout] error: aborting due to 2 previous errors
[INFO] [stdout] 
[INFO] [stdout] 
[INFO] [stdout] For more information about this error, try `rustc --explain E0425`.
[INFO] [stdout] 
[INFO] [stderr] error: could not compile `rddit-2` due to 3 previous errors
[INFO] [stderr] warning: build failed, waiting for other jobs to finish...
[INFO] [stdout] error: aborting due to 2 previous errors
[INFO] [stdout] 
[INFO] [stdout] 
[INFO] [stdout] For more information about this error, try `rustc --explain E0425`.
[INFO] [stdout] 
[INFO] [stderr] error: build failed
[INFO] running `Command { std: "docker" "inspect" "8baba2040045a3ea05c16e5e7ca0c7f651e530b257a8e8d7d9779474180edc92", kill_on_drop: false }`
[INFO] running `Command { std: "docker" "rm" "-f" "8baba2040045a3ea05c16e5e7ca0c7f651e530b257a8e8d7d9779474180edc92", kill_on_drop: false }`
[INFO] [stdout] 8baba2040045a3ea05c16e5e7ca0c7f651e530b257a8e8d7d9779474180edc92
