[INFO] cloning repository https://github.com/JoNil/win32_shortcut_parameters
[INFO] running `Command { std: "git" "-c" "credential.helper=" "-c" "credential.helper=/workspace/cargo-home/bin/git-credential-null" "clone" "--bare" "https://github.com/JoNil/win32_shortcut_parameters" "/workspace/cache/git-repos/https%3A%2F%2Fgithub.com%2FJoNil%2Fwin32_shortcut_parameters", kill_on_drop: false }`
[INFO] [stderr] Cloning into bare repository '/workspace/cache/git-repos/https%3A%2F%2Fgithub.com%2FJoNil%2Fwin32_shortcut_parameters'...
[INFO] running `Command { std: "git" "rev-parse" "HEAD", kill_on_drop: false }`
[INFO] [stdout] a59f5ba4b50f11bb2d29dfaba67a406f9ed93e36
[INFO] checking JoNil/win32_shortcut_parameters against 1.55.0 for beta-1.56-3
[INFO] running `Command { std: "git" "clone" "/workspace/cache/git-repos/https%3A%2F%2Fgithub.com%2FJoNil%2Fwin32_shortcut_parameters" "/workspace/builds/worker-84/source", kill_on_drop: false }`
[INFO] [stderr] Cloning into '/workspace/builds/worker-84/source'...
[INFO] [stderr] done.
[INFO] validating manifest of git repo https://github.com/JoNil/win32_shortcut_parameters on toolchain 1.55.0
[INFO] running `Command { std: "/workspace/cargo-home/bin/cargo" "+1.55.0" "metadata" "--manifest-path" "Cargo.toml" "--no-deps", kill_on_drop: false }`
[INFO] started tweaking git repo https://github.com/JoNil/win32_shortcut_parameters
[INFO] finished tweaking git repo https://github.com/JoNil/win32_shortcut_parameters
[INFO] tweaked toml for git repo https://github.com/JoNil/win32_shortcut_parameters written to /workspace/builds/worker-84/source/Cargo.toml
[INFO] crate git repo https://github.com/JoNil/win32_shortcut_parameters already has a lockfile, it will not be regenerated
[INFO] running `Command { std: "/workspace/cargo-home/bin/cargo" "+1.55.0" "fetch" "--manifest-path" "Cargo.toml", kill_on_drop: false }`
[INFO] [stderr]     Blocking waiting for file lock on package cache
[INFO] [stderr]     Blocking waiting for file lock on package cache
[INFO] running `Command { std: "docker" "create" "-v" "/var/lib/crater-agent-workspace/builds/worker-84/target:/opt/rustwide/target:rw,Z" "-v" "/var/lib/crater-agent-workspace/builds/worker-84/source:/opt/rustwide/workdir:ro,Z" "-v" "/var/lib/crater-agent-workspace/cargo-home:/opt/rustwide/cargo-home:ro,Z" "-v" "/var/lib/crater-agent-workspace/rustup-home:/opt/rustwide/rustup-home:ro,Z" "-e" "SOURCE_DIR=/opt/rustwide/workdir" "-e" "CARGO_TARGET_DIR=/opt/rustwide/target" "-e" "CARGO_HOME=/opt/rustwide/cargo-home" "-e" "RUSTUP_HOME=/opt/rustwide/rustup-home" "-w" "/opt/rustwide/workdir" "-m" "1610612736" "--user" "0:0" "--network" "none" "ghcr.io/rust-lang/crates-build-env/linux@sha256:a89201d6b5b9fd45c15d5952ece0a0129e7e80cb26ec023fd59cf09bc26f1604" "/opt/rustwide/cargo-home/bin/cargo" "+1.55.0" "metadata" "--no-deps" "--format-version=1", kill_on_drop: false }`
[INFO] [stdout] fa7bf6417fa7b04d3b1a6d14219107530ab0226023a53d663f2e3c8ed7bdb624
[INFO] running `Command { std: "docker" "start" "-a" "fa7bf6417fa7b04d3b1a6d14219107530ab0226023a53d663f2e3c8ed7bdb624", kill_on_drop: false }`
[INFO] running `Command { std: "docker" "inspect" "fa7bf6417fa7b04d3b1a6d14219107530ab0226023a53d663f2e3c8ed7bdb624", kill_on_drop: false }`
[INFO] running `Command { std: "docker" "rm" "-f" "fa7bf6417fa7b04d3b1a6d14219107530ab0226023a53d663f2e3c8ed7bdb624", kill_on_drop: false }`
[INFO] [stdout] fa7bf6417fa7b04d3b1a6d14219107530ab0226023a53d663f2e3c8ed7bdb624
[INFO] running `Command { std: "docker" "create" "-v" "/var/lib/crater-agent-workspace/builds/worker-84/target:/opt/rustwide/target:rw,Z" "-v" "/var/lib/crater-agent-workspace/builds/worker-84/source:/opt/rustwide/workdir:ro,Z" "-v" "/var/lib/crater-agent-workspace/cargo-home:/opt/rustwide/cargo-home:ro,Z" "-v" "/var/lib/crater-agent-workspace/rustup-home:/opt/rustwide/rustup-home:ro,Z" "-e" "SOURCE_DIR=/opt/rustwide/workdir" "-e" "CARGO_TARGET_DIR=/opt/rustwide/target" "-e" "CARGO_INCREMENTAL=0" "-e" "RUST_BACKTRACE=full" "-e" "RUSTFLAGS=--cap-lints=warn" "-e" "CARGO_HOME=/opt/rustwide/cargo-home" "-e" "RUSTUP_HOME=/opt/rustwide/rustup-home" "-w" "/opt/rustwide/workdir" "-m" "1610612736" "--user" "0:0" "--network" "none" "ghcr.io/rust-lang/crates-build-env/linux@sha256:a89201d6b5b9fd45c15d5952ece0a0129e7e80cb26ec023fd59cf09bc26f1604" "/opt/rustwide/cargo-home/bin/cargo" "+1.55.0" "check" "--frozen" "--all" "--all-targets" "--message-format=json", kill_on_drop: false }`
[INFO] [stdout] e192dcef946671c7a2e238259542710b3f0c4bf07773ba94e264cdd5f9adf1a3
[INFO] running `Command { std: "docker" "start" "-a" "e192dcef946671c7a2e238259542710b3f0c4bf07773ba94e264cdd5f9adf1a3", kill_on_drop: false }`
[INFO] [stderr]    Compiling syn v1.0.62
[INFO] [stderr]    Compiling serde v1.0.124
[INFO] [stderr]    Compiling unicode-segmentation v1.7.1
[INFO] [stderr]    Compiling pkg-config v0.3.19
[INFO] [stderr]    Compiling strum v0.18.0
[INFO] [stderr]    Compiling version-compare v0.0.10
[INFO] [stderr]    Compiling libc v0.2.88
[INFO] [stderr]    Compiling version_check v0.9.2
[INFO] [stderr]    Compiling proc-macro-hack v0.5.19
[INFO] [stderr]    Compiling memchr v2.3.4
[INFO] [stderr]    Compiling proc-macro-nested v0.1.7
[INFO] [stderr]     Checking futures-sink v0.3.13
[INFO] [stderr]     Checking futures-core v0.3.13
[INFO] [stderr]    Compiling anyhow v1.0.38
[INFO] [stderr]     Checking pin-project-lite v0.2.6
[INFO] [stderr]     Checking futures-io v0.3.13
[INFO] [stderr]     Checking futures-task v0.3.13
[INFO] [stderr]    Compiling either v1.6.1
[INFO] [stderr]     Checking once_cell v1.7.2
[INFO] [stderr]    Compiling gio v0.9.1
[INFO] [stderr]    Compiling log v0.4.14
[INFO] [stderr]    Compiling pango v0.9.1
[INFO] [stderr]    Compiling cairo-rs v0.9.1
[INFO] [stderr]    Compiling gdk-pixbuf v0.9.0
[INFO] [stderr]    Compiling winapi v0.3.9
[INFO] [stderr]    Compiling atk v0.9.0
[INFO] [stderr]    Compiling gdk v0.13.2
[INFO] [stderr]     Checking byteorder v1.4.2
[INFO] [stderr]     Checking widestring v0.4.3
[INFO] [stderr]    Compiling num-traits v0.2.14
[INFO] [stderr]     Checking futures-channel v0.3.13
[INFO] [stderr]    Compiling itertools v0.9.0
[INFO] [stderr]    Compiling gtk v0.9.2
[INFO] [stderr]    Compiling heck v0.3.2
[INFO] [stderr]    Compiling proc-macro-error-attr v1.0.4
[INFO] [stderr]    Compiling proc-macro-error v1.0.4
[INFO] [stderr]     Checking notepad_logger v0.1.1
[INFO] [stdout] error[E0433]: failed to resolve: could not find `um` in `winapi`
[INFO] [stdout]  --> /opt/rustwide/cargo-home/registry/src/github.com-1ecc6299db9ec823/notepad_logger-0.1.1/src/lib.rs:1:13
[INFO] [stdout]   |
[INFO] [stdout] 1 | use winapi::um::winuser::{FindWindowA, FindWindowExA, SendMessageA, EM_REPLACESEL};
[INFO] [stdout]   |             ^^ could not find `um` in `winapi`
[INFO] [stdout] 
[INFO] [stdout] 
[INFO] [stdout] error[E0425]: cannot find function, tuple struct or tuple variant `FindWindowA` in this scope
[INFO] [stdout]   --> /opt/rustwide/cargo-home/registry/src/github.com-1ecc6299db9ec823/notepad_logger-0.1.1/src/lib.rs:34:27
[INFO] [stdout]    |
[INFO] [stdout] 34 |         let mut notepad = FindWindowA(ptr::null(), cstr!("Untitled - Notepad"));
[INFO] [stdout]    |                           ^^^^^^^^^^^ not found in this scope
[INFO] [stdout] 
[INFO] [stdout] 
[INFO] [stdout] error[E0425]: cannot find function, tuple struct or tuple variant `FindWindowA` in this scope
[INFO] [stdout]   --> /opt/rustwide/cargo-home/registry/src/github.com-1ecc6299db9ec823/notepad_logger-0.1.1/src/lib.rs:36:23
[INFO] [stdout]    |
[INFO] [stdout] 36 |             notepad = FindWindowA(ptr::null(), cstr!("*Untitled - Notepad"));
[INFO] [stdout]    |                       ^^^^^^^^^^^ not found in this scope
[INFO] [stdout] 
[INFO] [stdout] 
[INFO] [stdout] error[E0425]: cannot find function, tuple struct or tuple variant `FindWindowExA` in this scope
[INFO] [stdout]   --> /opt/rustwide/cargo-home/registry/src/github.com-1ecc6299db9ec823/notepad_logger-0.1.1/src/lib.rs:41:20
[INFO] [stdout]    |
[INFO] [stdout] 41 |         let edit = FindWindowExA(notepad, ptr::null_mut(), cstr!("EDIT"), ptr::null());
[INFO] [stdout]    |                    ^^^^^^^^^^^^^ not found in this scope
[INFO] [stdout] 
[INFO] [stdout] 
[INFO] [stdout] error[E0425]: cannot find function, tuple struct or tuple variant `SendMessageA` in this scope
[INFO] [stdout]   --> /opt/rustwide/cargo-home/registry/src/github.com-1ecc6299db9ec823/notepad_logger-0.1.1/src/lib.rs:43:9
[INFO] [stdout]    |
[INFO] [stdout] 43 |         SendMessageA(edit, EM_REPLACESEL as _, true as _, c_string.as_ptr() as _);
[INFO] [stdout]    |         ^^^^^^^^^^^^ not found in this scope
[INFO] [stdout] 
[INFO] [stdout] 
[INFO] [stdout] error[E0425]: cannot find value `EM_REPLACESEL` in this scope
[INFO] [stdout]   --> /opt/rustwide/cargo-home/registry/src/github.com-1ecc6299db9ec823/notepad_logger-0.1.1/src/lib.rs:43:28
[INFO] [stdout]    |
[INFO] [stdout] 43 |         SendMessageA(edit, EM_REPLACESEL as _, true as _, c_string.as_ptr() as _);
[INFO] [stdout]    |                            ^^^^^^^^^^^^^ not found in this scope
[INFO] [stdout] 
[INFO] [stdout] 
[INFO] [stdout] error: aborting due to 6 previous errors
[INFO] [stdout] 
[INFO] [stdout] 
[INFO] [stdout] Some errors have detailed explanations: E0425, E0433.
[INFO] [stdout] 
[INFO] [stdout] For more information about an error, try `rustc --explain E0425`.
[INFO] [stdout] 
[INFO] [stderr] error: could not compile `notepad_logger` due to 7 previous errors
[INFO] [stderr] warning: build failed, waiting for other jobs to finish...
[INFO] [stderr] error: build failed
[INFO] running `Command { std: "docker" "inspect" "e192dcef946671c7a2e238259542710b3f0c4bf07773ba94e264cdd5f9adf1a3", kill_on_drop: false }`
[INFO] running `Command { std: "docker" "rm" "-f" "e192dcef946671c7a2e238259542710b3f0c4bf07773ba94e264cdd5f9adf1a3", kill_on_drop: false }`
[INFO] [stdout] e192dcef946671c7a2e238259542710b3f0c4bf07773ba94e264cdd5f9adf1a3
