[INFO] cloning repository https://github.com/JayrellGaming/sylphverifier
[INFO] running `Command { std: "git" "-c" "credential.helper=" "-c" "credential.helper=/workspace/cargo-home/bin/git-credential-null" "clone" "--bare" "https://github.com/JayrellGaming/sylphverifier" "/workspace/cache/git-repos/https%3A%2F%2Fgithub.com%2FJayrellGaming%2Fsylphverifier", kill_on_drop: false }`
[INFO] [stderr] Cloning into bare repository '/workspace/cache/git-repos/https%3A%2F%2Fgithub.com%2FJayrellGaming%2Fsylphverifier'...
[INFO] running `Command { std: "git" "rev-parse" "HEAD", kill_on_drop: false }`
[INFO] [stdout] e0f717befce91863a6112999de4df2c7d0167edd
[INFO] checking JayrellGaming/sylphverifier against 1.55.0 for beta-1.56-3
[INFO] running `Command { std: "git" "clone" "/workspace/cache/git-repos/https%3A%2F%2Fgithub.com%2FJayrellGaming%2Fsylphverifier" "/workspace/builds/worker-48/source", kill_on_drop: false }`
[INFO] [stderr] Cloning into '/workspace/builds/worker-48/source'...
[INFO] [stderr] done.
[INFO] validating manifest of git repo https://github.com/JayrellGaming/sylphverifier on toolchain 1.55.0
[INFO] running `Command { std: "/workspace/cargo-home/bin/cargo" "+1.55.0" "metadata" "--manifest-path" "Cargo.toml" "--no-deps", kill_on_drop: false }`
[INFO] started tweaking git repo https://github.com/JayrellGaming/sylphverifier
[INFO] finished tweaking git repo https://github.com/JayrellGaming/sylphverifier
[INFO] tweaked toml for git repo https://github.com/JayrellGaming/sylphverifier written to /workspace/builds/worker-48/source/Cargo.toml
[INFO] crate git repo https://github.com/JayrellGaming/sylphverifier already has a lockfile, it will not be regenerated
[INFO] running `Command { std: "/workspace/cargo-home/bin/cargo" "+1.55.0" "fetch" "--manifest-path" "Cargo.toml", kill_on_drop: false }`
[INFO] [stderr]     Updating git repository `https://github.com/withoutboats/failure.git`
[INFO] [stderr]     Updating git repository `https://github.com/withoutboats/display_derive`
[INFO] [stderr]     Blocking waiting for file lock on package cache
[INFO] [stderr]  Downloading crates ...
[INFO] [stderr]   Downloaded quote v0.6.2
[INFO] [stderr]   Downloaded proc-macro2 v0.4.3
[INFO] [stderr]   Downloaded smallvec v0.6.1
[INFO] [stderr]   Downloaded nix v0.7.0
[INFO] [stderr]   Downloaded enumset v0.3.10
[INFO] [stderr]   Downloaded r2d2 v0.8.2
[INFO] [stderr]   Downloaded syn v0.14.0
[INFO] [stderr]   Downloaded git2 v0.7.1
[INFO] [stderr]   Downloaded rand_core v0.2.0
[INFO] [stderr]   Downloaded cmake v0.1.31
[INFO] [stderr]   Downloaded rustc_version v0.2.2
[INFO] [stderr]   Downloaded digest v0.7.2
[INFO] [stderr]   Downloaded smallstr v0.1.0
[INFO] [stderr]   Downloaded openssl-sys v0.9.31
[INFO] [stderr]   Downloaded backtrace v0.3.8
[INFO] [stderr]   Downloaded hmac v0.6.2
[INFO] [stderr]   Downloaded serde_derive v1.0.61
[INFO] [stderr]   Downloaded rand v0.5.0
[INFO] [stderr]   Downloaded rusqlite v0.13.0
[INFO] [stderr]   Downloaded lz4-sys v1.8.0
[INFO] [stderr]   Downloaded serde v1.0.61
[INFO] [stderr]   Downloaded libssh2-sys v0.2.7
[INFO] [stderr]   Downloaded backtrace-sys v0.1.21
[INFO] [stderr]   Downloaded libz-sys v1.0.18
[INFO] [stderr]   Downloaded serenity v0.5.3
[INFO] [stderr]   Downloaded curl-sys v0.4.5
[INFO] [stderr]   Downloaded libsqlite3-sys v0.9.1
[INFO] [stderr]   Downloaded libgit2-sys v0.7.1
[INFO] [stderr]   Downloaded crypto-mac v0.6.0
[INFO] [stderr]   Downloaded scheduled-thread-pool v0.2.0
[INFO] [stderr]   Downloaded terminfo v0.5.0
[INFO] [stderr]   Downloaded mortal v0.1.2
[INFO] [stderr]   Downloaded linefeed v0.5.0
[INFO] running `Command { std: "docker" "create" "-v" "/var/lib/crater-agent-workspace/builds/worker-48/target:/opt/rustwide/target:rw,Z" "-v" "/var/lib/crater-agent-workspace/builds/worker-48/source:/opt/rustwide/workdir:ro,Z" "-v" "/var/lib/crater-agent-workspace/cargo-home:/opt/rustwide/cargo-home:ro,Z" "-v" "/var/lib/crater-agent-workspace/rustup-home:/opt/rustwide/rustup-home:ro,Z" "-e" "SOURCE_DIR=/opt/rustwide/workdir" "-e" "CARGO_TARGET_DIR=/opt/rustwide/target" "-e" "CARGO_HOME=/opt/rustwide/cargo-home" "-e" "RUSTUP_HOME=/opt/rustwide/rustup-home" "-w" "/opt/rustwide/workdir" "-m" "1610612736" "--user" "0:0" "--network" "none" "ghcr.io/rust-lang/crates-build-env/linux@sha256:a89201d6b5b9fd45c15d5952ece0a0129e7e80cb26ec023fd59cf09bc26f1604" "/opt/rustwide/cargo-home/bin/cargo" "+1.55.0" "metadata" "--no-deps" "--format-version=1", kill_on_drop: false }`
[INFO] [stdout] 4125156bec28207b16408cb1f05466b8533a8a5936e2b987df9237d2c93ab46f
[INFO] running `Command { std: "docker" "start" "-a" "4125156bec28207b16408cb1f05466b8533a8a5936e2b987df9237d2c93ab46f", kill_on_drop: false }`
[INFO] running `Command { std: "docker" "inspect" "4125156bec28207b16408cb1f05466b8533a8a5936e2b987df9237d2c93ab46f", kill_on_drop: false }`
[INFO] running `Command { std: "docker" "rm" "-f" "4125156bec28207b16408cb1f05466b8533a8a5936e2b987df9237d2c93ab46f", kill_on_drop: false }`
[INFO] [stdout] 4125156bec28207b16408cb1f05466b8533a8a5936e2b987df9237d2c93ab46f
[INFO] running `Command { std: "docker" "create" "-v" "/var/lib/crater-agent-workspace/builds/worker-48/target:/opt/rustwide/target:rw,Z" "-v" "/var/lib/crater-agent-workspace/builds/worker-48/source:/opt/rustwide/workdir:ro,Z" "-v" "/var/lib/crater-agent-workspace/cargo-home:/opt/rustwide/cargo-home:ro,Z" "-v" "/var/lib/crater-agent-workspace/rustup-home:/opt/rustwide/rustup-home:ro,Z" "-e" "SOURCE_DIR=/opt/rustwide/workdir" "-e" "CARGO_TARGET_DIR=/opt/rustwide/target" "-e" "CARGO_INCREMENTAL=0" "-e" "RUST_BACKTRACE=full" "-e" "RUSTFLAGS=--cap-lints=warn" "-e" "CARGO_HOME=/opt/rustwide/cargo-home" "-e" "RUSTUP_HOME=/opt/rustwide/rustup-home" "-w" "/opt/rustwide/workdir" "-m" "1610612736" "--user" "0:0" "--network" "none" "ghcr.io/rust-lang/crates-build-env/linux@sha256:a89201d6b5b9fd45c15d5952ece0a0129e7e80cb26ec023fd59cf09bc26f1604" "/opt/rustwide/cargo-home/bin/cargo" "+1.55.0" "check" "--frozen" "--all" "--all-targets" "--message-format=json", kill_on_drop: false }`
[INFO] [stdout] 49fd4999bf239b724fea6b5b0f41c71921195776dae922f37edd9683c098f0bf
[INFO] running `Command { std: "docker" "start" "-a" "49fd4999bf239b724fea6b5b0f41c71921195776dae922f37edd9683c098f0bf", kill_on_drop: false }`
[INFO] [stderr]     Checking libc v0.2.41
[INFO] [stderr]    Compiling cc v1.0.15
[INFO] [stderr]     Checking cfg-if v0.1.3
[INFO] [stderr]    Compiling pkg-config v0.3.11
[INFO] [stderr]    Compiling version_check v0.1.3
[INFO] [stderr]     Checking byteorder v1.2.3
[INFO] [stderr]     Checking futures v0.1.21
[INFO] [stderr]     Checking lazy_static v1.0.0
[INFO] [stderr]    Compiling siphasher v0.2.2
[INFO] [stderr]     Checking nodrop v0.1.12
[INFO] [stderr]     Checking unicode-normalization v0.1.7
[INFO] [stderr]     Checking safemem v0.2.0
[INFO] [stderr]     Checking lazycell v0.6.0
[INFO] [stderr]     Checking scopeguard v0.3.3
[INFO] [stderr]     Checking memoffset v0.2.1
[INFO] [stderr]     Checking slab v0.4.0
[INFO] [stderr]     Checking percent-encoding v1.0.1
[INFO] [stderr]     Checking matches v0.1.6
[INFO] [stderr]    Compiling openssl v0.9.24
[INFO] [stderr]     Checking bitflags v0.9.1
[INFO] [stderr]     Checking httparse v1.2.4
[INFO] [stderr]     Checking language-tags v0.2.2
[INFO] [stderr]     Checking traitobject v0.1.0
[INFO] [stderr]    Compiling typenum v1.10.0
[INFO] [stderr]     Checking lazy_static v0.2.11
[INFO] [stderr]    Compiling serde v1.0.61
[INFO] [stderr]    Compiling semver v0.1.20
[INFO] [stderr]     Checking scoped-tls v0.1.2
[INFO] [stderr]     Checking smallvec v0.6.1
[INFO] [stderr]    Compiling unicode-xid v0.0.4
[INFO] [stderr]    Compiling num-traits v0.2.4
[INFO] [stderr]     Checking rustc-demangle v0.1.8
[INFO] [stderr]     Checking bitflags v1.0.3
[INFO] [stderr]    Compiling build_const v0.2.1
[INFO] [stderr]    Compiling quote v0.3.15
[INFO] [stderr]     Checking typeable v0.1.2
[INFO] [stderr]     Checking itoa v0.4.1
[INFO] [stderr]    Compiling gcc v0.3.54
[INFO] [stderr]     Checking take v0.1.0
[INFO] [stderr]     Checking ordermap v0.3.5
[INFO] [stderr]     Checking fixedbitset v0.1.9
[INFO] [stderr]     Checking dtoa v0.4.2
[INFO] [stderr]     Checking try-lock v0.1.0
[INFO] [stderr]    Compiling num-integer v0.1.38
[INFO] [stderr]     Checking slab v0.3.0
[INFO] [stderr]     Checking smallvec v0.2.1
[INFO] [stderr]     Checking antidote v1.0.0
[INFO] [stderr]    Compiling openssl-probe v0.1.2
[INFO] [stderr]     Checking bitflags v0.4.0
[INFO] [stderr]     Checking stable_deref_trait v1.0.0
[INFO] [stderr]     Checking remove_dir_all v0.5.1
[INFO] [stderr]     Checking fnv v1.0.6
[INFO] [stderr]    Compiling regex v1.0.0
[INFO] [stderr]     Checking ucd-util v0.1.1
[INFO] [stderr]     Checking constant_time_eq v0.1.3
[INFO] [stderr]     Checking sha1 v0.2.0
[INFO] [stderr]     Checking arrayref v0.3.4
[INFO] [stderr]     Checking adler32 v1.0.2
[INFO] [stderr]     Checking linked-hash-map v0.4.2
[INFO] [stderr]     Checking byte-tools v0.2.0
[INFO] [stderr]     Checking unicode-width v0.1.5
[INFO] [stderr]     Checking rand_core v0.2.0
[INFO] [stderr]     Checking sha1 v0.6.0
[INFO] [stderr]     Checking utf8-ranges v1.0.0
[INFO] [stderr]     Checking enumset v0.3.10
[INFO] [stderr]     Checking unreachable v1.0.0
[INFO] [stderr]     Checking log v0.4.1
[INFO] [stderr]     Checking crossbeam-utils v0.3.2
[INFO] [stderr]    Compiling proc-macro2 v0.4.3
[INFO] [stderr]     Checking encoding_rs v0.7.2
[INFO] [stderr]     Checking arrayvec v0.4.7
[INFO] [stderr]    Compiling rustc_version v0.2.2
[INFO] [stderr]     Checking unicode-bidi v0.3.4
[INFO] [stderr]     Checking unsafe-any v0.4.2
[INFO] [stderr]     Checking base64 v0.6.0
[INFO] [stderr]     Checking base64 v0.9.1
[INFO] [stderr]     Checking base64 v0.8.0
[INFO] [stderr]    Compiling cmake v0.1.31
[INFO] [stderr]    Compiling unicase v1.4.2
[INFO] [stderr]    Compiling unicase v2.1.0
[INFO] [stderr]     Checking smallstr v0.1.0
[INFO] [stderr]     Checking regex-syntax v0.6.0
[INFO] [stderr]     Checking crossbeam-epoch v0.4.1
[INFO] [stderr]     Checking lru-cache v0.1.1
[INFO] [stderr]     Checking rand v0.4.2
[INFO] [stderr]     Checking num_cpus v1.8.0
[INFO] [stderr]     Checking iovec v0.1.2
[INFO] [stderr]     Checking net2 v0.2.32
[INFO] [stderr]     Checking time v0.1.40
[INFO] [stderr]     Checking memchr v1.0.2
[INFO] [stderr]     Checking thread-id v3.3.0
[INFO] [stderr]     Checking memchr v2.0.1
[INFO] [stderr]     Checking fs2 v0.4.3
[INFO] [stderr]    Compiling synom v0.11.3
[INFO] [stderr]     Checking block-buffer v0.3.3
[INFO] [stderr]     Checking rand v0.5.0
[INFO] [stderr]     Checking log v0.3.9
[INFO] [stderr]     Checking petgraph v0.4.12
[INFO] [stderr]    Compiling rustc_version v0.1.7
[INFO] [stdout] error: `allow_internal_unstable` expects a list of feature names
[INFO] [stdout]    --> /opt/rustwide/cargo-home/registry/src/github.com-1ecc6299db9ec823/enumset-0.3.10/src/lib.rs:600:1
[INFO] [stdout]     |
[INFO] [stdout] 600 | #[allow_internal_unstable]
[INFO] [stdout]     | ^^^^^^^^^^^^^^^^^^^^^^^^^^
[INFO] [stdout] 
[INFO] [stdout] 
[INFO] [stdout] error[E0554]: `#![feature]` may not be used on the stable release channel
[INFO] [stdout]  --> /opt/rustwide/cargo-home/registry/src/github.com-1ecc6299db9ec823/enumset-0.3.10/src/lib.rs:2:39
[INFO] [stdout]   |
[INFO] [stdout] 2 | #![cfg_attr(all(feature = "nightly"), feature(allow_internal_unstable, macro_vis_matcher))]
[INFO] [stdout]   |                                       ^^^^^^^^^^^^^^^^^^^^^^^^^^^^^^^^^^^^^^^^^^^^^^^^^^^
[INFO] [stdout]   |
[INFO] [stdout]   = help: the feature `macro_vis_matcher` has been stable since 1.30.0 and no longer requires an attribute to enable
[INFO] [stdout] 
[INFO] [stdout] 
[INFO] [stderr]     Checking owning_ref v0.3.3
[INFO] [stderr]    Compiling quote v0.6.2
[INFO] [stderr]     Checking bytes v0.4.8
[INFO] [stderr]     Checking thread_local v0.3.5
[INFO] [stderr]     Checking nom v3.2.1
[INFO] [stdout] error: aborting due to 2 previous errors
[INFO] [stdout] 
[INFO] [stdout] 
[INFO] [stdout] For more information about this error, try `rustc --explain E0554`.
[INFO] [stdout] 
[INFO] [stderr] error: could not compile `enumset` due to 3 previous errors
[INFO] [stderr] warning: build failed, waiting for other jobs to finish...
[INFO] [stdout] error[E0034]: multiple applicable items in scope
[INFO] [stdout]     --> /opt/rustwide/cargo-home/registry/src/github.com-1ecc6299db9ec823/petgraph-0.4.12/src/graph_impl/stable_graph/mod.rs:1171:19
[INFO] [stdout]      |
[INFO] [stdout] 1171 |         self.iter.find_map(|(i, node)| {
[INFO] [stdout]      |                   ^^^^^^^^ multiple `find_map` found
[INFO] [stdout]      |
[INFO] [stdout] note: candidate #1 is defined in an impl of the trait `IterUtilsExt` for the type `I`
[INFO] [stdout]     --> /opt/rustwide/cargo-home/registry/src/github.com-1ecc6299db9ec823/petgraph-0.4.12/src/iter_utils.rs:5:5
[INFO] [stdout]      |
[INFO] [stdout] 5    | /     fn find_map<F, R>(&mut self, mut f: F) -> Option<R>
[INFO] [stdout] 6    | |         where F: FnMut(Self::Item) -> Option<R>
[INFO] [stdout]      | |_______________________________________________^
[INFO] [stdout]      = note: candidate #2 is defined in an impl of the trait `Iterator` for the type `Enumerate<I>`
[INFO] [stdout] help: disambiguate the associated function for candidate #1
[INFO] [stdout]      |
[INFO] [stdout] 1171 |         IterUtilsExt::find_map(&mut self.iter, |(i, node)| {
[INFO] [stdout] 1172 |             node.weight.as_ref().map(move |w| (node_index(i), w))
[INFO] [stdout] 1173 |         })
[INFO] [stdout]      |
[INFO] [stdout] help: disambiguate the associated function for candidate #2
[INFO] [stdout]      |
[INFO] [stdout] 1171 |         Iterator::find_map(&mut self.iter, |(i, node)| {
[INFO] [stdout] 1172 |             node.weight.as_ref().map(move |w| (node_index(i), w))
[INFO] [stdout] 1173 |         })
[INFO] [stdout]      |
[INFO] [stdout] 
[INFO] [stdout] 
[INFO] [stdout] error[E0034]: multiple applicable items in scope
[INFO] [stdout]     --> /opt/rustwide/cargo-home/registry/src/github.com-1ecc6299db9ec823/petgraph-0.4.12/src/graph_impl/stable_graph/mod.rs:1363:19
[INFO] [stdout]      |
[INFO] [stdout] 1363 |         self.iter.find_map(|(i, edge)|
[INFO] [stdout]      |                   ^^^^^^^^ multiple `find_map` found
[INFO] [stdout]      |
[INFO] [stdout] note: candidate #1 is defined in an impl of the trait `IterUtilsExt` for the type `I`
[INFO] [stdout]     --> /opt/rustwide/cargo-home/registry/src/github.com-1ecc6299db9ec823/petgraph-0.4.12/src/iter_utils.rs:5:5
[INFO] [stdout]      |
[INFO] [stdout] 5    | /     fn find_map<F, R>(&mut self, mut f: F) -> Option<R>
[INFO] [stdout] 6    | |         where F: FnMut(Self::Item) -> Option<R>
[INFO] [stdout]      | |_______________________________________________^
[INFO] [stdout]      = note: candidate #2 is defined in an impl of the trait `Iterator` for the type `Enumerate<I>`
[INFO] [stdout] help: disambiguate the associated function for candidate #1
[INFO] [stdout]      |
[INFO] [stdout] 1363 |         IterUtilsExt::find_map(&mut self.iter, |(i, edge)|
[INFO] [stdout] 1364 |             edge.weight.as_ref().map(move |weight| {
[INFO] [stdout] 1365 |                 EdgeReference {
[INFO] [stdout] 1366 |                     index: edge_index(i),
[INFO] [stdout] 1367 |                     node: edge.node,
[INFO] [stdout] 1368 |                     weight: weight,
[INFO] [stdout]    ...
[INFO] [stdout] help: disambiguate the associated function for candidate #2
[INFO] [stdout]      |
[INFO] [stdout] 1363 |         Iterator::find_map(&mut self.iter, |(i, edge)|
[INFO] [stdout] 1364 |             edge.weight.as_ref().map(move |weight| {
[INFO] [stdout] 1365 |                 EdgeReference {
[INFO] [stdout] 1366 |                     index: edge_index(i),
[INFO] [stdout] 1367 |                     node: edge.node,
[INFO] [stdout] 1368 |                     weight: weight,
[INFO] [stdout]    ...
[INFO] [stdout] 
[INFO] [stdout] 
[INFO] [stdout] error[E0034]: multiple applicable items in scope
[INFO] [stdout]     --> /opt/rustwide/cargo-home/registry/src/github.com-1ecc6299db9ec823/petgraph-0.4.12/src/graph_impl/stable_graph/mod.rs:1527:19
[INFO] [stdout]      |
[INFO] [stdout] 1527 |         self.iter.find_map(|(i, node)| {
[INFO] [stdout]      |                   ^^^^^^^^ multiple `find_map` found
[INFO] [stdout]      |
[INFO] [stdout] note: candidate #1 is defined in an impl of the trait `IterUtilsExt` for the type `I`
[INFO] [stdout]     --> /opt/rustwide/cargo-home/registry/src/github.com-1ecc6299db9ec823/petgraph-0.4.12/src/iter_utils.rs:5:5
[INFO] [stdout]      |
[INFO] [stdout] 5    | /     fn find_map<F, R>(&mut self, mut f: F) -> Option<R>
[INFO] [stdout] 6    | |         where F: FnMut(Self::Item) -> Option<R>
[INFO] [stdout]      | |_______________________________________________^
[INFO] [stdout]      = note: candidate #2 is defined in an impl of the trait `Iterator` for the type `Enumerate<I>`
[INFO] [stdout] help: disambiguate the associated function for candidate #1
[INFO] [stdout]      |
[INFO] [stdout] 1527 |         IterUtilsExt::find_map(&mut self.iter, |(i, node)| {
[INFO] [stdout] 1528 |             if node.weight.is_some() {
[INFO] [stdout] 1529 |                 Some(node_index(i))
[INFO] [stdout] 1530 |             } else { None }
[INFO] [stdout] 1531 |         })
[INFO] [stdout]      |
[INFO] [stdout] help: disambiguate the associated function for candidate #2
[INFO] [stdout]      |
[INFO] [stdout] 1527 |         Iterator::find_map(&mut self.iter, |(i, node)| {
[INFO] [stdout] 1528 |             if node.weight.is_some() {
[INFO] [stdout] 1529 |                 Some(node_index(i))
[INFO] [stdout] 1530 |             } else { None }
[INFO] [stdout] 1531 |         })
[INFO] [stdout]      |
[INFO] [stdout] 
[INFO] [stdout] 
[INFO] [stdout] error[E0034]: multiple applicable items in scope
[INFO] [stdout]     --> /opt/rustwide/cargo-home/registry/src/github.com-1ecc6299db9ec823/petgraph-0.4.12/src/graph_impl/stable_graph/mod.rs:1573:19
[INFO] [stdout]      |
[INFO] [stdout] 1573 |         self.iter.find_map(|(i, node)| {
[INFO] [stdout]      |                   ^^^^^^^^ multiple `find_map` found
[INFO] [stdout]      |
[INFO] [stdout] note: candidate #1 is defined in an impl of the trait `IterUtilsExt` for the type `I`
[INFO] [stdout]     --> /opt/rustwide/cargo-home/registry/src/github.com-1ecc6299db9ec823/petgraph-0.4.12/src/iter_utils.rs:5:5
[INFO] [stdout]      |
[INFO] [stdout] 5    | /     fn find_map<F, R>(&mut self, mut f: F) -> Option<R>
[INFO] [stdout] 6    | |         where F: FnMut(Self::Item) -> Option<R>
[INFO] [stdout]      | |_______________________________________________^
[INFO] [stdout]      = note: candidate #2 is defined in an impl of the trait `Iterator` for the type `Enumerate<I>`
[INFO] [stdout] help: disambiguate the associated function for candidate #1
[INFO] [stdout]      |
[INFO] [stdout] 1573 |         IterUtilsExt::find_map(&mut self.iter, |(i, node)| {
[INFO] [stdout] 1574 |             if node.weight.is_some() {
[INFO] [stdout] 1575 |                 Some(edge_index(i))
[INFO] [stdout] 1576 |             } else { None }
[INFO] [stdout] 1577 |         })
[INFO] [stdout]      |
[INFO] [stdout] help: disambiguate the associated function for candidate #2
[INFO] [stdout]      |
[INFO] [stdout] 1573 |         Iterator::find_map(&mut self.iter, |(i, node)| {
[INFO] [stdout] 1574 |             if node.weight.is_some() {
[INFO] [stdout] 1575 |                 Some(edge_index(i))
[INFO] [stdout] 1576 |             } else { None }
[INFO] [stdout] 1577 |         })
[INFO] [stdout]      |
[INFO] [stdout] 
[INFO] [stdout] 
[INFO] [stdout] error: aborting due to 4 previous errors
[INFO] [stdout] 
[INFO] [stdout] 
[INFO] [stdout] For more information about this error, try `rustc --explain E0034`.
[INFO] [stdout] 
[INFO] [stderr] error: build failed
[INFO] running `Command { std: "docker" "inspect" "49fd4999bf239b724fea6b5b0f41c71921195776dae922f37edd9683c098f0bf", kill_on_drop: false }`
[INFO] running `Command { std: "docker" "rm" "-f" "49fd4999bf239b724fea6b5b0f41c71921195776dae922f37edd9683c098f0bf", kill_on_drop: false }`
[INFO] [stdout] 49fd4999bf239b724fea6b5b0f41c71921195776dae922f37edd9683c098f0bf
