[INFO] cloning repository https://github.com/InstaGras/instagras-object-storage-poc
[INFO] running `Command { std: "git" "-c" "credential.helper=" "-c" "credential.helper=/workspace/cargo-home/bin/git-credential-null" "clone" "--bare" "https://github.com/InstaGras/instagras-object-storage-poc" "/workspace/cache/git-repos/https%3A%2F%2Fgithub.com%2FInstaGras%2Finstagras-object-storage-poc", kill_on_drop: false }`
[INFO] [stderr] Cloning into bare repository '/workspace/cache/git-repos/https%3A%2F%2Fgithub.com%2FInstaGras%2Finstagras-object-storage-poc'...
[INFO] running `Command { std: "git" "rev-parse" "HEAD", kill_on_drop: false }`
[INFO] [stdout] 5ffbd96a529edf4ef11b126229e5c0eac1b2f6be
[INFO] checking InstaGras/instagras-object-storage-poc against beta-2021-10-15 for beta-1.56-3
[INFO] running `Command { std: "git" "clone" "/workspace/cache/git-repos/https%3A%2F%2Fgithub.com%2FInstaGras%2Finstagras-object-storage-poc" "/workspace/builds/worker-14/source", kill_on_drop: false }`
[INFO] [stderr] Cloning into '/workspace/builds/worker-14/source'...
[INFO] [stderr] done.
[INFO] validating manifest of git repo https://github.com/InstaGras/instagras-object-storage-poc on toolchain beta-2021-10-15
[INFO] running `Command { std: "/workspace/cargo-home/bin/cargo" "+beta-2021-10-15" "metadata" "--manifest-path" "Cargo.toml" "--no-deps", kill_on_drop: false }`
[INFO] started tweaking git repo https://github.com/InstaGras/instagras-object-storage-poc
[INFO] finished tweaking git repo https://github.com/InstaGras/instagras-object-storage-poc
[INFO] tweaked toml for git repo https://github.com/InstaGras/instagras-object-storage-poc written to /workspace/builds/worker-14/source/Cargo.toml
[INFO] crate git repo https://github.com/InstaGras/instagras-object-storage-poc already has a lockfile, it will not be regenerated
[INFO] running `Command { std: "/workspace/cargo-home/bin/cargo" "+beta-2021-10-15" "fetch" "--manifest-path" "Cargo.toml", kill_on_drop: false }`
[INFO] [stderr]     Blocking waiting for file lock on package cache
[INFO] running `Command { std: "docker" "create" "-v" "/var/lib/crater-agent-workspace/builds/worker-14/target:/opt/rustwide/target:rw,Z" "-v" "/var/lib/crater-agent-workspace/builds/worker-14/source:/opt/rustwide/workdir:ro,Z" "-v" "/var/lib/crater-agent-workspace/cargo-home:/opt/rustwide/cargo-home:ro,Z" "-v" "/var/lib/crater-agent-workspace/rustup-home:/opt/rustwide/rustup-home:ro,Z" "-e" "SOURCE_DIR=/opt/rustwide/workdir" "-e" "CARGO_TARGET_DIR=/opt/rustwide/target" "-e" "CARGO_HOME=/opt/rustwide/cargo-home" "-e" "RUSTUP_HOME=/opt/rustwide/rustup-home" "-w" "/opt/rustwide/workdir" "-m" "1610612736" "--user" "0:0" "--network" "none" "ghcr.io/rust-lang/crates-build-env/linux@sha256:a89201d6b5b9fd45c15d5952ece0a0129e7e80cb26ec023fd59cf09bc26f1604" "/opt/rustwide/cargo-home/bin/cargo" "+beta-2021-10-15" "metadata" "--no-deps" "--format-version=1", kill_on_drop: false }`
[INFO] [stderr] WARNING: Your kernel does not support swap limit capabilities or the cgroup is not mounted. Memory limited without swap.
[INFO] [stdout] b68821f27be2118037102c7fc13c38fe51b7793178aa8e7cab6e3ef22ed70733
[INFO] running `Command { std: "docker" "start" "-a" "b68821f27be2118037102c7fc13c38fe51b7793178aa8e7cab6e3ef22ed70733", kill_on_drop: false }`
[INFO] running `Command { std: "docker" "inspect" "b68821f27be2118037102c7fc13c38fe51b7793178aa8e7cab6e3ef22ed70733", kill_on_drop: false }`
[INFO] running `Command { std: "docker" "rm" "-f" "b68821f27be2118037102c7fc13c38fe51b7793178aa8e7cab6e3ef22ed70733", kill_on_drop: false }`
[INFO] [stdout] b68821f27be2118037102c7fc13c38fe51b7793178aa8e7cab6e3ef22ed70733
[INFO] running `Command { std: "docker" "create" "-v" "/var/lib/crater-agent-workspace/builds/worker-14/target:/opt/rustwide/target:rw,Z" "-v" "/var/lib/crater-agent-workspace/builds/worker-14/source:/opt/rustwide/workdir:ro,Z" "-v" "/var/lib/crater-agent-workspace/cargo-home:/opt/rustwide/cargo-home:ro,Z" "-v" "/var/lib/crater-agent-workspace/rustup-home:/opt/rustwide/rustup-home:ro,Z" "-e" "SOURCE_DIR=/opt/rustwide/workdir" "-e" "CARGO_TARGET_DIR=/opt/rustwide/target" "-e" "CARGO_INCREMENTAL=0" "-e" "RUST_BACKTRACE=full" "-e" "RUSTFLAGS=--cap-lints=warn" "-e" "CARGO_HOME=/opt/rustwide/cargo-home" "-e" "RUSTUP_HOME=/opt/rustwide/rustup-home" "-w" "/opt/rustwide/workdir" "-m" "1610612736" "--user" "0:0" "--network" "none" "ghcr.io/rust-lang/crates-build-env/linux@sha256:a89201d6b5b9fd45c15d5952ece0a0129e7e80cb26ec023fd59cf09bc26f1604" "/opt/rustwide/cargo-home/bin/cargo" "+beta-2021-10-15" "check" "--frozen" "--all" "--all-targets" "--message-format=json", kill_on_drop: false }`
[INFO] [stdout] b75b61fd67a32b16c0f39f88b8c91c9db2d0effd2edf44c538fd920d5afa9b92
[INFO] [stderr] WARNING: Your kernel does not support swap limit capabilities or the cgroup is not mounted. Memory limited without swap.
[INFO] running `Command { std: "docker" "start" "-a" "b75b61fd67a32b16c0f39f88b8c91c9db2d0effd2edf44c538fd920d5afa9b92", kill_on_drop: false }`
[INFO] [stderr]    Compiling libc v0.2.65
[INFO] [stderr]    Compiling byteorder v1.3.2
[INFO] [stderr]    Compiling log v0.4.8
[INFO] [stderr]     Checking smallvec v0.6.10
[INFO] [stderr]    Compiling pkg-config v0.3.16
[INFO] [stderr]    Compiling typenum v1.11.2
[INFO] [stderr]    Compiling cc v1.0.46
[INFO] [stderr]    Compiling serde v1.0.101
[INFO] [stderr]    Compiling proc-macro2 v1.0.6
[INFO] [stderr]    Compiling memchr v2.2.1
[INFO] [stderr]     Checking arc-swap v0.4.3
[INFO] [stderr]    Compiling ryu v1.0.2
[INFO] [stderr]    Compiling syn v1.0.5
[INFO] [stderr]    Compiling openssl v0.10.25
[INFO] [stderr]    Compiling native-tls v0.2.3
[INFO] [stderr]     Checking regex-syntax v0.6.12
[INFO] [stderr]     Checking shlex v0.1.1
[INFO] [stderr]     Checking hex v0.3.2
[INFO] [stderr]     Checking md5 v0.6.1
[INFO] [stderr]     Checking xml-rs v0.8.0
[INFO] [stderr]     Checking dtoa v0.4.4
[INFO] [stderr]     Checking lock_api v0.3.1
[INFO] [stderr]     Checking tokio-sync v0.1.7
[INFO] [stderr]    Compiling indexmap v1.3.0
[INFO] [stderr]    Compiling num-traits v0.2.8
[INFO] [stderr]    Compiling num-integer v0.1.41
[INFO] [stderr]     Checking thread_local v0.3.6
[INFO] [stderr]     Checking block-padding v0.1.4
[INFO] [stderr]     Checking unicode-normalization v0.1.8
[INFO] [stderr]     Checking tokio-executor v0.1.8
[INFO] [stderr]     Checking crossbeam-queue v0.1.2
[INFO] [stderr]    Compiling memoffset v0.5.1
[INFO] [stderr]    Compiling rusoto_core v0.41.0
[INFO] [stderr]     Checking tokio-timer v0.2.11
[INFO] [stderr]     Checking tokio-current-thread v0.1.6
[INFO] [stderr]     Checking want v0.2.0
[INFO] [stderr]     Checking base64 v0.10.1
[INFO] [stderr]     Checking aho-corasick v0.7.6
[INFO] [stderr]     Checking iovec v0.1.4
[INFO] [stderr]     Checking num_cpus v1.10.1
[INFO] [stderr]     Checking net2 v0.2.33
[INFO] [stderr]     Checking parking_lot_core v0.6.2
[INFO] [stderr]     Checking time v0.1.42
[INFO] [stderr]     Checking signal-hook-registry v1.1.1
[INFO] [stderr]     Checking dirs v1.0.5
[INFO] [stderr]    Compiling quote v1.0.2
[INFO] [stderr]    Compiling openssl-sys v0.9.52
[INFO] [stderr]     Checking crossbeam-epoch v0.7.2
[INFO] [stderr]     Checking futures-cpupool v0.1.8
[INFO] [stderr]     Checking bytes v0.4.12
[INFO] [stderr]     Checking generic-array v0.12.3
[INFO] [stderr]     Checking signal-hook v0.1.10
[INFO] [stderr]     Checking mio v0.6.19
[INFO] [stderr]     Checking idna v0.1.5
[INFO] [stderr]     Checking parking_lot v0.9.0
[INFO] [stderr]     Checking crossbeam-deque v0.7.1
[INFO] [stderr]     Checking digest v0.8.1
[INFO] [stderr]     Checking crypto-mac v0.7.0
[INFO] [stderr]     Checking block-buffer v0.7.3
[INFO] [stderr]     Checking tokio-io v0.1.12
[INFO] [stderr]     Checking http v0.1.19
[INFO] [stderr]     Checking string v0.2.1
[INFO] [stderr]     Checking tokio-buf v0.1.1
[INFO] [stderr]     Checking sha2 v0.8.0
[INFO] [stderr]     Checking hmac v0.7.1
[INFO] [stderr]     Checking tokio-threadpool v0.1.16
[INFO] [stderr]     Checking mio-uds v0.6.7
[INFO] [stderr]     Checking url v1.7.2
[INFO] [stderr]     Checking regex v1.3.1
[INFO] [stderr]     Checking tokio-reactor v0.1.10
[INFO] [stderr]     Checking tokio-codec v0.1.1
[INFO] [stderr]     Checking tokio-tcp v0.1.3
[INFO] [stderr]     Checking tokio-uds v0.2.5
[INFO] [stderr]     Checking tokio-udp v0.1.5
[INFO] [stderr]     Checking tokio-signal v0.2.7
[INFO] [stderr]     Checking tokio-fs v0.1.6
[INFO] [stderr]     Checking tokio-process v0.2.4
[INFO] [stderr]     Checking tokio v0.1.22
[INFO] [stderr]     Checking serde_json v1.0.41
[INFO] [stderr]     Checking chrono v0.4.9
[INFO] [stderr]     Checking serde_urlencoded v0.5.5
[INFO] [stderr]     Checking h2 v0.1.26
[INFO] [stderr]     Checking http-body v0.1.0
[INFO] [stderr]    Compiling serde_derive v1.0.101
[INFO] [stderr]     Checking hyper v0.12.35
[INFO] [stderr]     Checking hyper-tls v0.3.2
[INFO] [stderr]     Checking rusoto_credential v0.41.1
[INFO] [stderr]     Checking rusoto_connect v0.41.0
[INFO] [stderr]     Checking rusoto_sqs v0.41.0
[INFO] [stderr]     Checking rusoto_s3 v0.41.0
[INFO] [stderr]     Checking instagras-object-storage v0.1.0 (/opt/rustwide/workdir)
[INFO] [stdout] warning: unused import: `rusoto_s3::S3Client`
[INFO] [stdout]   --> src/main.rs:10:5
[INFO] [stdout]    |
[INFO] [stdout] 10 | use rusoto_s3::S3Client;
[INFO] [stdout]    |     ^^^^^^^^^^^^^^^^^^^
[INFO] [stdout]    |
[INFO] [stdout]    = note: `#[warn(unused_imports)]` on by default
[INFO] [stdout] 
[INFO] [stdout] 
[INFO] [stdout] warning: unused import: `rusoto_s3::S3Client`
[INFO] [stdout]   --> src/main.rs:10:5
[INFO] [stdout]    |
[INFO] [stdout] 10 | use rusoto_s3::S3Client;
[INFO] [stdout]    |     ^^^^^^^^^^^^^^^^^^^
[INFO] [stdout]    |
[INFO] [stdout]    = note: `#[warn(unused_imports)]` on by default
[INFO] [stdout] 
[INFO] [stdout] 
[INFO] [stdout] error[E0308]: mismatched types
[INFO] [stdout]   --> src/main.rs:20:23
[INFO] [stdout]    |
[INFO] [stdout] 20 |         access_token: env::var("S3_ACCESS_KEY"),
[INFO] [stdout]    |                       ^^^^^^^^^^^^^^^^^^^^^^^^^ expected enum `Option`, found enum `Result`
[INFO] [stdout]    |
[INFO] [stdout]    = note: expected enum `Option<String>`
[INFO] [stdout]               found enum `Result<String, VarError>`
[INFO] [stdout] 
[INFO] [stdout] 
[INFO] [stdout] error[E0063]: missing fields `access_token_expiration`, `refresh_token` and `refresh_token_expiration` in initializer of `rusoto_connect::Credentials`
[INFO] [stdout]   --> src/main.rs:19:23
[INFO] [stdout]    |
[INFO] [stdout] 19 |     let credentials = Credentials {
[INFO] [stdout]    |                       ^^^^^^^^^^^ missing `access_token_expiration`, `refresh_token` and `refresh_token_expiration`
[INFO] [stdout] 
[INFO] [stdout] 
[INFO] [stdout] error: aborting due to 2 previous errors; 1 warning emitted
[INFO] [stdout] 
[INFO] [stdout] 
[INFO] [stdout] Some errors have detailed explanations: E0063, E0308.
[INFO] [stdout] 
[INFO] [stdout] For more information about an error, try `rustc --explain E0063`.
[INFO] [stdout] 
[INFO] [stderr] error: could not compile `instagras-object-storage` due to 3 previous errors; 1 warning emitted
[INFO] [stderr] warning: build failed, waiting for other jobs to finish...
[INFO] [stdout] error[E0308]: mismatched types
[INFO] [stdout]   --> src/main.rs:20:23
[INFO] [stdout]    |
[INFO] [stdout] 20 |         access_token: env::var("S3_ACCESS_KEY"),
[INFO] [stdout]    |                       ^^^^^^^^^^^^^^^^^^^^^^^^^ expected enum `Option`, found enum `Result`
[INFO] [stdout]    |
[INFO] [stdout]    = note: expected enum `Option<String>`
[INFO] [stdout]               found enum `Result<String, VarError>`
[INFO] [stdout] 
[INFO] [stdout] 
[INFO] [stdout] error[E0063]: missing fields `access_token_expiration`, `refresh_token` and `refresh_token_expiration` in initializer of `rusoto_connect::Credentials`
[INFO] [stdout]   --> src/main.rs:19:23
[INFO] [stdout]    |
[INFO] [stdout] 19 |     let credentials = Credentials {
[INFO] [stdout]    |                       ^^^^^^^^^^^ missing `access_token_expiration`, `refresh_token` and `refresh_token_expiration`
[INFO] [stdout] 
[INFO] [stdout] 
[INFO] [stdout] error: aborting due to 2 previous errors; 1 warning emitted
[INFO] [stdout] 
[INFO] [stdout] 
[INFO] [stdout] Some errors have detailed explanations: E0063, E0308.
[INFO] [stdout] 
[INFO] [stdout] For more information about an error, try `rustc --explain E0063`.
[INFO] [stdout] 
[INFO] [stderr] error: build failed
[INFO] running `Command { std: "docker" "inspect" "b75b61fd67a32b16c0f39f88b8c91c9db2d0effd2edf44c538fd920d5afa9b92", kill_on_drop: false }`
[INFO] running `Command { std: "docker" "rm" "-f" "b75b61fd67a32b16c0f39f88b8c91c9db2d0effd2edf44c538fd920d5afa9b92", kill_on_drop: false }`
[INFO] [stdout] b75b61fd67a32b16c0f39f88b8c91c9db2d0effd2edf44c538fd920d5afa9b92
